Results for 2.97-sh5-010331 testsuite on sh64-unknown-elf
Alexandre Oliva
aoliva@guarana.lsd.ic.unicamp.br
Tue Apr 10 03:51:00 GMT 2001
Target is sh64-unknown-elf
Host is i686-pc-linux-gnu
=== g++ tests ===
Running target sh64-sim/-m5-compact
=== g++ Summary for sh64-sim/-m5-compact ===
# of expected passes 6173
# of expected failures 96
# of untested testcases 25
Running target sh64-sim/-m5-32media
=== g++ Summary for sh64-sim/-m5-32media ===
# of expected passes 6172
# of expected failures 97
# of untested testcases 25
Running target sh64-sim/-m5-64media
=== g++ Summary for sh64-sim/-m5-64media ===
# of expected passes 6172
# of expected failures 97
# of untested testcases 25
Running target sh64-sim/-m5-compact-nofpu
=== g++ Summary for sh64-sim/-m5-compact-nofpu ===
# of expected passes 6173
# of expected failures 96
# of untested testcases 25
Running target sh64-sim/-m5-32media-nofpu
=== g++ Summary for sh64-sim/-m5-32media-nofpu ===
# of expected passes 6172
# of expected failures 97
# of untested testcases 25
Running target sh64-sim/-m5-64media-nofpu
=== g++ Summary for sh64-sim/-m5-64media-nofpu ===
# of expected passes 6172
# of expected failures 97
# of untested testcases 25
Running target sh64-sim/-ml/-m5-compact
=== g++ Summary for sh64-sim/-ml/-m5-compact ===
# of expected passes 6173
# of expected failures 96
# of untested testcases 25
Running target sh64-sim/-ml/-m5-32media
=== g++ Summary for sh64-sim/-ml/-m5-32media ===
# of expected passes 6172
# of expected failures 97
# of untested testcases 25
Running target sh64-sim/-ml/-m5-64media
=== g++ Summary for sh64-sim/-ml/-m5-64media ===
# of expected passes 6172
# of expected failures 97
# of untested testcases 25
Running target sh64-sim/-ml/-m5-compact-nofpu
=== g++ Summary for sh64-sim/-ml/-m5-compact-nofpu ===
# of expected passes 6173
# of expected failures 96
# of untested testcases 25
Running target sh64-sim/-ml/-m5-32media-nofpu
=== g++ Summary for sh64-sim/-ml/-m5-32media-nofpu ===
# of expected passes 6172
# of expected failures 97
# of untested testcases 25
Running target sh64-sim/-ml/-m5-64media-nofpu
=== g++ Summary for sh64-sim/-ml/-m5-64media-nofpu ===
# of expected passes 6172
# of expected failures 97
# of untested testcases 25
=== g++ Summary ===
# of expected passes 74068
# of expected failures 1160
# of untested testcases 300
gcc version 2.97-sh5-010331
Host is i686-pc-linux-gnu
=== gcc tests ===
Running target sh64-sim/-m5-compact
=== gcc Summary for sh64-sim/-m5-compact ===
# of expected passes 86424
# of expected failures 71
# of unsupported tests 54
Running target sh64-sim/-m5-32media
FAIL: gcc.c-torture/execute/930930-2.c execution, -O3 -fomit-frame-pointer
FAIL: gcc.c-torture/execute/930930-2.c execution, -O3 -g
FAIL: ISO_C/Clause6/3_16/P60396.c execution, -O2 , 1 runtime failure
FAIL: ISO_C/Clause6/3_16/P60396.c execution, -O3 -fomit-frame-pointer , 1 runtime failure
FAIL: ISO_C/Clause6/3_16/P60396.c execution, -O3 -fomit-frame-pointer -funroll-loops , 1 runtime failure
FAIL: ISO_C/Clause6/3_16/P60396.c execution, -O3 -fomit-frame-pointer -funroll-all-loops -finline-functions , 1 runtime failure
FAIL: ISO_C/Clause6/3_16/P60396.c execution, -O3 -g , 1 runtime failure
=== gcc Summary for sh64-sim/-m5-32media ===
# of expected passes 86412
# of unexpected failures 7
# of expected failures 71
# of unsupported tests 54
Running target sh64-sim/-m5-64media
FAIL: gcc.c-torture/compile/20001116-1.c, -O0
FAIL: gcc.c-torture/compile/20001116-1.c, -O1
FAIL: gcc.c-torture/compile/20001116-1.c, -O2
FAIL: gcc.c-torture/compile/20001116-1.c, -O3 -fomit-frame-pointer
FAIL: gcc.c-torture/compile/20001116-1.c, -O3 -g
FAIL: gcc.c-torture/compile/20001116-1.c, -Os
=== gcc Summary for sh64-sim/-m5-64media ===
# of expected passes 86418
# of unexpected failures 6
# of expected failures 71
# of unsupported tests 54
Running target sh64-sim/-m5-compact-nofpu
=== gcc Summary for sh64-sim/-m5-compact-nofpu ===
# of expected passes 86424
# of expected failures 71
# of unsupported tests 54
Running target sh64-sim/-m5-32media-nofpu
FAIL: gcc.c-torture/execute/930930-2.c execution, -O3 -fomit-frame-pointer
FAIL: gcc.c-torture/execute/930930-2.c execution, -O3 -g
=== gcc Summary for sh64-sim/-m5-32media-nofpu ===
# of expected passes 86422
# of unexpected failures 2
# of expected failures 71
# of unsupported tests 54
Running target sh64-sim/-m5-64media-nofpu
FAIL: gcc.c-torture/compile/20001116-1.c, -O0
FAIL: gcc.c-torture/compile/20001116-1.c, -O1
FAIL: gcc.c-torture/compile/20001116-1.c, -O2
FAIL: gcc.c-torture/compile/20001116-1.c, -O3 -fomit-frame-pointer
FAIL: gcc.c-torture/compile/20001116-1.c, -O3 -g
FAIL: gcc.c-torture/compile/20001116-1.c, -Os
=== gcc Summary for sh64-sim/-m5-64media-nofpu ===
# of expected passes 86418
# of unexpected failures 6
# of expected failures 71
# of unsupported tests 54
Running target sh64-sim/-ml/-m5-compact
=== gcc Summary for sh64-sim/-ml/-m5-compact ===
# of expected passes 86424
# of expected failures 71
# of unsupported tests 54
Running target sh64-sim/-ml/-m5-32media
FAIL: ISO_C/Clause6/3_16/P60396.c execution, -O2 , 1 runtime failure
FAIL: ISO_C/Clause6/3_16/P60396.c execution, -O3 -fomit-frame-pointer , 1 runtime failure
FAIL: ISO_C/Clause6/3_16/P60396.c execution, -O3 -fomit-frame-pointer -funroll-loops , 1 runtime failure
FAIL: ISO_C/Clause6/3_16/P60396.c execution, -O3 -fomit-frame-pointer -funroll-all-loops -finline-functions , 1 runtime failure
FAIL: ISO_C/Clause6/3_16/P60396.c execution, -O3 -g , 1 runtime failure
=== gcc Summary for sh64-sim/-ml/-m5-32media ===
# of expected passes 86414
# of unexpected failures 5
# of expected failures 71
# of unsupported tests 54
Running target sh64-sim/-ml/-m5-64media
FAIL: gcc.c-torture/compile/20001116-1.c, -O0
FAIL: gcc.c-torture/compile/20001116-1.c, -O1
FAIL: gcc.c-torture/compile/20001116-1.c, -O2
FAIL: gcc.c-torture/compile/20001116-1.c, -O3 -fomit-frame-pointer
FAIL: gcc.c-torture/compile/20001116-1.c, -O3 -g
FAIL: gcc.c-torture/compile/20001116-1.c, -Os
=== gcc Summary for sh64-sim/-ml/-m5-64media ===
# of expected passes 86418
# of unexpected failures 6
# of expected failures 71
# of unsupported tests 54
Running target sh64-sim/-ml/-m5-compact-nofpu
=== gcc Summary for sh64-sim/-ml/-m5-compact-nofpu ===
# of expected passes 86424
# of expected failures 71
# of unsupported tests 54
Running target sh64-sim/-ml/-m5-32media-nofpu
=== gcc Summary for sh64-sim/-ml/-m5-32media-nofpu ===
# of expected passes 86424
# of expected failures 71
# of unsupported tests 54
Running target sh64-sim/-ml/-m5-64media-nofpu
FAIL: gcc.c-torture/compile/20001116-1.c, -O0
FAIL: gcc.c-torture/compile/20001116-1.c, -O1
FAIL: gcc.c-torture/compile/20001116-1.c, -O2
FAIL: gcc.c-torture/compile/20001116-1.c, -O3 -fomit-frame-pointer
FAIL: gcc.c-torture/compile/20001116-1.c, -O3 -g
FAIL: gcc.c-torture/compile/20001116-1.c, -Os
=== gcc Summary for sh64-sim/-ml/-m5-64media-nofpu ===
# of expected passes 86418
# of unexpected failures 6
# of expected failures 71
# of unsupported tests 54
=== gcc Summary ===
# of expected passes 1037040
# of unexpected failures 38
# of expected failures 852
# of unsupported tests 648
gcc version 2.97-sh5-010331
Compiler version: 2.97-sh5-010331
Platform: sh64-unknown-elf
configure flags: --target=sh64-elf : (reconfigured) : (reconfigured) /home/guarana/aoliva/cygnus/src/devo-sh5/configure --host=i686-pc-linux-gnu --target=sh64-elf : (reconfigured) : (reconfigured) /home/guarana/aoliva/cygnus/src/devo-sh5/configure --target=sh64-elf'
More information about the Gcc-testresults
mailing list