Results for 3.1 20010404 (experimental) testsuite on i686-pc-linux-gnu
Andreas Jaeger
aj@suse.de
Thu Apr 5 00:00:00 GMT 2001
Native configuration is i686-pc-linux-gnu
=== libstdc++ tests ===
Running target unix
FAIL: 21_strings/append.cc (execution test), static
FAIL: 21_strings/ctor_copy_dtor.cc (execution test), static
FAIL: 21_strings/insert.cc (execution test), static
FAIL: 21_strings/insert.cc (execution test), shared
FAIL: 22_locale/ctor_copy_dtor.cc (execution test), static
FAIL: 22_locale/ctor_copy_dtor.cc (execution test), shared
FAIL: 23_containers/map_operators.cc (test for excess errors), static
FAIL: 23_containers/map_operators.cc (test for excess errors), shared
FAIL: 23_containers/set_operators.cc (test for excess errors), static
FAIL: 23_containers/set_operators.cc (test for excess errors), shared
FAIL: 27_io/istream_seeks.cc (execution test), static
FAIL: 27_io/istream_seeks.cc (execution test), shared
=== libstdc++ Summary ===
# of expected passes 398
# of unexpected failures 12
/cvs/gcc/libstdc++-v3 version 20010301
=== gcc tests ===
Running target unix
FAIL: gcc.c-torture/execute/20010114-2.c execution, -O1
FAIL: gcc.c-torture/execute/20010114-2.c execution, -O2
FAIL: gcc.c-torture/execute/20010114-2.c execution, -Os
FAIL: gcc.c-torture/execute/loop-2b.c execution, -O2
FAIL: gcc.dg/20000720-1.c (test for excess errors)
FAIL: gcc.dg/20000724-1.c execution test
=== gcc Summary ===
# of expected passes 15157
# of unexpected failures 6
# of expected failures 93
# of unsupported tests 20
/x86-64/builds/gcc/gcc-3.1-devel/gcc/xgcc version 3.1 20010404 (experimental)
=== g++ tests ===
Running target unix
FAIL: g++.brendan/err-msg3.C (test for excess errors)
FAIL: g++.ext/instantiate1.C not instantiated (test for errors, line 20)
FAIL: g++.law/code-gen5.C (test for excess errors)
FAIL: g++.law/ctors17.C candidate (test for errors, line 14)
FAIL: g++.law/ctors17.C (test for excess errors)
FAIL: g++.law/cvt2.C (test for excess errors)
XPASS: g++.other/crash27.C (test for excess errors)
FAIL: g++.robertl/eb30.C (test for excess errors)
FAIL: g++.robertl/eb33.C (test for excess errors)
=== g++ Summary ===
# of expected passes 6421
# of unexpected failures 8
# of unexpected successes 1
# of expected failures 90
# of untested testcases 9
/x86-64/builds/gcc/gcc-3.1-devel/gcc/testsuite/../g++ version 3.1 20010404 (experimental)
=== g77 tests ===
Running target unix
XPASS: g77.f-torture/compile/20000629-1.f, -O3 -fomit-frame-pointer -funroll-loops
XPASS: g77.f-torture/compile/20000629-1.f, -O3 -fomit-frame-pointer -funroll-all-loops -finline-functions
XPASS: g77.f-torture/execute/short.f execution, -Os
=== g77 Summary ===
# of expected passes 932
# of unexpected successes 3
# of expected failures 6
=== objc tests ===
Running target unix
FAIL: objc/execute/formal_protocol-5.m compilation, -O
FAIL: objc/execute/formal_protocol-6.m compilation, -O
FAIL: objc/execute/protocol.m compilation, -O
=== objc Summary ===
# of expected passes 140
# of unexpected failures 3
# of untested testcases 3
/x86-64/builds/gcc/gcc-3.1-devel/gcc/xgcc version 3.1 20010404 (experimental)
Compiler version: 3.1 20010404 (experimental)
Platform: i686-pc-linux-gnu
configure flags: --host=i686-pc-linux-gnu --prefix=/opt/gcc-3.1-test --enable-shared --enable-threads --with-gnu-as --with-gnu-ld --disable-nls --enable-languages=c,c++,objc,f77
More information about the Gcc-testresults
mailing list