Results for 2.96 20000918 (experimental) testsuite on alphaev6-unknown-linux-gnu
Alexandre Oliva
oliva@tatu.lad.dcc.unicamp.br
Fri Sep 29 22:05:00 GMT 2000
Native configuration is alphaev6-unknown-linux-gnu
=== binutils tests ===
Running target unix
=== binutils Summary ===
# of expected passes 25
# of expected failures 1
=== g++ tests ===
Running target unix
FAIL: g++.eh/badalloc1.C Execution test
FAIL: g++.law/cvt2.C (test for excess errors)
FAIL: g++.law/virtual3.C (test for excess errors)
FAIL: g++.other/crash18.C caused compiler crash
FAIL: g++.other/loop2.C caused compiler crash
FAIL: g++.robertl/eb21.C (test for excess errors)
FAIL: g++.robertl/eb77.C (test for excess errors)
=== g++ Summary ===
# of expected passes 5993
# of unexpected failures 7
# of expected failures 100
# of untested testcases 18
/tmp/egcs/gcc/testsuite/../g++ version 2.96 20000918 (experimental)
=== g77 tests ===
Running target unix
=== g77 Summary ===
# of expected passes 983
=== gas tests ===
Running target unix
FAIL: vtable inherit0
FAIL: vtable entry1
=== gas Summary ===
# of expected passes 62
# of unexpected failures 2
=== gcc tests ===
Running target unix
FAIL: gcc.c-torture/execute/20000801-1.c execution, -O2
FAIL: gcc.c-torture/execute/20000801-1.c execution, -O3 -fomit-frame-pointer
FAIL: gcc.c-torture/execute/20000801-1.c execution, -O3 -fomit-frame-pointer -funroll-loops
FAIL: gcc.c-torture/execute/20000801-1.c execution, -O3 -fomit-frame-pointer -funroll-all-loops -finline-functions
FAIL: gcc.c-torture/execute/20000801-1.c execution, -O3 -g
FAIL: gcc.c-torture/execute/20000801-1.c execution, -Os
FAIL: gcc.c-torture/execute/20000801-2.c execution, -O3 -fomit-frame-pointer -funroll-all-loops -finline-functions
FAIL: gcc.c-torture/execute/20000818-1.c compilation, -O3 -fomit-frame-pointer -funroll-all-loops -finline-functions
FAIL: gcc.c-torture/execute/20000906-1.c compilation, -O0
FAIL: gcc.c-torture/execute/20000906-1.c compilation, -O1
FAIL: gcc.c-torture/execute/20000906-1.c compilation, -O2
FAIL: gcc.c-torture/execute/20000906-1.c compilation, -O3 -fomit-frame-pointer
FAIL: gcc.c-torture/execute/20000906-1.c compilation, -O3 -fomit-frame-pointer -funroll-loops
FAIL: gcc.c-torture/execute/20000906-1.c compilation, -O3 -fomit-frame-pointer -funroll-all-loops -finline-functions
FAIL: gcc.c-torture/execute/20000906-1.c compilation, -O3 -g
FAIL: gcc.c-torture/execute/20000906-1.c compilation, -O3 -fssa
FAIL: gcc.c-torture/execute/20000906-1.c compilation, -Os
FAIL: gcc.c-torture/execute/991216-3.c execution, -O0
FAIL: gcc.c-torture/execute/991216-3.c execution, -O1
FAIL: gcc.c-torture/execute/991216-3.c execution, -O2
FAIL: gcc.c-torture/execute/991216-3.c execution, -O3 -fomit-frame-pointer
FAIL: gcc.c-torture/execute/991216-3.c execution, -O3 -fomit-frame-pointer -funroll-loops
FAIL: gcc.c-torture/execute/991216-3.c execution, -O3 -fomit-frame-pointer -funroll-all-loops -finline-functions
FAIL: gcc.c-torture/execute/991216-3.c execution, -O3 -g
FAIL: gcc.c-torture/execute/991216-3.c execution, -O3 -fssa
FAIL: gcc.c-torture/execute/991216-3.c execution, -Os
FAIL: gcc.c-torture/execute/strct-varg-1.c execution, -O0
FAIL: gcc.c-torture/execute/strct-varg-1.c execution, -O1
FAIL: gcc.c-torture/execute/strct-varg-1.c execution, -O2
FAIL: gcc.c-torture/execute/strct-varg-1.c execution, -O3 -fomit-frame-pointer
FAIL: gcc.c-torture/execute/strct-varg-1.c execution, -O3 -g
FAIL: gcc.c-torture/execute/strct-varg-1.c execution, -O3 -fssa
FAIL: gcc.c-torture/execute/strct-varg-1.c execution, -Os
FAIL: gcc.c-torture/execute/va-arg-15.c execution, -O0
FAIL: gcc.c-torture/execute/va-arg-15.c execution, -O1
FAIL: gcc.c-torture/execute/va-arg-15.c execution, -O2
FAIL: gcc.c-torture/execute/va-arg-15.c execution, -O3 -fomit-frame-pointer
FAIL: gcc.c-torture/execute/va-arg-15.c execution, -O3 -fomit-frame-pointer -funroll-loops
FAIL: gcc.c-torture/execute/va-arg-15.c execution, -O3 -fomit-frame-pointer -funroll-all-loops -finline-functions
FAIL: gcc.c-torture/execute/va-arg-15.c execution, -O3 -g
FAIL: gcc.c-torture/execute/va-arg-15.c execution, -O3 -fssa
FAIL: gcc.c-torture/execute/va-arg-15.c execution, -Os
FAIL: gcc.c-torture/execute/va-arg-16.c execution, -O0
FAIL: gcc.c-torture/execute/va-arg-16.c execution, -O1
FAIL: gcc.c-torture/execute/va-arg-16.c execution, -O2
FAIL: gcc.c-torture/execute/va-arg-16.c execution, -O3 -fomit-frame-pointer
FAIL: gcc.c-torture/execute/va-arg-16.c execution, -O3 -g
FAIL: gcc.c-torture/execute/va-arg-16.c execution, -O3 -fssa
FAIL: gcc.c-torture/execute/va-arg-16.c execution, -Os
FAIL: gcc.c-torture/execute/va-arg-17.c execution, -O0
FAIL: gcc.c-torture/execute/va-arg-17.c execution, -O1
FAIL: gcc.c-torture/execute/va-arg-17.c execution, -O2
FAIL: gcc.c-torture/execute/va-arg-17.c execution, -O3 -fomit-frame-pointer
FAIL: gcc.c-torture/execute/va-arg-17.c execution, -O3 -g
FAIL: gcc.c-torture/execute/va-arg-17.c execution, -O3 -fssa
FAIL: gcc.c-torture/execute/va-arg-17.c execution, -Os
FAIL: gcc.c-torture/execute/va-arg-19.c execution, -O0
FAIL: gcc.c-torture/execute/va-arg-19.c execution, -O1
FAIL: gcc.c-torture/execute/va-arg-19.c execution, -O2
FAIL: gcc.c-torture/execute/va-arg-19.c execution, -O3 -fomit-frame-pointer
FAIL: gcc.c-torture/execute/va-arg-19.c execution, -O3 -g
FAIL: gcc.c-torture/execute/va-arg-19.c execution, -O3 -fssa
FAIL: gcc.c-torture/execute/va-arg-19.c execution, -Os
FAIL: gcc.c-torture/execute/va-arg-3.c execution, -O0
FAIL: gcc.c-torture/execute/va-arg-3.c execution, -O1
FAIL: gcc.c-torture/execute/va-arg-3.c execution, -O2
FAIL: gcc.c-torture/execute/va-arg-3.c execution, -O3 -fomit-frame-pointer
FAIL: gcc.c-torture/execute/va-arg-3.c execution, -O3 -fomit-frame-pointer -funroll-loops
FAIL: gcc.c-torture/execute/va-arg-3.c execution, -O3 -fomit-frame-pointer -funroll-all-loops -finline-functions
FAIL: gcc.c-torture/execute/va-arg-3.c execution, -O3 -g
FAIL: gcc.c-torture/execute/va-arg-3.c execution, -O3 -fssa
FAIL: gcc.c-torture/execute/va-arg-3.c execution, -Os
FAIL: gcc.c-torture/execute/va-arg-7.c execution, -O0
FAIL: gcc.c-torture/execute/va-arg-7.c execution, -O1
FAIL: gcc.c-torture/execute/va-arg-7.c execution, -O2
FAIL: gcc.c-torture/execute/va-arg-7.c execution, -O3 -fomit-frame-pointer
FAIL: gcc.c-torture/execute/va-arg-7.c execution, -O3 -g
FAIL: gcc.c-torture/execute/va-arg-7.c execution, -O3 -fssa
FAIL: gcc.c-torture/execute/va-arg-7.c execution, -Os
FAIL: gcc.c-torture/execute/va-arg-8.c execution, -O0
FAIL: gcc.c-torture/execute/va-arg-8.c execution, -O1
FAIL: gcc.c-torture/execute/va-arg-8.c execution, -O2
FAIL: gcc.c-torture/execute/va-arg-8.c execution, -O3 -fomit-frame-pointer
FAIL: gcc.c-torture/execute/va-arg-8.c execution, -O3 -g
FAIL: gcc.c-torture/execute/va-arg-8.c execution, -O3 -fssa
FAIL: gcc.c-torture/execute/va-arg-8.c execution, -Os
FAIL: gcc.c-torture/execute/ieee/20000320-1.c execution, -O0
FAIL: gcc.c-torture/execute/ieee/20000320-1.c execution, -O1
FAIL: gcc.c-torture/execute/ieee/20000320-1.c execution, -O2
FAIL: gcc.c-torture/execute/ieee/20000320-1.c execution, -O3 -fomit-frame-pointer
FAIL: gcc.c-torture/execute/ieee/20000320-1.c execution, -O3 -g
FAIL: gcc.c-torture/execute/ieee/20000320-1.c execution, -O3 -fssa
FAIL: gcc.c-torture/execute/ieee/20000320-1.c execution, -Os
FAIL: gcc.c-torture/execute/ieee/fp-cmp-2.c execution, -O0
FAIL: gcc.c-torture/execute/ieee/fp-cmp-2.c execution, -O1
FAIL: gcc.c-torture/execute/ieee/fp-cmp-2.c execution, -O2
FAIL: gcc.c-torture/execute/ieee/fp-cmp-2.c execution, -O3 -fomit-frame-pointer
FAIL: gcc.c-torture/execute/ieee/fp-cmp-2.c execution, -O3 -fomit-frame-pointer -funroll-loops
FAIL: gcc.c-torture/execute/ieee/fp-cmp-2.c execution, -O3 -fomit-frame-pointer -funroll-all-loops -finline-functions
FAIL: gcc.c-torture/execute/ieee/fp-cmp-2.c execution, -O3 -g
FAIL: gcc.c-torture/execute/ieee/fp-cmp-2.c execution, -O3 -fssa
FAIL: gcc.c-torture/execute/ieee/fp-cmp-2.c execution, -Os
FAIL: gcc.c-torture/execute/ieee/fp-cmp-4.c execution, -O0
FAIL: gcc.c-torture/execute/ieee/fp-cmp-4.c execution, -O1
FAIL: gcc.c-torture/execute/ieee/fp-cmp-4.c execution, -O2
FAIL: gcc.c-torture/execute/ieee/fp-cmp-4.c execution, -O3 -fomit-frame-pointer
FAIL: gcc.c-torture/execute/ieee/fp-cmp-4.c execution, -O3 -fomit-frame-pointer -funroll-loops
FAIL: gcc.c-torture/execute/ieee/fp-cmp-4.c execution, -O3 -fomit-frame-pointer -funroll-all-loops -finline-functions
FAIL: gcc.c-torture/execute/ieee/fp-cmp-4.c execution, -O3 -g
FAIL: gcc.c-torture/execute/ieee/fp-cmp-4.c execution, -O3 -fssa
FAIL: gcc.c-torture/execute/ieee/fp-cmp-4.c execution, -Os
FAIL: gcc.c-torture/execute/ieee/hugeval.c execution, -O0
FAIL: gcc.c-torture/execute/ieee/mzero2.c execution, -O0
FAIL: gcc.c-torture/execute/ieee/mzero2.c execution, -O1
FAIL: gcc.c-torture/execute/ieee/mzero2.c execution, -O2
FAIL: gcc.c-torture/execute/ieee/mzero2.c execution, -O3 -fomit-frame-pointer
FAIL: gcc.c-torture/execute/ieee/mzero2.c execution, -O3 -g
FAIL: gcc.c-torture/execute/ieee/mzero2.c execution, -O3 -fssa
FAIL: gcc.c-torture/execute/ieee/mzero2.c execution, -Os
XPASS: gcc.c-torture/execute/memcheck/blkarg.c execution, -O0
XPASS: gcc.c-torture/execute/memcheck/blkarg.c execution, -O1
XPASS: gcc.c-torture/execute/memcheck/blkarg.c execution, -O2
XPASS: gcc.c-torture/execute/memcheck/blkarg.c execution, -Os
FAIL: gcc.dg/c99-array-nonobj-1.c func [] arg (test for errors, line 26)
FAIL: gcc.dg/c99-array-nonobj-1.c (test for excess errors)
FAIL: gcc.dg/compare2.c case 10 (test for bogus messages, line 29)
FAIL: gcc.dg/noreturn-1.c this function should not get any warnings (test for bogus messages, line 52)
FAIL: gcc.dg/noreturn-1.c detect return from tail call (test for warnings, line 59)
FAIL: gcc.dg/unused-3.c unused variable warning (test for warnings, line 8)
=== gcc Summary ===
# of expected passes 13838
# of unexpected failures 125
# of unexpected successes 4
# of expected failures 73
# of unresolved testcases 10
# of unsupported tests 43
/tmp/egcs/gcc/xgcc version 2.96 20000918 (experimental)
=== ld tests ===
Running target unix
FAIL: selective3
=== ld Summary ===
# of expected passes 44
# of unexpected failures 1
# of expected failures 2
# of unresolved testcases 1
=== libg++ tests ===
Running target unix
FAIL: tBag.cc compilation
FAIL: tBitSet.cc compilation
FAIL: tBitString.cc compilation
FAIL: tDeque.cc compilation
FAIL: tFile.cc compilation
FAIL: tFix.cc compilation
FAIL: tFix16.cc compilation
FAIL: tFix24.cc compilation
FAIL: tGetOpt.cc compilation
FAIL: tInteger.cc compilation
FAIL: tLList.cc compilation
FAIL: tList.cc compilation
FAIL: tMap.cc compilation
FAIL: tObstack.cc compilation
FAIL: tPQ.cc compilation
FAIL: tPlex.cc compilation
FAIL: tQueue.cc compilation
FAIL: tRandom.cc compilation
FAIL: tRational.cc compilation
FAIL: tSet.cc compilation
FAIL: tStack.cc compilation
FAIL: tString.cc compilation
FAIL: tVec.cc compilation
FAIL: tiLList.cc compilation
=== libg++ Summary ===
# of unexpected failures 24
# of expected failures 48
=== libio tests ===
Running target unix
FAIL: tFile.cc compilation
FAIL: tFile.cc compilation -b0
FAIL: tFile.cc compilation -b3
FAIL: tiomisc.cc compilation
=== libio Summary ===
# of expected passes 28
# of unexpected failures 4
# of expected failures 8
=== libjava tests ===
Running target unix
FAIL: G19990217_01 compilation from source
FAIL: G19990217_01 compilation from bytecode
FAIL: G19990217_01 -O compilation from bytecode
FAIL: BlankFinal byte compilation
FAIL: BlankFinal -O compilation from source
FAIL: BlankFinal byte compilation
FAIL: Case compilation from source
FAIL: Case byte compilation
FAIL: Case -O compilation from source
FAIL: Case byte compilation
FAIL: G19990210_1 compilation from source
FAIL: G19990210_1 compilation from bytecode
FAIL: G19990210_1 -O compilation from bytecode
FAIL: G19990210_2 compilation from bytecode
FAIL: G19990210_2 -O compilation from bytecode
FAIL: G19990210_3 compilation from bytecode
FAIL: G19990210_3 -O compilation from bytecode
FAIL: OperatorBenchmark compilation from bytecode
FAIL: OperatorBenchmark -O compilation from bytecode
FAIL: G19990217_02 compilation from bytecode
FAIL: G19990217_02 -O compilation from bytecode
FAIL: G19990225_01 compilation from bytecode
FAIL: G19990225_01 -O compilation from bytecode
XPASS: MethodFailure4 compilation from source
FAIL: N19990310_01 compilation from source
FAIL: N19990310_01 compilation from bytecode
FAIL: N19990310_01 -O compilation from bytecode
FAIL: N19990317 compilation from bytecode
FAIL: N19990317 -O compilation from bytecode
FAIL: assignment compilation from bytecode
FAIL: assignment -O compilation from bytecode
XPASS: PR124 compilation from source
FAIL: PR129_B compilation from source
FAIL: PR129_B byte compilation
FAIL: PR129_B -O compilation from source
FAIL: PR129_B byte compilation
FAIL: PR206 compilation from source
FAIL: PR206 byte compilation
FAIL: PR206 -O compilation from source
FAIL: PR206 byte compilation
FAIL: PR207 compilation from source
FAIL: PR207 byte compilation
FAIL: PR207 -O compilation from source
FAIL: PR207 byte compilation
FAIL: PR208 compilation from source
FAIL: PR208 compilation from bytecode
FAIL: PR208 -O compilation from bytecode
FAIL: PR209 compilation from bytecode
FAIL: PR209 -O compilation from bytecode
XPASS: PR224 compilation from source
FAIL: PR232 compilation from source
FAIL: PR232 compilation from bytecode
FAIL: PR232 -O compilation from bytecode
FAIL: PR232B compilation from bytecode
FAIL: PR232B -O compilation from bytecode
FAIL: PR234 compilation from bytecode
FAIL: PR234 -O compilation from bytecode
FAIL: PR235 compilation from bytecode
FAIL: PR235 -O compilation from bytecode
FAIL: PR238 compilation from bytecode
FAIL: PR238 -O compilation from bytecode
FAIL: Semi compilation from bytecode
FAIL: Semi -O compilation from bytecode
FAIL: Statics compilation from bytecode
FAIL: Statics -O compilation from bytecode
FAIL: Twice compilation from bytecode
FAIL: Twice -O compilation from bytecode
FAIL: Where byte compilation
FAIL: Where byte compilation
FAIL: assignment_2 compilation from source
FAIL: assignment_2 compilation from bytecode
FAIL: assignment_2 -O compilation from bytecode
XPASS: block compilation from source
FAIL: comment compilation from source
FAIL: comment compilation from bytecode
FAIL: comment -O compilation from bytecode
FAIL: euc_comment1 -O compilation from source
FAIL: euc_comment2 compilation from source
FAIL: euc_comment2 compilation from bytecode
FAIL: euc_comment2 -O compilation from bytecode
FAIL: euc_comment3 compilation from bytecode
FAIL: euc_comment3 -O compilation from bytecode
FAIL: iface compilation from bytecode
FAIL: iface -O compilation from bytecode
FAIL: inner_1 compilation from bytecode
FAIL: inner_1 -O compilation from bytecode
FAIL: inner_data compilation from bytecode
FAIL: inner_data -O compilation from bytecode
FAIL: inner_inherit compilation from bytecode
FAIL: inner_inherit -O compilation from bytecode
FAIL: inner_priv compilation from bytecode
FAIL: inner_priv -O compilation from bytecode
FAIL: inner_pub compilation from bytecode
FAIL: inner_pub -O compilation from bytecode
FAIL: not_a_redef compilation from bytecode
FAIL: not_a_redef -O compilation from bytecode
FAIL: perc compilation from bytecode
FAIL: perc -O compilation from bytecode
FAIL: plusplus compilation from bytecode
FAIL: plusplus -O compilation from bytecode
FAIL: pr172 compilation from bytecode
FAIL: pr172 -O compilation from bytecode
FAIL: pr174 compilation from bytecode
FAIL: pr174 -O compilation from bytecode
FAIL: pr176 compilation from bytecode
FAIL: pr176 -O compilation from bytecode
XPASS: redef1 compilation from source
FAIL: redef1 byte compilation
FAIL: redef1 byte compilation
FAIL: redef2 byte compilation
FAIL: redef2 byte compilation
FAIL: redef4 byte compilation
FAIL: redef4 byte compilation
FAIL: redef5 byte compilation
FAIL: redef5 byte compilation
FAIL: redef6 byte compilation
FAIL: redef6 byte compilation
FAIL: sjis_comment1 compilation from source
FAIL: sjis_comment1 -O compilation from source
FAIL: sjis_comment2 compilation from source
FAIL: sjis_comment2 compilation from bytecode
FAIL: sjis_comment2 -O compilation from bytecode
FAIL: sjis_comment3 compilation from bytecode
FAIL: sjis_comment3 -O compilation from bytecode
XPASS: static_1 compilation from source
FAIL: static_2 compilation from source
FAIL: static_2 compilation from bytecode
FAIL: static_2 -O compilation from bytecode
FAIL: static_3 compilation from bytecode
FAIL: static_3 -O compilation from bytecode
XPASS: static_init compilation from source
FAIL: static_inner compilation from source
FAIL: static_inner compilation from bytecode
FAIL: static_inner -O compilation from bytecode
FAIL: static_init2 compilation from bytecode
FAIL: static_init2 -O compilation from bytecode
FAIL: PR295 -O compilation from source
FAIL: abstr compilation from source
FAIL: abstr compilation from bytecode
FAIL: abstr -O compilation from bytecode
FAIL: Array_1 compilation from bytecode
FAIL: Array_1 -O compilation from source
FAIL: Array_1 -O compilation from bytecode
FAIL: Array_2 compilation from source
FAIL: Array_2 compilation from bytecode
FAIL: Array_2 -O compilation from source
FAIL: Array_2 -O compilation from bytecode
FAIL: Class_1 compilation from source
FAIL: Class_1 byte compilation
FAIL: Class_1 -O compilation from source
FAIL: Class_1 byte compilation
FAIL: Divide_1 compilation from source
FAIL: Divide_1 compilation from bytecode
FAIL: Divide_1 -O compilation from source
FAIL: Divide_1 -O compilation from bytecode
FAIL: Final compilation from source
FAIL: Final compilation from bytecode
FAIL: Final -O compilation from source
FAIL: Final -O compilation from bytecode
FAIL: Float_1 compilation from source
FAIL: Float_1 compilation from bytecode
FAIL: Float_1 -O compilation from source
FAIL: Float_1 -O compilation from bytecode
FAIL: G19990301_01 compilation from source
FAIL: G19990301_01 compilation from bytecode
FAIL: G19990301_01 -O compilation from source
FAIL: G19990301_01 -O compilation from bytecode
FAIL: G19990302_02 compilation from source
FAIL: G19990302_02 compilation from bytecode
FAIL: G19990302_02 -O compilation from source
FAIL: G19990302_02 -O compilation from bytecode
FAIL: G19990303_01 compilation from source
FAIL: G19990303_01 compilation from bytecode
FAIL: G19990303_01 -O compilation from source
FAIL: G19990303_01 -O compilation from bytecode
FAIL: G19990303_02 compilation from source
FAIL: G19990303_02 compilation from bytecode
FAIL: G19990303_02 -O compilation from source
FAIL: G19990303_02 -O compilation from bytecode
FAIL: G19990304_01 compilation from source
FAIL: G19990304_01 compilation from bytecode
FAIL: G19990304_01 -O compilation from source
FAIL: G19990304_01 -O compilation from bytecode
FAIL: G19990310_01 compilation from source
FAIL: G19990310_01 compilation from bytecode
FAIL: G19990310_01 -O compilation from source
FAIL: G19990310_01 -O compilation from bytecode
FAIL: PR55 compilation from source
FAIL: PR55 compilation from bytecode
FAIL: PR55 -O compilation from source
FAIL: PR55 -O compilation from bytecode
FAIL: InterfaceDispatch compilation from source
FAIL: InterfaceDispatch compilation from bytecode
FAIL: InterfaceDispatch -O compilation from source
FAIL: InterfaceDispatch -O compilation from bytecode
FAIL: Invoke_1 compilation from source
FAIL: Invoke_1 compilation from bytecode
FAIL: Invoke_1 -O compilation from source
FAIL: Invoke_1 -O compilation from bytecode
FAIL: Invoke_2 compilation from source
FAIL: Invoke_2 compilation from bytecode
FAIL: Invoke_2 -O compilation from source
FAIL: Invoke_2 -O compilation from bytecode
FAIL: N19990310_02 compilation from source
FAIL: N19990310_02 compilation from bytecode
FAIL: N19990310_02 -O compilation from source
FAIL: N19990310_02 -O compilation from bytecode
FAIL: N19990310_3 compilation from source
FAIL: N19990310_3 compilation from bytecode
FAIL: N19990310_3 -O compilation from source
FAIL: N19990310_3 -O compilation from bytecode
FAIL: N19990310_4 compilation from source
FAIL: N19990310_4 compilation from bytecode
FAIL: N19990310_4 -O compilation from source
FAIL: N19990310_4 -O compilation from bytecode
FAIL: N19990310_5 compilation from source
FAIL: N19990310_5 compilation from bytecode
FAIL: N19990310_5 -O compilation from source
FAIL: N19990310_5 -O compilation from bytecode
FAIL: PR141 compilation from source
FAIL: PR141 compilation from bytecode
FAIL: PR141 -O compilation from source
FAIL: PR141 -O compilation from bytecode
FAIL: PR160 compilation from source
FAIL: PR160 compilation from bytecode
FAIL: PR160 -O compilation from source
FAIL: PR160 -O compilation from bytecode
FAIL: PR162 compilation from source
FAIL: PR162 compilation from bytecode
FAIL: PR162 -O compilation from source
FAIL: PR162 -O compilation from bytecode
FAIL: PR218 compilation from source
FAIL: PR218 compilation from bytecode
FAIL: PR218 -O compilation from source
FAIL: PR218 -O compilation from bytecode
FAIL: PR242 compilation from source
FAIL: PR242 compilation from bytecode
FAIL: PR242 -O compilation from source
FAIL: PR242 -O compilation from bytecode
FAIL: PR56 compilation from source
FAIL: PR56 compilation from bytecode
FAIL: PR56 -O compilation from source
FAIL: PR56 -O compilation from bytecode
FAIL: Primes compilation from source
FAIL: Primes compilation from bytecode
FAIL: Primes -O compilation from source
FAIL: Primes -O compilation from bytecode
FAIL: Shazam compilation from source
FAIL: Shazam compilation from bytecode
FAIL: Shazam -O compilation from source
FAIL: Shazam -O compilation from bytecode
FAIL: StringBuffer_1 compilation from source
FAIL: StringBuffer_1 byte compilation
FAIL: StringBuffer_1 -O compilation from source
FAIL: StringBuffer_1 byte compilation
FAIL: Synch compilation from source
FAIL: Synch compilation from bytecode
FAIL: Synch -O compilation from source
FAIL: Synch -O compilation from bytecode
FAIL: Thread_1 compilation from source
FAIL: Thread_1 compilation from bytecode
FAIL: Thread_1 -O compilation from source
FAIL: Thread_1 -O compilation from bytecode
FAIL: Thread_Alive compilation from source
FAIL: Thread_Alive compilation from bytecode
FAIL: Thread_Alive -O compilation from source
FAIL: Thread_Alive -O compilation from bytecode
FAIL: Thread_Interrupt compilation from source
FAIL: Thread_Interrupt compilation from bytecode
FAIL: Thread_Interrupt -O compilation from source
FAIL: Thread_Interrupt -O compilation from bytecode
FAIL: Thread_Join compilation from source
FAIL: Thread_Join compilation from bytecode
FAIL: Thread_Join -O compilation from source
FAIL: Thread_Join -O compilation from bytecode
FAIL: Thread_Monitor compilation from source
FAIL: Thread_Monitor compilation from bytecode
FAIL: Thread_Monitor -O compilation from source
FAIL: Thread_Monitor -O compilation from bytecode
FAIL: Thread_Sleep compilation from source
FAIL: Thread_Sleep compilation from bytecode
FAIL: Thread_Sleep -O compilation from source
FAIL: Thread_Sleep -O compilation from bytecode
FAIL: Thread_Wait compilation from source
FAIL: Thread_Wait compilation from bytecode
FAIL: Thread_Wait -O compilation from source
FAIL: Thread_Wait -O compilation from bytecode
FAIL: Thread_Wait_2 compilation from source
FAIL: Thread_Wait_2 compilation from bytecode
FAIL: Thread_Wait_2 -O compilation from source
FAIL: Thread_Wait_2 -O compilation from bytecode
FAIL: anfi compilation from source
FAIL: anfi compilation from bytecode
FAIL: anfi -O compilation from source
FAIL: anfi -O compilation from bytecode
FAIL: Thread_Wait_Interrupt compilation from source
FAIL: Thread_Wait_Interrupt compilation from bytecode
FAIL: Thread_Wait_Interrupt -O compilation from source
FAIL: Thread_Wait_Interrupt -O compilation from bytecode
FAIL: Throw_1 compilation from source
FAIL: Throw_1 compilation from bytecode
FAIL: Throw_1 -O compilation from source
FAIL: Throw_1 -O compilation from bytecode
FAIL: anon compilation from source
FAIL: anon compilation from bytecode
FAIL: anon -O compilation from source
FAIL: anon -O compilation from bytecode
FAIL: anon2 compilation from source
FAIL: anon2 compilation from bytecode
FAIL: anon2 -O compilation from source
FAIL: anon2 -O compilation from bytecode
FAIL: anon3 compilation from source
FAIL: anon3 compilation from bytecode
FAIL: anon3 -O compilation from source
FAIL: anon3 -O compilation from bytecode
FAIL: anon4 compilation from source
FAIL: anon4 compilation from bytecode
FAIL: anon4 -O compilation from source
FAIL: anon4 -O compilation from bytecode
FAIL: anonarray compilation from source
FAIL: anonarray compilation from bytecode
FAIL: anonarray -O compilation from source
FAIL: anonarray -O compilation from bytecode
FAIL: anonarray2 compilation from source
FAIL: anonarray2 compilation from bytecode
FAIL: anonarray2 -O compilation from source
FAIL: anonarray2 -O compilation from bytecode
FAIL: anonarray3 compilation from source
FAIL: anonarray3 compilation from bytecode
FAIL: anonarray3 -O compilation from source
FAIL: anonarray3 -O compilation from bytecode
FAIL: direct_read compilation from source
FAIL: direct_read compilation from bytecode
FAIL: direct_read -O compilation from source
FAIL: direct_read -O compilation from bytecode
FAIL: direct_write compilation from source
FAIL: direct_write compilation from bytecode
FAIL: direct_write -O compilation from source
FAIL: direct_write -O compilation from bytecode
FAIL: err1 compilation from source
FAIL: err1 compilation from bytecode
FAIL: err1 -O compilation from source
FAIL: err1 -O compilation from bytecode
FAIL: err10 compilation from source
FAIL: err10 compilation from bytecode
FAIL: err10 -O compilation from source
FAIL: err10 -O compilation from bytecode
FAIL: err11 compilation from source
FAIL: err11 compilation from bytecode
FAIL: err11 -O compilation from source
FAIL: err11 -O compilation from bytecode
FAIL: err12 compilation from source
FAIL: err12 compilation from bytecode
FAIL: err12 -O compilation from source
FAIL: err12 -O compilation from bytecode
FAIL: err13 compilation from source
FAIL: err13 compilation from bytecode
FAIL: err13 -O compilation from source
FAIL: err13 -O compilation from bytecode
FAIL: err2 compilation from source
FAIL: err2 compilation from bytecode
FAIL: err2 -O compilation from source
FAIL: err2 -O compilation from bytecode
FAIL: err3 compilation from source
FAIL: err3 compilation from bytecode
FAIL: err3 -O compilation from source
FAIL: err3 -O compilation from bytecode
FAIL: err4 compilation from source
FAIL: err4 compilation from bytecode
FAIL: err4 -O compilation from source
FAIL: err4 -O compilation from bytecode
FAIL: err5 compilation from source
FAIL: err5 compilation from bytecode
FAIL: err5 -O compilation from source
FAIL: err5 -O compilation from bytecode
FAIL: err6 compilation from source
FAIL: err6 compilation from bytecode
FAIL: err6 -O compilation from source
FAIL: err6 -O compilation from bytecode
FAIL: err7 compilation from source
FAIL: err7 compilation from bytecode
FAIL: err7 -O compilation from source
FAIL: err7 -O compilation from bytecode
FAIL: err8 compilation from source
FAIL: err8 compilation from bytecode
FAIL: err8 -O compilation from source
FAIL: err8 -O compilation from bytecode
FAIL: err9 compilation from source
FAIL: err9 compilation from bytecode
FAIL: err9 -O compilation from source
FAIL: err9 -O compilation from bytecode
FAIL: final_inner compilation from source
FAIL: final_inner compilation from bytecode
FAIL: final_inner -O compilation from source
FAIL: final_inner -O compilation from bytecode
FAIL: final_int compilation from source
FAIL: final_int compilation from bytecode
FAIL: final_int -O compilation from source
FAIL: final_int -O compilation from bytecode
FAIL: indirect compilation from source
FAIL: indirect compilation from bytecode
FAIL: indirect -O compilation from source
FAIL: indirect -O compilation from bytecode
FAIL: final_static_and_friend compilation from source
FAIL: final_static_and_friend compilation from bytecode
FAIL: final_static_and_friend -O compilation from source
FAIL: final_static_and_friend -O compilation from bytecode
FAIL: indirect_read compilation from source
FAIL: indirect_read compilation from bytecode
FAIL: indirect_read -O compilation from source
FAIL: indirect_read -O compilation from bytecode
FAIL: indirect_write compilation from source
FAIL: indirect_write compilation from bytecode
FAIL: indirect_write -O compilation from source
FAIL: indirect_write -O compilation from bytecode
FAIL: inner1 compilation from source
FAIL: inner1 compilation from bytecode
FAIL: inner1 -O compilation from source
FAIL: inner1 -O compilation from bytecode
FAIL: inner2 compilation from source
FAIL: inner2 compilation from bytecode
FAIL: inner2 -O compilation from source
FAIL: inner2 -O compilation from bytecode
FAIL: inner3 compilation from source
FAIL: inner3 compilation from bytecode
FAIL: inner3 -O compilation from source
FAIL: inner3 -O compilation from bytecode
FAIL: inner4 compilation from source
FAIL: inner4 compilation from bytecode
FAIL: inner4 -O compilation from source
FAIL: inner4 -O compilation from bytecode
FAIL: inner_array compilation from source
FAIL: inner_array compilation from bytecode
FAIL: inner_array -O compilation from source
FAIL: inner_array -O compilation from bytecode
FAIL: inner_interface compilation from source
FAIL: inner_interface compilation from bytecode
FAIL: inner_interface -O compilation from source
FAIL: inner_interface -O compilation from bytecode
FAIL: instance compilation from source
FAIL: instance compilation from bytecode
FAIL: instance -O compilation from source
FAIL: instance -O compilation from bytecode
FAIL: instinit compilation from source
FAIL: instinit byte compilation
FAIL: instinit -O compilation from source
FAIL: instinit byte compilation
FAIL: instinit2 compilation from source
FAIL: instinit2 compilation from bytecode
FAIL: instinit2 -O compilation from source
FAIL: instinit2 -O compilation from bytecode
FAIL: klass compilation from source
FAIL: klass compilation from bytecode
FAIL: klass -O compilation from source
FAIL: klass -O compilation from bytecode
FAIL: multiple_finit compilation from source
FAIL: multiple_finit compilation from bytecode
FAIL: multiple_finit -O compilation from source
FAIL: multiple_finit -O compilation from bytecode
FAIL: nested_with_ctor compilation from source
FAIL: nested_with_ctor compilation from bytecode
FAIL: nested_with_ctor -O compilation from source
FAIL: nested_with_ctor -O compilation from bytecode
FAIL: pr109 compilation from source
FAIL: pr109 compilation from bytecode
FAIL: pr109 -O compilation from source
FAIL: pr109 -O compilation from bytecode
FAIL: pr133 compilation from source
FAIL: pr133 compilation from bytecode
FAIL: pr133 -O compilation from source
FAIL: pr133 -O compilation from bytecode
FAIL: pr179 compilation from source
FAIL: pr179 compilation from bytecode
FAIL: pr179 -O compilation from source
FAIL: pr179 -O compilation from bytecode
FAIL: pr184 compilation from source
FAIL: pr184 compilation from bytecode
FAIL: pr184 -O compilation from source
FAIL: pr184 -O compilation from bytecode
FAIL: pr83 compilation from source
FAIL: pr83 compilation from bytecode
FAIL: pr83 -O compilation from source
FAIL: pr83 -O compilation from bytecode
FAIL: private_direct_read compilation from source
FAIL: private_direct_read compilation from bytecode
FAIL: private_direct_read -O compilation from source
FAIL: private_direct_read -O compilation from bytecode
FAIL: stub compilation from source
FAIL: stub compilation from bytecode
FAIL: stub -O compilation from source
FAIL: stub -O compilation from bytecode
FAIL: search_outer compilation from source
FAIL: search_outer compilation from bytecode
FAIL: search_outer -O compilation from source
FAIL: search_outer -O compilation from bytecode
FAIL: stringconst compilation from source
FAIL: stringconst compilation from bytecode
FAIL: stringconst -O compilation from source
FAIL: stringconst -O compilation from bytecode
FAIL: test_long compilation from source
FAIL: test_long compilation from bytecode
FAIL: test_long -O compilation from source
FAIL: test_long -O compilation from bytecode
FAIL: tmi compilation from source
FAIL: tmi compilation from bytecode
FAIL: tmi -O compilation from source
FAIL: tmi -O compilation from bytecode
FAIL: tp compilation from source
FAIL: tp compilation from bytecode
FAIL: tp -O compilation from source
FAIL: tp -O compilation from bytecode
FAIL: update_outer compilation from source
FAIL: update_outer compilation from bytecode
FAIL: update_outer -O compilation from source
FAIL: update_outer -O compilation from bytecode
FAIL: PR260 compilation from source
FAIL: PR260 compilation from bytecode
FAIL: PR260 -O compilation from source
FAIL: PR260 -O compilation from bytecode
FAIL: stringconst2 compilation from source
FAIL: stringconst2 compilation from bytecode
FAIL: stringconst2 -O compilation from source
FAIL: stringconst2 -O compilation from bytecode
=== libjava Summary ===
# of expected passes 329
# of unexpected failures 516
# of unexpected successes 7
# of expected failures 876
=== libstdc++ tests ===
Running target unix
=== libstdc++ Summary ===
# of expected passes 30
=== objc tests ===
Running target unix
=== objc Summary ===
# of expected passes 44
/tmp/egcs/gcc/xgcc version 2.96 20000918 (experimental)
Compiler version: 2.96 20000918 (experimental)
Platform: alphaev6-unknown-linux-gnu
BOOT_CFLAGS: -g -O9 -W -Wall
Counting all warnings,
there are 990 warnings in stage3 of this bootstrap.
Number of warnings per file:
247 /home/lsd/oliva/src/egcs/gcc/cp/error.c
118 /home/lsd/oliva/src/egcs/gcc/cp/method.c
78 /home/lsd/oliva/src/egcs/gcc/cp/mangle.c
74 /home/lsd/oliva/src/egcs/gcc/objc/objc-act.c
57 /home/lsd/oliva/src/egcs/gcc/gcc.c
35 /home/lsd/oliva/src/egcs/gcc/java/verify.c
34 /home/lsd/oliva/src/egcs/gcc/java/parse.y
30 /home/lsd/oliva/src/egcs/gcc/java/class.c
26 /home/lsd/oliva/src/egcs/gcc/varasm.c
25 /home/lsd/oliva/src/egcs/gcc/ch/lex.c
22 /home/lsd/oliva/src/egcs/gcc/f/target.c
21 /home/lsd/oliva/src/egcs/gcc/java/lex.c
19 /home/lsd/oliva/src/egcs/gcc/cp/spew.c
16 /home/lsd/oliva/src/egcs/gcc/tree.c
15 /home/lsd/oliva/src/egcs/gcc/tlink.c
15 /home/lsd/oliva/src/egcs/gcc/genattrtab.c
13 /home/lsd/oliva/src/egcs/gcc/cp/pt.c
9 /home/lsd/oliva/src/egcs/gcc/reload.c
9 /home/lsd/oliva/src/egcs/gcc/collect2.c
8 /home/lsd/oliva/src/egcs/gcc/sdbout.c
8 /home/lsd/oliva/src/egcs/gcc/java/typeck.c
7 /home/lsd/oliva/src/egcs/gcc/loop.c
7 /home/lsd/oliva/src/egcs/gcc/diagnostic.c
7 /home/lsd/oliva/src/egcs/gcc/cp/repo.c
6 /home/lsd/oliva/src/egcs/gcc/java/mangle.c
6 /home/lsd/oliva/src/egcs/gcc/f/expr.c
6 /home/lsd/oliva/src/egcs/gcc/combine.c
5 /home/lsd/oliva/src/egcs/gcc/stmt.c
5 /home/lsd/oliva/src/egcs/gcc/rtl.c
5 /home/lsd/oliva/src/egcs/gcc/cse.c
4 /home/lsd/oliva/src/egcs/gcc/libgcc2.c
4 /home/lsd/oliva/src/egcs/gcc/gcse.c
3 /n/gnu/bison-1.28/share/bison.simple
3 /home/lsd/oliva/src/egcs/gcc/reload1.c
3 /home/lsd/oliva/src/egcs/gcc/java/jcf-parse.c
3 /home/lsd/oliva/src/egcs/gcc/final.c
3 /home/lsd/oliva/src/egcs/gcc/cpplib.c
3 /home/lsd/oliva/src/egcs/gcc/cpplex.c
3 /home/lsd/oliva/src/egcs/gcc/cp/search.c
3 /home/lsd/oliva/src/egcs/gcc/config/alpha/alpha.c
2 /home/lsd/oliva/src/egcs/gcc/java/jcf-write.c
2 /home/lsd/oliva/src/egcs/gcc/java/jcf-reader.c
2 /home/lsd/oliva/src/egcs/gcc/genflags.c
2 /home/lsd/oliva/src/egcs/gcc/expr.c
1 cxxmain.c
1 /home/lsd/oliva/src/egcs/gcc/tradcpp.c
1 /home/lsd/oliva/src/egcs/gcc/simplify-rtx.c
1 /home/lsd/oliva/src/egcs/gcc/regclass.c
1 /home/lsd/oliva/src/egcs/gcc/print-rtl.c
1 /home/lsd/oliva/src/egcs/gcc/java/jvspec.c
1 /home/lsd/oliva/src/egcs/gcc/java/jvgenmain.c
1 /home/lsd/oliva/src/egcs/gcc/hash.c
1 /home/lsd/oliva/src/egcs/gcc/fold-const.c
1 /home/lsd/oliva/src/egcs/gcc/f/lang-specs.h
1 /home/lsd/oliva/src/egcs/gcc/errors.c
1 /home/lsd/oliva/src/egcs/gcc/cpphash.c
1 /home/lsd/oliva/src/egcs/gcc/cppexp.c
1 /home/lsd/oliva/src/egcs/gcc/cp/errfn.c
1 /home/lsd/oliva/src/egcs/gcc/conflict.c
1 /home/lsd/oliva/src/egcs/gcc/c-lex.c
1 /home/lsd/oliva/src/egcs/gcc/bitmap.c
Number of warning types:
918 value computed is not used
12 signed and unsigned type in conditional expression
11 comparison between signed and unsigned
11 `???' might be used uninitialized in this function
6 initialization discards qualifiers from pointer target type
6 assignment discards qualifiers from pointer target type
6 `noreturn' function does return
4 function declaration isn't a prototype
3 traditional C rejects the 'u' suffix
3 string length `???' is greater than the minimum length `???' ISO C89 is required to support
2 no previous prototype for `???'
2 `???' defined but not used
1 unused parameter `???'
1 traditional C rejects string concatenation
1 pointer targets in passing arg ??? of `???' differ in signedness
1 overflow in implicit constant conversion
1 function macro strcmp must be used with arguments in traditional C
1 `long' switch expression not converted to `int' in ISO C
More information about the Gcc-testresults
mailing list