Results for 2.96 20000918 (experimental) testsuite on mips-sgi-irix5.2

Alexandre Oliva oliva@ic.unicamp.br
Fri Sep 29 12:48:00 GMT 2000


Native configuration is mips-sgi-irix5.2

		=== binutils tests ===


Running target unix

		=== binutils Summary ===

# of expected passes		22
# of untested testcases		4
		=== g++ tests ===


Running target unix
FAIL: g++.ext/attrib5.C (test for excess errors)
FAIL: g++.ext/instantiate1.C not instantiated (test for errors, line 18)
FAIL: g++.ext/instantiate1.C not instantiated (test for errors, line 20)
FAIL: g++.ext/instantiate2.C not instantiated (test for errors, line 16)
FAIL: g++.ext/instantiate3.C not instantiated (test for errors, line 13)
FAIL: g++.other/incomplete.C caused compiler crash
FAIL: g++.other/loop2.C caused compiler crash
FAIL: g++.other/new3.C  Execution test
FAIL: g++.other/vaarg1.C (test for excess errors)
FAIL: g++.pt/crash9.C caused compiler crash
FAIL: g++.pt/static3.C (test for excess errors)
FAIL: g++.pt/static6.C (test for excess errors)
FAIL: g++.pt/static8.C (test for excess errors)

		=== g++ Summary ===

# of expected passes		5982
# of unexpected failures	13
# of expected failures		102
# of untested testcases		18
/tmp_mnt/n/test/test/build-area/mips-sgi-irix5.2/egcs/gcc/testsuite/../g++ version 2.96 20000918 (experimental)

		=== g77 tests ===


Running target unix
FAIL: g77.f-torture/execute/short.f execution,  -Os 

		=== g77 Summary ===

# of expected passes		982
# of unexpected failures	1
		=== gas tests ===


Running target unix
FAIL: MIPS la-svr4pic
FAIL: MIPS la-xgot
FAIL: mips16
FAIL: assembly line numbers
FAIL: sync instructions
FAIL: ELF e_flags: nothing special
FAIL: ELF e_flags: -m4650
FAIL: ELF e_flags: -mcpu=4650
FAIL: ELF e_flags: -m4650 -mcpu=4650
FAIL: MIPS ELF reloc
FAIL: MIPS ELF reloc 2 (32-bit)
FAIL: MIPS empic
FAIL: MIPS16 reloc

		=== gas Summary ===

# of expected passes		104
# of unexpected failures	13
# of expected failures		1
		=== gcc tests ===


Running target unix
FAIL: gcc.c-torture/compile/950612-1.c,  -O0  
FAIL: gcc.c-torture/execute/20000225-1.c execution,  -O2 
FAIL: gcc.c-torture/execute/20000225-1.c execution,  -O3 -fomit-frame-pointer 
FAIL: gcc.c-torture/execute/20000225-1.c execution,  -O3 -fomit-frame-pointer -funroll-loops 
FAIL: gcc.c-torture/execute/20000225-1.c execution,  -O3 -fomit-frame-pointer -funroll-all-loops -finline-functions 
FAIL: gcc.c-torture/execute/20000225-1.c execution,  -O3 -g 
FAIL: gcc.c-torture/execute/20000225-1.c execution,  -O3 -fssa 
FAIL: gcc.c-torture/execute/20000225-1.c execution,  -Os 
FAIL: gcc.c-torture/execute/20000412-3.c execution,  -O0 
FAIL: gcc.c-torture/execute/20000731-2.c execution,  -O3 -fomit-frame-pointer -funroll-all-loops -finline-functions 
FAIL: gcc.c-torture/execute/20000801-1.c execution,  -O2 
FAIL: gcc.c-torture/execute/20000801-1.c execution,  -O3 -fomit-frame-pointer 
FAIL: gcc.c-torture/execute/20000801-1.c execution,  -O3 -fomit-frame-pointer -funroll-loops 
FAIL: gcc.c-torture/execute/20000801-1.c execution,  -O3 -fomit-frame-pointer -funroll-all-loops -finline-functions 
FAIL: gcc.c-torture/execute/20000801-1.c execution,  -O3 -g 
FAIL: gcc.c-torture/execute/20000801-1.c execution,  -Os 
FAIL: gcc.c-torture/execute/20000801-2.c execution,  -O3 -fomit-frame-pointer -funroll-all-loops -finline-functions 
FAIL: gcc.c-torture/execute/950607-2.c compilation,  -O0 
FAIL: gcc.c-torture/execute/950704-1.c compilation,  -O0 
FAIL: gcc.c-torture/execute/960416-1.c execution,  -O3 -fssa 
FAIL: gcc.c-torture/execute/tstdi-1.c compilation,  -O0 
FAIL: gcc.c-torture/execute/ieee/fp-cmp-4.c compilation,  -O0 
FAIL: gcc.c-torture/execute/ieee/fp-cmp-4.c compilation,  -O1 
FAIL: gcc.c-torture/execute/ieee/fp-cmp-4.c compilation,  -O2 
FAIL: gcc.c-torture/execute/ieee/fp-cmp-4.c compilation,  -O3 -fomit-frame-pointer 
FAIL: gcc.c-torture/execute/ieee/fp-cmp-4.c compilation,  -O3 -fomit-frame-pointer -funroll-loops 
FAIL: gcc.c-torture/execute/ieee/fp-cmp-4.c compilation,  -O3 -fomit-frame-pointer -funroll-all-loops -finline-functions 
FAIL: gcc.c-torture/execute/ieee/fp-cmp-4.c compilation,  -O3 -g 
FAIL: gcc.c-torture/execute/ieee/fp-cmp-4.c compilation,  -O3 -fssa 
FAIL: gcc.c-torture/execute/ieee/fp-cmp-4.c compilation,  -Os 
XPASS: gcc.c-torture/execute/memcheck/blkarg.c execution,  -O0 
XPASS: gcc.c-torture/execute/memcheck/blkarg.c execution,  -O1 
XPASS: gcc.c-torture/execute/memcheck/blkarg.c execution,  -O2 
XPASS: gcc.c-torture/execute/memcheck/blkarg.c execution,  -Os 
FAIL: gcc.c-torture/unsorted/cc.c,  -O0  
FAIL: gcc.dg/20000419-2.c (test for excess errors)
FAIL: gcc.dg/c99-array-nonobj-1.c func [] arg (test for errors, line 26)
FAIL: gcc.dg/c99-array-nonobj-1.c (test for excess errors)
FAIL: gcc.dg/compare2.c case 10 (test for bogus messages, line 29)
FAIL: gcc.dg/format-va-1.c wrong type in format warning (test for bogus messages, line 11)
FAIL: gcc.dg/format-va-1.c format error (test for warnings, line 11)
FAIL: gcc.dg/unused-3.c unused variable warning (test for warnings, line 8)
FAIL: gcc.dg/special/weak-1.c (test for excess errors)
FAIL: gcc.dg/special/weak-1.c execution test
FAIL: gcc.dg/special/weak-2.c (test for excess errors)
FAIL: gcc.dg/special/weak-2.c execution test
FAIL: alias-1.c
FAIL: wkali-1.c
FAIL: wkali-2a.o

		=== gcc Summary ===

# of expected passes		13915
# of unexpected failures	45
# of unexpected successes	4
# of expected failures		68
# of unresolved testcases	12
# of unsupported tests		46
/tmp_mnt/n/test/test/build-area/mips-sgi-irix5.2/egcs/gcc/xgcc version 2.96 20000918 (experimental)

		=== libg++ tests ===


Running target unix
FAIL: tBitString.cc compilation
FAIL: tFix.cc compilation
FAIL: tInteger.cc compilation
FAIL: tRational.cc compilation
FAIL: tString.cc compilation

		=== libg++ Summary ===

# of expected passes		57
# of unexpected failures	5
# of expected failures		10
		=== libio tests ===


Running target unix

		=== libio Summary ===

# of expected passes		40
		=== libstdc++ tests ===


Running target unix
FAIL: tstring.cc -O compilation

		=== libstdc++ Summary ===

# of expected passes		27
# of unexpected failures	1
# of expected failures		2
		=== objc tests ===


Running target unix

		=== objc Summary ===

# of expected passes		44
/tmp_mnt/n/test/test/build-area/mips-sgi-irix5.2/egcs/gcc/xgcc version 2.96 20000918 (experimental)


Compiler version: 2.96 20000918 (experimental) 
Platform: mips-sgi-irix5.2

BOOT_CFLAGS: -g -O9 -W -Wall

Counting all warnings,
there are 1064 warnings in stage3 of this bootstrap.

Number of warnings per file:
    247	/home/lsd/oliva/src/egcs/gcc/cp/error.c
    117	/home/lsd/oliva/src/egcs/gcc/cp/method.c
     78	/home/lsd/oliva/src/egcs/gcc/cp/mangle.c
     74	/home/lsd/oliva/src/egcs/gcc/objc/objc-act.c
     58	/home/lsd/oliva/src/egcs/gcc/gcc.c
     43	/home/lsd/oliva/src/egcs/include/getopt.h
     35	/home/lsd/oliva/src/egcs/gcc/java/verify.c
     34	/home/lsd/oliva/src/egcs/gcc/java/parse.y
     32	/home/lsd/oliva/src/egcs/gcc/combine.c
     30	/home/lsd/oliva/src/egcs/gcc/java/class.c
     26	/home/lsd/oliva/src/egcs/gcc/varasm.c
     25	/home/lsd/oliva/src/egcs/gcc/ch/lex.c
     21	/home/lsd/oliva/src/egcs/gcc/java/lex.c
     18	/home/lsd/oliva/src/egcs/gcc/cp/spew.c
     16	/home/lsd/oliva/src/egcs/gcc/tree.c
     15	/home/lsd/oliva/src/egcs/gcc/tlink.c
     15	/home/lsd/oliva/src/egcs/gcc/genattrtab.c
     15	/home/lsd/oliva/src/egcs/gcc/expr.c
     13	/home/lsd/oliva/src/egcs/gcc/cp/pt.c
     11	/home/lsd/oliva/src/egcs/gcc/cse.c
     10	/home/lsd/oliva/src/egcs/gcc/config/mips/mips.md
      9	/home/lsd/oliva/src/egcs/gcc/config/mips/mips.c
      8	/home/lsd/oliva/src/egcs/gcc/sdbout.c
      8	/home/lsd/oliva/src/egcs/gcc/java/typeck.c
      8	/home/lsd/oliva/src/egcs/gcc/collect2.c
      7	/home/lsd/oliva/src/egcs/gcc/stmt.c
      7	/home/lsd/oliva/src/egcs/gcc/loop.c
      7	/home/lsd/oliva/src/egcs/gcc/cp/repo.c
      6	/home/lsd/oliva/src/egcs/gcc/reorg.c
      6	/home/lsd/oliva/src/egcs/gcc/java/mangle.c
      6	/home/lsd/oliva/src/egcs/gcc/diagnostic.c
      4	/home/lsd/oliva/src/egcs/gcc/rtl.c
      4	/home/lsd/oliva/src/egcs/gcc/reload1.c
      4	/home/lsd/oliva/src/egcs/gcc/gcse.c
      3	/n/gnu/bison-1.28/share/bison.simple
      3	/home/lsd/oliva/src/egcs/gcc/java/jcf-parse.c
      3	/home/lsd/oliva/src/egcs/gcc/final.c
      3	/home/lsd/oliva/src/egcs/gcc/cpplib.c
      3	/home/lsd/oliva/src/egcs/gcc/cpplex.c
      3	/home/lsd/oliva/src/egcs/gcc/cp/search.c
      2	/home/lsd/oliva/src/egcs/gcc/reload.c
      2	/home/lsd/oliva/src/egcs/gcc/libgcc2.c
      2	/home/lsd/oliva/src/egcs/gcc/java/jcf-reader.c
      2	/home/lsd/oliva/src/egcs/gcc/genflags.c
      2	/home/lsd/oliva/src/egcs/gcc/function.c
      2	/home/lsd/oliva/src/egcs/gcc/fold-const.c
      2	/home/lsd/oliva/src/egcs/gcc/alias.c
      1	make[3]
      1	/home/lsd/oliva/src/egcs/gcc/simplify-rtx.c
      1	/home/lsd/oliva/src/egcs/gcc/recog.c
      1	/home/lsd/oliva/src/egcs/gcc/print-rtl.c
      1	/home/lsd/oliva/src/egcs/gcc/local-alloc.c
      1	/home/lsd/oliva/src/egcs/gcc/java/jvspec.c
      1	/home/lsd/oliva/src/egcs/gcc/java/jvgenmain.c
      1	/home/lsd/oliva/src/egcs/gcc/java/jcf-write.c
      1	/home/lsd/oliva/src/egcs/gcc/hash.c
      1	/home/lsd/oliva/src/egcs/gcc/f/lang-specs.h
      1	/home/lsd/oliva/src/egcs/gcc/expmed.c
      1	/home/lsd/oliva/src/egcs/gcc/cpphash.c
      1	/home/lsd/oliva/src/egcs/gcc/cp/errfn.c
      1	/home/lsd/oliva/src/egcs/gcc/conflict.c
      1	/home/lsd/oliva/src/egcs/gcc/bitmap.c

Number of warning types:
    895	value computed is not used
     53	comparison between signed and unsigned
     46	function declaration isn't a prototype
     18	signed and unsigned type in conditional expression
     12	`???' might be used uninitialized in this function
      6	operand 1 missing mode?
      6	initialization discards qualifiers from pointer target type
      6	assignment discards qualifiers from pointer target type
      5	string length `???' is greater than the minimum length `???' ISO C89 is required to support
      4	operand 0 missing mode?
      4	array subscript has type `char'
      2	unused parameter `???'
      2	traditional C rejects the 'u' suffix
      2	`???' defined but not used
      1	pointer targets in passing arg ??? of `???' differ in signedness
      1	alignment of `???' is greater than maximum object file alignment. Using 8.
      1	 Clock skew detected.  Your build may be incomplete.
Alexandre Oliva   Enjoy Guarana', see http://www.ic.unicamp.br/~oliva/
Red Hat GCC Developer                  aoliva@{cygnus.com, redhat.com}
CS PhD student at IC-Unicamp        oliva@{lsd.ic.unicamp.br, gnu.org}
Free Software Evangelist    *Please* write to mailing lists, not to me


More information about the Gcc-testresults mailing list