Results for 2.96 20000918 (experimental) testsuite on sparc-sun-solaris2.7
Alexandre Oliva
oliva@ic.unicamp.br
Thu Sep 28 16:38:00 GMT 2000
Native configuration is sparc-sun-solaris2.7
=== binutils tests ===
Running target unix
=== binutils Summary ===
# of expected passes 26
=== g++ tests ===
Running target unix
FAIL: g++.ext/instantiate1.C not instantiated (test for errors, line 18)
FAIL: g++.ext/instantiate1.C not instantiated (test for errors, line 20)
FAIL: g++.other/loop2.C caused compiler crash
=== g++ Summary ===
# of expected passes 6005
# of unexpected failures 3
# of expected failures 95
# of untested testcases 16
/tmp/egcs/gcc/testsuite/../g++ version 2.96 20000918 (experimental)
=== g77 tests ===
Running target unix
=== g77 Summary ===
# of expected passes 983
=== gas tests ===
Running target unix
=== gas Summary ===
# of expected passes 81
=== gcc tests ===
Running target unix
FAIL: gcc.c-torture/compile/20000606-1.c, -O0
FAIL: gcc.c-torture/compile/20000606-1.c, -O1
FAIL: gcc.c-torture/compile/20000606-1.c, -O2
FAIL: gcc.c-torture/compile/20000606-1.c, -O3 -fomit-frame-pointer
FAIL: gcc.c-torture/compile/20000606-1.c, -O3 -g
FAIL: gcc.c-torture/compile/20000606-1.c, -O3 -fssa
FAIL: gcc.c-torture/compile/20000606-1.c, -Os
FAIL: gcc.c-torture/execute/20000225-1.c execution, -O2
FAIL: gcc.c-torture/execute/20000225-1.c execution, -O3 -fomit-frame-pointer
FAIL: gcc.c-torture/execute/20000225-1.c execution, -O3 -fomit-frame-pointer -funroll-loops
FAIL: gcc.c-torture/execute/20000225-1.c execution, -O3 -fomit-frame-pointer -funroll-all-loops -finline-functions
FAIL: gcc.c-torture/execute/20000225-1.c execution, -O3 -g
FAIL: gcc.c-torture/execute/20000225-1.c execution, -O3 -fssa
FAIL: gcc.c-torture/execute/20000225-1.c execution, -Os
FAIL: gcc.c-torture/execute/20000731-2.c execution, -O3 -fomit-frame-pointer -funroll-all-loops -finline-functions
FAIL: gcc.c-torture/execute/20000801-1.c execution, -O2
FAIL: gcc.c-torture/execute/20000801-1.c execution, -O3 -fomit-frame-pointer
FAIL: gcc.c-torture/execute/20000801-1.c execution, -O3 -fomit-frame-pointer -funroll-loops
FAIL: gcc.c-torture/execute/20000801-1.c execution, -O3 -fomit-frame-pointer -funroll-all-loops -finline-functions
FAIL: gcc.c-torture/execute/20000801-1.c execution, -O3 -g
FAIL: gcc.c-torture/execute/20000801-1.c execution, -Os
FAIL: gcc.c-torture/execute/20000801-2.c execution, -O3 -fomit-frame-pointer -funroll-all-loops -finline-functions
FAIL: gcc.c-torture/execute/930622-2.c execution, -O0
FAIL: gcc.c-torture/execute/930622-2.c execution, -O1
FAIL: gcc.c-torture/execute/930622-2.c execution, -O2
FAIL: gcc.c-torture/execute/930622-2.c execution, -O3 -fomit-frame-pointer
FAIL: gcc.c-torture/execute/930622-2.c execution, -O3 -g
FAIL: gcc.c-torture/execute/930622-2.c execution, -O3 -fssa
FAIL: gcc.c-torture/execute/930622-2.c execution, -Os
FAIL: gcc.c-torture/execute/960215-1.c execution, -O1
FAIL: gcc.c-torture/execute/960513-1.c execution, -O1
FAIL: gcc.c-torture/execute/991216-3.c execution, -O0
FAIL: gcc.c-torture/execute/991216-3.c execution, -O1
FAIL: gcc.c-torture/execute/991216-3.c execution, -O2
FAIL: gcc.c-torture/execute/991216-3.c execution, -O3 -fomit-frame-pointer
FAIL: gcc.c-torture/execute/991216-3.c execution, -O3 -fomit-frame-pointer -funroll-loops
FAIL: gcc.c-torture/execute/991216-3.c execution, -O3 -fomit-frame-pointer -funroll-all-loops -finline-functions
FAIL: gcc.c-torture/execute/991216-3.c execution, -O3 -g
FAIL: gcc.c-torture/execute/991216-3.c execution, -O3 -fssa
FAIL: gcc.c-torture/execute/991216-3.c execution, -Os
FAIL: gcc.c-torture/execute/regstack-1.c execution, -O1
FAIL: gcc.c-torture/execute/strct-varg-1.c execution, -O0
FAIL: gcc.c-torture/execute/strct-varg-1.c execution, -O1
FAIL: gcc.c-torture/execute/strct-varg-1.c execution, -O2
FAIL: gcc.c-torture/execute/strct-varg-1.c execution, -O3 -fomit-frame-pointer
FAIL: gcc.c-torture/execute/strct-varg-1.c execution, -O3 -g
FAIL: gcc.c-torture/execute/strct-varg-1.c execution, -O3 -fssa
FAIL: gcc.c-torture/execute/strct-varg-1.c execution, -Os
FAIL: gcc.c-torture/execute/va-arg-12.c execution, -O1
FAIL: gcc.c-torture/execute/va-arg-12.c execution, -O2
FAIL: gcc.c-torture/execute/va-arg-12.c execution, -O3 -fomit-frame-pointer
FAIL: gcc.c-torture/execute/va-arg-12.c execution, -O3 -g
FAIL: gcc.c-torture/execute/va-arg-12.c execution, -O3 -fssa
FAIL: gcc.c-torture/execute/va-arg-12.c execution, -Os
FAIL: gcc.c-torture/execute/va-arg-15.c execution, -O0
FAIL: gcc.c-torture/execute/va-arg-15.c execution, -O1
FAIL: gcc.c-torture/execute/va-arg-15.c execution, -O2
FAIL: gcc.c-torture/execute/va-arg-15.c execution, -O3 -fomit-frame-pointer
FAIL: gcc.c-torture/execute/va-arg-15.c execution, -O3 -fomit-frame-pointer -funroll-loops
FAIL: gcc.c-torture/execute/va-arg-15.c execution, -O3 -fomit-frame-pointer -funroll-all-loops -finline-functions
FAIL: gcc.c-torture/execute/va-arg-15.c execution, -O3 -g
FAIL: gcc.c-torture/execute/va-arg-15.c execution, -O3 -fssa
FAIL: gcc.c-torture/execute/va-arg-15.c execution, -Os
FAIL: gcc.c-torture/execute/va-arg-16.c execution, -O0
FAIL: gcc.c-torture/execute/va-arg-16.c execution, -O1
FAIL: gcc.c-torture/execute/va-arg-16.c execution, -O2
FAIL: gcc.c-torture/execute/va-arg-16.c execution, -O3 -fomit-frame-pointer
FAIL: gcc.c-torture/execute/va-arg-16.c execution, -O3 -g
FAIL: gcc.c-torture/execute/va-arg-16.c execution, -O3 -fssa
FAIL: gcc.c-torture/execute/va-arg-16.c execution, -Os
FAIL: gcc.c-torture/execute/va-arg-17.c execution, -O0
FAIL: gcc.c-torture/execute/va-arg-17.c execution, -O1
FAIL: gcc.c-torture/execute/va-arg-17.c execution, -O2
FAIL: gcc.c-torture/execute/va-arg-17.c execution, -O3 -fomit-frame-pointer
FAIL: gcc.c-torture/execute/va-arg-17.c execution, -O3 -g
FAIL: gcc.c-torture/execute/va-arg-17.c execution, -O3 -fssa
FAIL: gcc.c-torture/execute/va-arg-17.c execution, -Os
FAIL: gcc.c-torture/execute/va-arg-19.c execution, -O0
FAIL: gcc.c-torture/execute/va-arg-19.c execution, -O1
FAIL: gcc.c-torture/execute/va-arg-19.c execution, -O2
FAIL: gcc.c-torture/execute/va-arg-19.c execution, -O3 -fomit-frame-pointer
FAIL: gcc.c-torture/execute/va-arg-19.c execution, -O3 -g
FAIL: gcc.c-torture/execute/va-arg-19.c execution, -O3 -fssa
FAIL: gcc.c-torture/execute/va-arg-19.c execution, -Os
FAIL: gcc.c-torture/execute/va-arg-20.c execution, -O1
FAIL: gcc.c-torture/execute/va-arg-20.c execution, -O2
FAIL: gcc.c-torture/execute/va-arg-20.c execution, -O3 -fomit-frame-pointer
FAIL: gcc.c-torture/execute/va-arg-20.c execution, -O3 -g
FAIL: gcc.c-torture/execute/va-arg-20.c execution, -O3 -fssa
FAIL: gcc.c-torture/execute/va-arg-20.c execution, -Os
FAIL: gcc.c-torture/execute/va-arg-3.c execution, -O0
FAIL: gcc.c-torture/execute/va-arg-3.c execution, -O1
FAIL: gcc.c-torture/execute/va-arg-3.c execution, -O2
FAIL: gcc.c-torture/execute/va-arg-3.c execution, -O3 -fomit-frame-pointer
FAIL: gcc.c-torture/execute/va-arg-3.c execution, -O3 -fomit-frame-pointer -funroll-loops
FAIL: gcc.c-torture/execute/va-arg-3.c execution, -O3 -fomit-frame-pointer -funroll-all-loops -finline-functions
FAIL: gcc.c-torture/execute/va-arg-3.c execution, -O3 -g
FAIL: gcc.c-torture/execute/va-arg-3.c execution, -O3 -fssa
FAIL: gcc.c-torture/execute/va-arg-3.c execution, -Os
FAIL: gcc.c-torture/execute/va-arg-7.c execution, -O0
FAIL: gcc.c-torture/execute/va-arg-7.c execution, -O1
FAIL: gcc.c-torture/execute/va-arg-7.c execution, -O2
FAIL: gcc.c-torture/execute/va-arg-7.c execution, -O3 -fomit-frame-pointer
FAIL: gcc.c-torture/execute/va-arg-7.c execution, -O3 -g
FAIL: gcc.c-torture/execute/va-arg-7.c execution, -O3 -fssa
FAIL: gcc.c-torture/execute/va-arg-7.c execution, -Os
FAIL: gcc.c-torture/execute/va-arg-8.c execution, -O0
FAIL: gcc.c-torture/execute/va-arg-8.c execution, -O1
FAIL: gcc.c-torture/execute/va-arg-8.c execution, -O2
FAIL: gcc.c-torture/execute/va-arg-8.c execution, -O3 -fomit-frame-pointer
FAIL: gcc.c-torture/execute/va-arg-8.c execution, -O3 -g
FAIL: gcc.c-torture/execute/va-arg-8.c execution, -O3 -fssa
FAIL: gcc.c-torture/execute/va-arg-8.c execution, -Os
FAIL: gcc.dg/cpp/if-2.c wide charconst recognition (test for bogus messages, line 9)
FAIL: gcc.dg/c99-array-nonobj-1.c func [] arg (test for errors, line 26)
FAIL: gcc.dg/c99-array-nonobj-1.c (test for excess errors)
FAIL: gcc.dg/compare2.c case 10 (test for bogus messages, line 29)
FAIL: gcc.dg/format-va-1.c wrong type in format warning (test for bogus messages, line 11)
FAIL: gcc.dg/format-va-1.c format error (test for warnings, line 11)
FAIL: gcc.dg/noreturn-1.c this function should not get any warnings (test for bogus messages, line 52)
FAIL: gcc.dg/noreturn-1.c detect return from tail call (test for warnings, line 59)
FAIL: gcc.dg/noreturn-2.c noreturn does return (test for bogus messages, line 12)
FAIL: gcc.dg/return-type-2.c warning for falling off end of non-void function (test for bogus messages, line 24)
FAIL: gcc.dg/return-type-2.c warning for falling off end of non-void function (test for bogus messages, line 42)
FAIL: gcc.dg/unused-3.c unused variable warning (test for warnings, line 8)
=== gcc Summary ===
# of expected passes 13851
# of unexpected failures 125
# of expected failures 72
# of unsupported tests 44
/tmp/egcs/gcc/xgcc version 2.96 20000918 (experimental)
=== ld tests ===
Running target unix
FAIL: shared (non PIC, load offset)
=== ld Summary ===
# of expected passes 53
# of unexpected failures 1
=== libg++ tests ===
Running target unix
FAIL: tBitString.cc compilation
FAIL: tFix.cc compilation
FAIL: tInteger.cc compilation
FAIL: tRational.cc compilation
FAIL: tString.cc compilation
=== libg++ Summary ===
# of expected passes 57
# of unexpected failures 5
# of expected failures 10
=== libio tests ===
Running target unix
FAIL: tFile.cc execution
FAIL: tFile.cc execution -b0
FAIL: tFile.cc execution -b3
FAIL: tfformat.c execution
=== libio Summary ===
# of expected passes 33
# of unexpected failures 4
# of expected failures 4
=== libstdc++ tests ===
Running target unix
=== libstdc++ Summary ===
# of expected passes 30
=== objc tests ===
Running target unix
FAIL: objc/execute/bf-1.m compilation, -O
FAIL: objc/execute/bf-10.m compilation, -O
FAIL: objc/execute/bf-11.m compilation, -O
FAIL: objc/execute/bf-12.m compilation, -O
FAIL: objc/execute/bf-13.m compilation, -O
FAIL: objc/execute/bf-14.m compilation, -O
FAIL: objc/execute/bf-15.m compilation, -O
FAIL: objc/execute/bf-16.m compilation, -O
FAIL: objc/execute/bf-17.m compilation, -O
FAIL: objc/execute/bf-18.m compilation, -O
FAIL: objc/execute/bf-19.m compilation, -O
FAIL: objc/execute/bf-2.m compilation, -O
FAIL: objc/execute/bf-20.m compilation, -O
FAIL: objc/execute/bf-3.m compilation, -O
FAIL: objc/execute/bf-4.m compilation, -O
FAIL: objc/execute/bf-5.m compilation, -O
FAIL: objc/execute/bf-6.m compilation, -O
FAIL: objc/execute/bf-7.m compilation, -O
FAIL: objc/execute/bf-8.m compilation, -O
FAIL: objc/execute/bf-9.m compilation, -O
FAIL: objc/execute/string1.m compilation, -O
FAIL: objc/execute/string2.m compilation, -O
=== objc Summary ===
# of unexpected failures 22
# of untested testcases 22
/tmp/egcs/gcc/xgcc version 2.96 20000918 (experimental)
Compiler version: 2.96 20000918 (experimental)
Platform: sparc-sun-solaris2.7
BOOT_CFLAGS: -g -O9 -W -Wall
Counting all warnings,
there are 1109 warnings in stage3 of this bootstrap.
Number of warnings per file:
247 /home/phd/oliva/src/egcs/gcc/cp/error.c
117 /home/phd/oliva/src/egcs/gcc/cp/method.c
78 /home/phd/oliva/src/egcs/gcc/cp/mangle.c
75 /home/phd/oliva/src/egcs/gcc/objc/objc-act.c
67 /home/phd/oliva/src/egcs/gcc/gcc.c
35 /home/phd/oliva/src/egcs/gcc/java/verify.c
34 /home/phd/oliva/src/egcs/gcc/java/parse.y
32 /home/phd/oliva/src/egcs/gcc/combine.c
30 /home/phd/oliva/src/egcs/gcc/java/class.c
27 /home/phd/oliva/src/egcs/gcc/varasm.c
25 /home/phd/oliva/src/egcs/gcc/ch/lex.c
22 /home/phd/oliva/src/egcs/gcc/libgcc2.c
21 /home/phd/oliva/src/egcs/gcc/java/lex.c
19 /home/phd/oliva/src/egcs/gcc/tree.c
18 /home/phd/oliva/src/egcs/gcc/cp/spew.c
16 /home/phd/oliva/src/egcs/gcc/expr.c
15 /home/phd/oliva/src/egcs/gcc/tlink.c
15 /home/phd/oliva/src/egcs/gcc/genattrtab.c
13 /home/phd/oliva/src/egcs/gcc/cp/pt.c
12 /home/phd/oliva/src/egcs/gcc/diagnostic.c
11 /home/phd/oliva/src/egcs/gcc/cse.c
10 /home/phd/oliva/src/egcs/gcc/collect2.c
9 /home/phd/oliva/src/egcs/gcc/dwarf2out.c
8 /home/phd/oliva/src/egcs/gcc/java/typeck.c
7 /home/phd/oliva/src/egcs/gcc/reorg.c
7 /home/phd/oliva/src/egcs/gcc/loop.c
7 /home/phd/oliva/src/egcs/gcc/cp/repo.c
6 /home/phd/oliva/src/egcs/gcc/java/mangle.c
5 /home/phd/oliva/src/egcs/gcc/stmt.c
5 /home/phd/oliva/src/egcs/gcc/rtl.c
5 /home/phd/oliva/src/egcs/gcc/reload1.c
5 /home/phd/oliva/src/egcs/gcc/config/sparc/sparc.c
4 cxxmain.c
4 /home/phd/oliva/src/egcs/gcc/jump.c
4 /home/phd/oliva/src/egcs/gcc/java/jcf-parse.c
4 /home/phd/oliva/src/egcs/gcc/gcse.c
4 /home/phd/oliva/src/egcs/gcc/fold-const.c
4 /home/phd/oliva/src/egcs/gcc/final.c
4 /home/phd/oliva/src/egcs/gcc/calls.c
3 insn-attrtab.c
3 /n/gnu/bison-1.28/share/bison.simple
3 /home/phd/oliva/src/egcs/gcc/toplev.c
3 /home/phd/oliva/src/egcs/gcc/java/jv-scan.c
3 /home/phd/oliva/src/egcs/gcc/function.c
3 /home/phd/oliva/src/egcs/gcc/cpplib.c
3 /home/phd/oliva/src/egcs/gcc/cpplex.c
3 /home/phd/oliva/src/egcs/gcc/cp/search.c
2 /home/phd/oliva/src/egcs/gcc/tradcpp.c
2 /home/phd/oliva/src/egcs/gcc/reload.c
2 /home/phd/oliva/src/egcs/gcc/java/jvgenmain.c
2 /home/phd/oliva/src/egcs/gcc/java/jcf-reader.c
2 /home/phd/oliva/src/egcs/gcc/java/jcf-dump.c
2 /home/phd/oliva/src/egcs/gcc/java/gjavah.c
2 /home/phd/oliva/src/egcs/gcc/java/expr.c
2 /home/phd/oliva/src/egcs/gcc/ggc-callbacks.c
2 /home/phd/oliva/src/egcs/gcc/gengenrtl.c
2 /home/phd/oliva/src/egcs/gcc/genflags.c
2 /home/phd/oliva/src/egcs/gcc/gcov.c
2 /home/phd/oliva/src/egcs/gcc/alias.c
1 insn-recog.c
1 /home/phd/oliva/src/egcs/gcc/varray.c
1 /home/phd/oliva/src/egcs/gcc/unroll.c
1 /home/phd/oliva/src/egcs/gcc/stor-layout.c
1 /home/phd/oliva/src/egcs/gcc/ssa.c
1 /home/phd/oliva/src/egcs/gcc/simplify-rtx.c
1 /home/phd/oliva/src/egcs/gcc/real.c
1 /home/phd/oliva/src/egcs/gcc/print-rtl.c
1 /home/phd/oliva/src/egcs/gcc/objc/objc-parse.y
1 /home/phd/oliva/src/egcs/gcc/java/jvspec.c
1 /home/phd/oliva/src/egcs/gcc/java/jcf-write.c
1 /home/phd/oliva/src/egcs/gcc/java/jcf-io.c
1 /home/phd/oliva/src/egcs/gcc/hash.c
1 /home/phd/oliva/src/egcs/gcc/genrecog.c
1 /home/phd/oliva/src/egcs/gcc/flow.c
1 /home/phd/oliva/src/egcs/gcc/fix-header.c
1 /home/phd/oliva/src/egcs/gcc/f/lang-specs.h
1 /home/phd/oliva/src/egcs/gcc/expmed.c
1 /home/phd/oliva/src/egcs/gcc/errors.c
1 /home/phd/oliva/src/egcs/gcc/emit-rtl.c
1 /home/phd/oliva/src/egcs/gcc/dwarfout.c
1 /home/phd/oliva/src/egcs/gcc/cpphash.c
1 /home/phd/oliva/src/egcs/gcc/cp/typeck2.c
1 /home/phd/oliva/src/egcs/gcc/cp/errfn.c
1 /home/phd/oliva/src/egcs/gcc/cp/decl.c
1 /home/phd/oliva/src/egcs/gcc/conflict.c
1 /home/phd/oliva/src/egcs/gcc/ch/typeck.c
1 /home/phd/oliva/src/egcs/gcc/ch/decl.c
1 /home/phd/oliva/src/egcs/gcc/c-parse.y
1 /home/phd/oliva/src/egcs/gcc/bitmap.c
Number of warning types:
895 value computed is not used
58 comparison between signed and unsigned
47 `noreturn' function does return
44 control reaches end of non-void function
18 signed and unsigned type in conditional expression
11 `???' might be used uninitialized in this function
9 string length `???' is greater than the minimum length `???' ISO C89 is required to support
4 missing braces around initializer
4 function declaration isn't a prototype
4 (near initialization for `???')
3 assignment discards qualifiers from pointer target type
2 traditional C rejects the 'u' suffix
2 traditional C rejects string concatenation
2 implicit declaration of function `???'
2 `???' defined but not used
1 unused parameter `???'
1 pointer targets in passing arg ??? of `???' differ in signedness
1 passing arg ??? of `???' discards qualifiers from pointer target type
1 initialization discards qualifiers from pointer target type
More information about the Gcc-testresults
mailing list