Results for 2.96 20000918 (experimental) testsuite on i586-pc-linux-gnu
Alexandre Oliva
oliva@lsd.ic.unicamp.br
Thu Sep 28 15:28:00 GMT 2000
Native configuration is i586-pc-linux-gnu
=== binutils tests ===
Running target unix
=== binutils Summary ===
# of expected passes 26
=== g++ tests ===
Running target unix
FAIL: g++.ext/instantiate1.C not instantiated (test for errors, line 18)
FAIL: g++.ext/instantiate1.C not instantiated (test for errors, line 20)
FAIL: g++.other/loop2.C caused compiler crash
=== g++ Summary ===
# of expected passes 6016
# of unexpected failures 3
# of expected failures 96
# of untested testcases 8
/l/tmp/egcs/gcc/testsuite/../g++ version 2.96 20000918 (experimental)
=== g77 tests ===
Running target unix
FAIL: g77.f-torture/compile/20000629-1.f, -O2 -fomit-frame-pointer -finline-functions -funroll-loops
FAIL: g77.f-torture/compile/20000629-1.f, -O2 -fomit-frame-pointer -finline-functions -funroll-all-loops
FAIL: g77.f-torture/execute/short.f execution, -Os
=== g77 Summary ===
# of expected passes 980
# of unexpected failures 3
=== gas tests ===
Running target unix
=== gas Summary ===
# of expected passes 78
=== gcc tests ===
Running target unix
FAIL: gcc.c-torture/execute/20000225-1.c execution, -O2
FAIL: gcc.c-torture/execute/20000225-1.c execution, -O3 -fomit-frame-pointer
FAIL: gcc.c-torture/execute/20000225-1.c execution, -O3 -fomit-frame-pointer -funroll-loops
FAIL: gcc.c-torture/execute/20000225-1.c execution, -O3 -fomit-frame-pointer -funroll-all-loops -finline-functions
FAIL: gcc.c-torture/execute/20000225-1.c execution, -O3 -g
FAIL: gcc.c-torture/execute/20000225-1.c execution, -O3 -fssa
FAIL: gcc.c-torture/execute/20000225-1.c execution, -Os
FAIL: gcc.c-torture/execute/20000731-2.c execution, -O3 -fomit-frame-pointer -funroll-all-loops -finline-functions
FAIL: gcc.c-torture/execute/20000801-1.c execution, -O2
FAIL: gcc.c-torture/execute/20000801-1.c execution, -O3 -fomit-frame-pointer
FAIL: gcc.c-torture/execute/20000801-1.c execution, -O3 -fomit-frame-pointer -funroll-loops
FAIL: gcc.c-torture/execute/20000801-1.c execution, -O3 -fomit-frame-pointer -funroll-all-loops -finline-functions
FAIL: gcc.c-torture/execute/20000801-1.c execution, -O3 -g
FAIL: gcc.c-torture/execute/20000801-1.c execution, -Os
FAIL: gcc.c-torture/execute/20000801-2.c execution, -O3 -fomit-frame-pointer -funroll-all-loops -finline-functions
FAIL: gcc.c-torture/execute/20000818-1.c compilation, -O3 -fomit-frame-pointer -funroll-all-loops -finline-functions
FAIL: gcc.dg/20000503-1.c (test for excess errors)
FAIL: gcc.dg/20000609-1.c execution test
FAIL: gcc.dg/20000614-1.c execution test
FAIL: gcc.dg/20000614-2.c execution test
FAIL: gcc.dg/20000724-1.c execution test
FAIL: gcc.dg/20000807-1.c (test for excess errors)
FAIL: gcc.dg/991214-1.c (test for excess errors)
FAIL: gcc.dg/c99-array-nonobj-1.c func [] arg (test for errors, line 26)
FAIL: gcc.dg/c99-array-nonobj-1.c (test for excess errors)
FAIL: gcc.dg/compare2.c case 10 (test for bogus messages, line 29)
FAIL: gcc.dg/format-va-1.c wrong type in format warning (test for bogus messages, line 11)
FAIL: gcc.dg/format-va-1.c format error (test for warnings, line 11)
FAIL: gcc.dg/noreturn-1.c this function should not get any warnings (test for bogus messages, line 52)
FAIL: gcc.dg/noreturn-1.c detect return from tail call (test for warnings, line 59)
FAIL: gcc.dg/noreturn-2.c noreturn does return (test for bogus messages, line 12)
FAIL: gcc.dg/return-type-2.c warning for falling off end of non-void function (test for bogus messages, line 24)
FAIL: gcc.dg/return-type-2.c warning for falling off end of non-void function (test for bogus messages, line 42)
FAIL: gcc.dg/unused-3.c unused variable warning (test for warnings, line 8)
=== gcc Summary ===
# of expected passes 13983
# of unexpected failures 34
# of expected failures 80
# of unresolved testcases 1
# of unsupported tests 18
/l/tmp/egcs/gcc/xgcc version 2.96 20000918 (experimental)
=== ld tests ===
Running target unix
=== ld Summary ===
# of expected passes 94
# of expected failures 10
=== libg++ tests ===
Running target unix
FAIL: tBitString.cc compilation
FAIL: tFix.cc compilation
FAIL: tInteger.cc compilation
FAIL: tRandom.cc execution
FAIL: tRational.cc compilation
FAIL: tString.cc compilation
=== libg++ Summary ===
# of expected passes 55
# of unexpected failures 6
# of expected failures 11
=== libio tests ===
Running target unix
=== libio Summary ===
# of expected passes 40
=== libstdc++ tests ===
Running target unix
=== libstdc++ Summary ===
# of expected passes 30
=== objc tests ===
Running target unix
=== objc Summary ===
# of expected passes 44
/l/tmp/egcs/gcc/xgcc version 2.96 20000918 (experimental)
Compiler version: 2.96 20000918 (experimental)
Platform: i586-pc-linux-gnu
BOOT_CFLAGS: -g -O9 -W -Wall
Counting all warnings,
there are 1037 warnings in stage3 of this bootstrap.
Number of warnings per file:
247 /home/lsd/oliva/src/egcs/gcc/cp/error.c
117 /home/lsd/oliva/src/egcs/gcc/cp/method.c
78 /home/lsd/oliva/src/egcs/gcc/cp/mangle.c
74 /home/lsd/oliva/src/egcs/gcc/objc/objc-act.c
58 /home/lsd/oliva/src/egcs/gcc/gcc.c
35 /home/lsd/oliva/src/egcs/gcc/java/verify.c
34 /home/lsd/oliva/src/egcs/gcc/java/parse.y
33 /home/lsd/oliva/src/egcs/gcc/combine.c
30 /home/lsd/oliva/src/egcs/gcc/java/class.c
26 /home/lsd/oliva/src/egcs/gcc/varasm.c
25 /home/lsd/oliva/src/egcs/gcc/ch/lex.c
21 /home/lsd/oliva/src/egcs/gcc/java/lex.c
18 /home/lsd/oliva/src/egcs/gcc/tree.c
18 /home/lsd/oliva/src/egcs/gcc/cp/spew.c
18 /home/lsd/oliva/src/egcs/gcc/config/i386/i386.c
17 /home/lsd/oliva/src/egcs/gcc/expr.c
15 /home/lsd/oliva/src/egcs/gcc/tlink.c
15 /home/lsd/oliva/src/egcs/gcc/genattrtab.c
13 /home/lsd/oliva/src/egcs/gcc/cp/pt.c
10 /home/lsd/oliva/src/egcs/gcc/reg-stack.c
10 /home/lsd/oliva/src/egcs/gcc/diagnostic.c
10 /home/lsd/oliva/src/egcs/gcc/cse.c
9 /home/lsd/oliva/src/egcs/gcc/collect2.c
8 /home/lsd/oliva/src/egcs/gcc/java/typeck.c
7 /home/lsd/oliva/src/egcs/gcc/loop.c
7 /home/lsd/oliva/src/egcs/gcc/cp/repo.c
6 /home/lsd/oliva/src/egcs/gcc/java/mangle.c
5 /home/lsd/oliva/src/egcs/gcc/stmt.c
4 cxxmain.c
4 /home/lsd/oliva/src/egcs/gcc/rtl.c
4 /home/lsd/oliva/src/egcs/gcc/java/jcf-parse.c
4 /home/lsd/oliva/src/egcs/gcc/gcse.c
3 /n/gnu/bison-1.28/share/bison.simple
3 /home/lsd/oliva/src/egcs/gcc/reload1.c
3 /home/lsd/oliva/src/egcs/gcc/final.c
3 /home/lsd/oliva/src/egcs/gcc/cpplib.c
3 /home/lsd/oliva/src/egcs/gcc/cpplex.c
3 /home/lsd/oliva/src/egcs/gcc/cp/search.c
2 /home/lsd/oliva/src/egcs/gcc/reload.c
2 /home/lsd/oliva/src/egcs/gcc/libgcc2.c
2 /home/lsd/oliva/src/egcs/gcc/java/jvgenmain.c
2 /home/lsd/oliva/src/egcs/gcc/java/jcf-reader.c
2 /home/lsd/oliva/src/egcs/gcc/java/expr.c
2 /home/lsd/oliva/src/egcs/gcc/gengenrtl.c
2 /home/lsd/oliva/src/egcs/gcc/genflags.c
2 /home/lsd/oliva/src/egcs/gcc/function.c
2 /home/lsd/oliva/src/egcs/gcc/fold-const.c
2 /home/lsd/oliva/src/egcs/gcc/alias.c
1 /home/lsd/oliva/src/egcs/gcc/varray.c
1 /home/lsd/oliva/src/egcs/gcc/tradcpp.c
1 /home/lsd/oliva/src/egcs/gcc/simplify-rtx.c
1 /home/lsd/oliva/src/egcs/gcc/print-rtl.c
1 /home/lsd/oliva/src/egcs/gcc/java/jvspec.c
1 /home/lsd/oliva/src/egcs/gcc/java/jcf-write.c
1 /home/lsd/oliva/src/egcs/gcc/java/jcf-io.c
1 /home/lsd/oliva/src/egcs/gcc/hash.c
1 /home/lsd/oliva/src/egcs/gcc/f/lang-specs.h
1 /home/lsd/oliva/src/egcs/gcc/expmed.c
1 /home/lsd/oliva/src/egcs/gcc/emit-rtl.c
1 /home/lsd/oliva/src/egcs/gcc/dwarfout.c
1 /home/lsd/oliva/src/egcs/gcc/cpphash.c
1 /home/lsd/oliva/src/egcs/gcc/cp/typeck2.c
1 /home/lsd/oliva/src/egcs/gcc/cp/errfn.c
1 /home/lsd/oliva/src/egcs/gcc/conflict.c
1 /home/lsd/oliva/src/egcs/gcc/ch/decl.c
1 /home/lsd/oliva/src/egcs/gcc/c-lex.c
1 /home/lsd/oliva/src/egcs/gcc/bitmap.c
Number of warning types:
889 value computed is not used
73 comparison between signed and unsigned
15 `noreturn' function does return
11 `???' might be used uninitialized in this function
10 signed and unsigned type in conditional expression
10 control reaches end of non-void function
6 function `???' was previously declared within a block
4 string length `???' is greater than the minimum length `???' ISO C89 is required to support
4 function declaration isn't a prototype
3 assignment discards qualifiers from pointer target type
2 traditional C rejects the 'u' suffix
2 `???' defined but not used
1 unused parameter `???'
1 pointer targets in passing arg ??? of `???' differ in signedness
1 passing arg ??? of `???' discards qualifiers from pointer target type
1 no previous prototype for `???'
1 label `???' defined but not used
1 initialization discards qualifiers from pointer target type
1 implicit declaration of function `???'
1 function macro strcmp must be used with arguments in traditional C
More information about the Gcc-testresults
mailing list