Results for 2.96 20000925 (experimental) testsuite on hppa2.0-hp-hpux10.20
RDBrown@mira.net
RDBrown@mira.net
Thu Sep 28 14:49:00 GMT 2000
Native configuration is hppa2.0-hp-hpux10.20
=== libio tests ===
Running target unix
FAIL: tfformat.c compilation
=== libio Summary ===
# of expected passes 38
# of unexpected failures 1
# of expected failures 1
=== libstdc++ tests ===
Running target unix
=== libstdc++ Summary ===
# of expected passes 30
=== gcc tests ===
Running target unix
FAIL: gcc.c-torture/compile/941019-1.c, -O3 -fssa
FAIL: gcc.c-torture/compile/20000804-1.c, -O0
FAIL: gcc.c-torture/compile/20000606-1.c, -O0
FAIL: gcc.c-torture/compile/20000606-1.c, -O1
FAIL: gcc.c-torture/compile/20000606-1.c, -O2
FAIL: gcc.c-torture/compile/20000606-1.c, -O3 -fomit-frame-pointer
FAIL: gcc.c-torture/compile/20000606-1.c, -O3 -g
FAIL: gcc.c-torture/compile/20000606-1.c, -O3 -fssa
FAIL: gcc.c-torture/compile/20000606-1.c, -Os
FAIL: gcc.c-torture/execute/20000225-1.c execution, -O2
FAIL: gcc.c-torture/execute/20000225-1.c execution, -O3 -fomit-frame-pointer
FAIL: gcc.c-torture/execute/20000225-1.c execution, -O3 -fomit-frame-pointer -funroll-loops
FAIL: gcc.c-torture/execute/20000225-1.c execution, -O3 -fomit-frame-pointer -funroll-all-loops -finline-functions
FAIL: gcc.c-torture/execute/20000225-1.c execution, -O3 -g
FAIL: gcc.c-torture/execute/20000225-1.c execution, -O3 -fssa
FAIL: gcc.c-torture/execute/20000225-1.c execution, -Os
FAIL: gcc.c-torture/execute/930622-2.c compilation, -O3 -fssa
FAIL: gcc.c-torture/execute/960215-1.c execution, -O1
FAIL: gcc.c-torture/execute/960215-1.c compilation, -O3 -fssa
FAIL: gcc.c-torture/execute/960405-1.c compilation, -O3 -fssa
FAIL: gcc.c-torture/execute/960513-1.c compilation, -O3 -fssa
FAIL: gcc.c-torture/execute/regstack-1.c execution, -O1
FAIL: gcc.c-torture/execute/regstack-1.c compilation, -O3 -fssa
FAIL: gcc.c-torture/execute/strct-stdarg-1.c execution, -O0
FAIL: gcc.c-torture/execute/strct-stdarg-1.c execution, -O1
FAIL: gcc.c-torture/execute/strct-stdarg-1.c execution, -O2
FAIL: gcc.c-torture/execute/strct-stdarg-1.c execution, -O3 -fomit-frame-pointer
FAIL: gcc.c-torture/execute/strct-stdarg-1.c execution, -O3 -fomit-frame-pointer -funroll-loops
FAIL: gcc.c-torture/execute/strct-stdarg-1.c execution, -O3 -fomit-frame-pointer -funroll-all-loops -finline-functions
FAIL: gcc.c-torture/execute/strct-stdarg-1.c execution, -O3 -g
FAIL: gcc.c-torture/execute/strct-stdarg-1.c execution, -O3 -fssa
FAIL: gcc.c-torture/execute/strct-stdarg-1.c execution, -Os
FAIL: gcc.c-torture/execute/va-arg-5.c compilation, -O3 -fssa
FAIL: gcc.c-torture/execute/va-arg-6.c compilation, -O3 -fssa
FAIL: gcc.c-torture/execute/ieee/fp-cmp-1.c execution, -O0
FAIL: gcc.c-torture/execute/ieee/fp-cmp-1.c execution, -O1
FAIL: gcc.c-torture/execute/ieee/fp-cmp-1.c execution, -O2
FAIL: gcc.c-torture/execute/ieee/fp-cmp-1.c execution, -O3 -fomit-frame-pointer
FAIL: gcc.c-torture/execute/ieee/fp-cmp-1.c execution, -O3 -fomit-frame-pointer -funroll-loops
FAIL: gcc.c-torture/execute/ieee/fp-cmp-1.c execution, -O3 -fomit-frame-pointer -funroll-all-loops -finline-functions
FAIL: gcc.c-torture/execute/ieee/fp-cmp-1.c execution, -O3 -g
FAIL: gcc.c-torture/execute/ieee/fp-cmp-1.c execution, -O3 -fssa
FAIL: gcc.c-torture/execute/ieee/fp-cmp-1.c execution, -Os
FAIL: gcc.c-torture/execute/ieee/fp-cmp-2.c execution, -O0
FAIL: gcc.c-torture/execute/ieee/fp-cmp-2.c execution, -O1
FAIL: gcc.c-torture/execute/ieee/fp-cmp-2.c execution, -O2
FAIL: gcc.c-torture/execute/ieee/fp-cmp-2.c execution, -O3 -fomit-frame-pointer
FAIL: gcc.c-torture/execute/ieee/fp-cmp-2.c execution, -O3 -fomit-frame-pointer -funroll-loops
FAIL: gcc.c-torture/execute/ieee/fp-cmp-2.c execution, -O3 -fomit-frame-pointer -funroll-all-loops -finline-functions
FAIL: gcc.c-torture/execute/ieee/fp-cmp-2.c execution, -O3 -g
FAIL: gcc.c-torture/execute/ieee/fp-cmp-2.c execution, -O3 -fssa
FAIL: gcc.c-torture/execute/ieee/fp-cmp-2.c execution, -Os
FAIL: gcc.c-torture/execute/ieee/fp-cmp-3.c compilation, -O3 -fssa
FAIL: gcc.c-torture/execute/ieee/fp-cmp-4.c compilation, -O0
FAIL: gcc.c-torture/execute/ieee/fp-cmp-4.c compilation, -O1
FAIL: gcc.c-torture/execute/ieee/fp-cmp-4.c compilation, -O2
FAIL: gcc.c-torture/execute/ieee/fp-cmp-4.c compilation, -O3 -fomit-frame-pointer
FAIL: gcc.c-torture/execute/ieee/fp-cmp-4.c compilation, -O3 -fomit-frame-pointer -funroll-loops
FAIL: gcc.c-torture/execute/ieee/fp-cmp-4.c compilation, -O3 -fomit-frame-pointer -funroll-all-loops -finline-functions
FAIL: gcc.c-torture/execute/ieee/fp-cmp-4.c compilation, -O3 -g
FAIL: gcc.c-torture/execute/ieee/fp-cmp-4.c compilation, -O3 -fssa
FAIL: gcc.c-torture/execute/ieee/fp-cmp-4.c compilation, -Os
FAIL: gcc.c-torture/execute/ieee/hugeval.c execution, -O0
FAIL: gcc.c-torture/execute/ieee/hugeval.c execution, -O1
FAIL: gcc.c-torture/execute/ieee/hugeval.c execution, -O2
FAIL: gcc.c-torture/execute/ieee/hugeval.c execution, -O3 -fomit-frame-pointer
FAIL: gcc.c-torture/execute/ieee/hugeval.c execution, -O3 -g
FAIL: gcc.c-torture/execute/ieee/hugeval.c execution, -O3 -fssa
FAIL: gcc.c-torture/execute/ieee/hugeval.c execution, -Os
FAIL: gcc.c-torture/execute/ieee/mzero2.c execution, -O1
FAIL: gcc.c-torture/execute/ieee/mzero2.c execution, -O2
FAIL: gcc.c-torture/execute/ieee/mzero2.c execution, -O3 -fomit-frame-pointer
FAIL: gcc.c-torture/execute/ieee/mzero2.c execution, -O3 -g
FAIL: gcc.c-torture/execute/ieee/mzero2.c execution, -O3 -fssa
FAIL: gcc.c-torture/execute/ieee/mzero2.c execution, -Os
FAIL: gcc.dg/cpp/syshdr.c (test for excess errors)
FAIL: gcc.dg/20000419-2.c (test for excess errors)
FAIL: gcc.dg/asm-names.c (test for excess errors)
FAIL: gcc.dg/c99-array-nonobj-1.c func [] arg (test for errors, line 26)
FAIL: gcc.dg/c99-array-nonobj-1.c (test for excess errors)
FAIL: gcc.dg/format-va-1.c wrong type in format warning (test for bogus messages, line 11)
FAIL: gcc.dg/format-va-1.c format error (test for warnings, line 11)
FAIL: gcc.dg/noreturn-2.c noreturn does return (test for bogus messages, line 12)
FAIL: gcc.dg/return-type-2.c warning for falling off end of non-void function (test for bogus messages, line 24)
FAIL: gcc.dg/return-type-2.c warning for falling off end of non-void function (test for bogus messages, line 42)
FAIL: gcc.dg/wtr-int-type-1.c decimal constant (test for warnings, line 40)
=== gcc Summary ===
# of expected passes 13869
# of unexpected failures 86
# of expected failures 73
# of unresolved testcases 20
# of unsupported tests 48
/devel/span/rdb/src/egcs-20000925.obj/gcc/xgcc version 2.96 20000925 (experimental)
=== g++ tests ===
Running target unix
FAIL: g++.benjamin/bool01.C (test for excess errors)
FAIL: g++.benjamin/p12475.C (test for warnings, line 14)
FAIL: g++.benjamin/p12475.C (test for excess errors)
FAIL: g++.eh/crash4.C caused compiler crash
FAIL: g++.ext/attrib5.C (test for excess errors)
FAIL: g++.ext/instantiate1.C not instantiated (test for errors, line 18)
FAIL: g++.ext/instantiate1.C not instantiated (test for errors, line 20)
FAIL: g++.ext/instantiate2.C not instantiated (test for errors, line 16)
FAIL: g++.ext/instantiate3.C not instantiated (test for errors, line 13)
FAIL: g++.jason/rfg10.C enum overflow (test for errors, line 9)
FAIL: g++.jason/rfg10.C (test for excess errors)
FAIL: g++.jason/template31.C (test for excess errors)
FAIL: g++.martin/bitset1.C (test for excess errors)
XPASS: g++.mike/eh33.C (test for excess errors)
XPASS: g++.mike/eh33.C Execution test
XPASS: g++.mike/eh50.C (test for excess errors)
XPASS: g++.mike/eh50.C Execution test
FAIL: g++.ns/koenig9.C multiple overloaded count functions (test for errors, line 12)
FAIL: g++.ns/koenig9.C (test for excess errors)
FAIL: g++.ns/using4.C vector is not a namespace (test for errors, line 4)
FAIL: g++.ns/using4.C (test for excess errors)
FAIL: g++.ns/using6.C (test for excess errors)
FAIL: g++.other/crash18.C (test for excess errors)
FAIL: g++.other/headers1.C (test for excess errors)
FAIL: g++.other/init9.C jump from here (test for errors, line 16)
FAIL: g++.other/init9.C jump crosses initialization (test for errors, line 17)
FAIL: g++.other/init9.C jump to here (test for errors, line 18)
FAIL: g++.other/init9.C jump from here (test for errors, line 27)
FAIL: g++.other/init9.C jump crosses initialization (test for errors, line 28)
FAIL: g++.other/init9.C jump to here (test for errors, line 29)
FAIL: g++.other/init9.C jump from here (test for errors, line 36)
FAIL: g++.other/init9.C jump crosses initialization (test for errors, line 37)
FAIL: g++.other/init9.C jump to here (test for errors, line 38)
FAIL: g++.other/init9.C (test for excess errors)
FAIL: g++.pt/static8.C (test for excess errors)
FAIL: g++.pt/ttp19.C (test for excess errors)
FAIL: g++.pt/ttp40.C (test for excess errors)
FAIL: g++.robertl/eb109.C candidates (test for errors, line 20)
FAIL: g++.robertl/eb109.C no size function (test for errors, line 42)
FAIL: g++.robertl/eb109.C no index operator (test for errors, line 44)
FAIL: g++.robertl/eb109.C no index operator (test for errors, line 48)
FAIL: g++.robertl/eb109.C no index operator (test for errors, line 49)
FAIL: g++.robertl/eb109.C no index operator (test for errors, line 54)
FAIL: g++.robertl/eb109.C no bool constructor (test for errors, line 65)
FAIL: g++.robertl/eb109.C (test for excess errors)
FAIL: g++.robertl/eb127.C should use this->* (test for errors, line 50)
FAIL: g++.robertl/eb127.C (test for excess errors)
FAIL: g++.robertl/eb129.C (test for errors, line 20)
FAIL: g++.robertl/eb129.C (test for excess errors)
FAIL: g++.robertl/eb129a.C (test for errors, line 19)
FAIL: g++.robertl/eb129a.C (test for excess errors)
FAIL: g++.robertl/eb21.C (test for excess errors)
FAIL: g++.robertl/eb28.C (test for excess errors)
FAIL: g++.robertl/eb29.C (test for excess errors)
FAIL: g++.robertl/eb36.C default arg for member template (test for errors, line 16)
FAIL: g++.robertl/eb36.C (test for excess errors)
FAIL: g++.robertl/eb43.C constructor is explicit (test for errors, line 27)
FAIL: g++.robertl/eb43.C (test for excess errors)
FAIL: g++.robertl/eb59.C (test for excess errors)
FAIL: g++.robertl/eb62.C (test for excess errors)
FAIL: g++.robertl/eb7.C (test for excess errors)
FAIL: g++.robertl/eb91.C (test for excess errors)
=== g++ Summary ===
# of expected passes 5941
# of unexpected failures 58
# of unexpected successes 4
# of expected failures 107
# of untested testcases 18
/devel/span/rdb/src/egcs-20000925.obj/gcc/testsuite/../g++ version 2.96 20000925 (experimental)
=== g77 tests ===
Running target unix
=== g77 Summary ===
# of expected passes 983
=== objc tests ===
Running target unix
=== objc Summary ===
# of expected passes 44
/devel/span/rdb/src/egcs-20000925.obj/gcc/xgcc version 2.96 20000925 (experimental)
Compiler version: 2.96 20000925 (experimental)
Platform: hppa2.0-hp-hpux10.20
configure flags: --host=hppa2.0-hp-hpux10.20 --with-gnu-as
Counting all warnings,
there are 252 warnings in stage3 of this bootstrap.
Number of warnings per file:
35 ../../../egcs-20000925/gcc/java/verify.c
32 ../../egcs-20000925/gcc/combine.c
30 ../../egcs-20000925/gcc/expr.c
22 ../../egcs-20000925/gcc/config/pa/pa.c
11 ../../egcs-20000925/gcc/recog.c
11 ../../egcs-20000925/gcc/cse.c
11 ../../egcs-20000925/gcc/calls.c
10 ../../egcs-20000925/gcc/loop.c
9 ../../egcs-20000925/gcc/reload.c
8 quadlib.c
8 ../../egcs-20000925/gcc/libgcc2.c
7 ../../egcs-20000925/gcc/varasm.c
6 ../../egcs-20000925/gcc/reload1.c
6 ../../egcs-20000925/gcc/function.c
5 ../../../egcs-20000925/gcc/cp/error.c
4 ../../egcs-20000925/gcc/c-common.h
4 ../../../egcs-20000925/gcc/java/jcf-reader.c
3 ../../egcs-20000925/gcc/final.c
3 ../../egcs-20000925/gcc/cpplex.c
2 alloca.c
2 ../../egcs-20000925/gcc/fold-const.c
2 ../../egcs-20000925/gcc/config/pa/pa.md
2 ../../egcs-20000925/gcc/alias.c
2 ../../../egcs-20000925/gcc/java/lex.c
1 insn-output.c
1 ../../egcs-20000925/gcc/regmove.c
1 ../../egcs-20000925/gcc/regclass.c
1 ../../egcs-20000925/gcc/print-rtl.c
1 ../../egcs-20000925/gcc/objc/objc-parse.y
1 ../../egcs-20000925/gcc/java/jvspec.c
1 ../../egcs-20000925/gcc/gcse.c
1 ../../egcs-20000925/gcc/gcc.c
1 ../../egcs-20000925/gcc/flow.c
1 ../../egcs-20000925/gcc/f/lang-specs.h
1 ../../egcs-20000925/gcc/expmed.c
1 ../../egcs-20000925/gcc/cp/exception.cc
1 ../../egcs-20000925/gcc/collect2.c
1 ../../egcs-20000925/gcc/c-parse.y
1 ../../../egcs-20000925/gcc/java/jcf-parse.c
1 ../../../egcs-20000925/gcc/cp/search.c
1 ../../../egcs-20000925/gcc/cp/errfn.c
Number of warning types:
70 comparison between signed and unsigned
39 integer constant larger than the maximum value of an unsigned long int
36 value computed is not used
27 signed and unsigned type in conditional expression
13 \`???' might be used uninitialized in this function
9 no previous prototype for \`???'
8 function declaration isn't a prototype
5 return discards qualifiers from pointer target type
5 initialization from incompatible pointer type
4 unused parameter \`???'
4 \`???' defined but not used
4 ??? format, ??? arg (arg ???)
3 string length \`???' is greater than the minimum length \`???' ISO C89 is required to support
3 assignment discards qualifiers from pointer target type
2 unused variable \`???'
2 traditional C rejects the 'u' suffix
2 pointer targets in passing arg ??? of \`???' differ in signedness
2 passing arg ??? of \`???' from incompatible pointer type
2 control reaches end of non-void function
2 \`???' not in PREDICATE_CODES
2 ICE: would have deleted prologue/epilogue insn
1 parameter has incomplete type
1 non-static declaration for \`???' follows static
1 its scope is only this definition or declaration, which is probably not what you want.
1 initialization discards qualifiers from pointer target type
1 implicit declaration of function \`???'
1 \`???' declared inside parameter list
1 ISO C forbids forward references to \`???' types
1 ICE: would have deleted
More information about the Gcc-testresults
mailing list