Results for 2.96 20000926 (experimental) testsuite on mips-sgi-irix6.2
Kaveh R. Ghazi
ghazi@caip.rutgers.edu
Wed Sep 27 10:48:00 GMT 2000
Native configuration is mips-sgi-irix6.2
=== objc tests ===
Running target unix/-mabi=64
=== objc Summary for unix/-mabi=64 ===
# of expected passes 44
Running target unix
=== objc Summary for unix ===
# of expected passes 44
=== objc Summary ===
# of expected passes 88
/caip/u99/ghazi/gcc-testing/build/gcc/xgcc version 2.96 20000926 (experimental)
=== gcc tests ===
Running target unix/-mabi=64
FAIL: gcc.c-torture/compile/20000224-1.c, -O0
FAIL: gcc.c-torture/compile/20000224-1.c, -O1
FAIL: gcc.c-torture/compile/20000224-1.c, -O2
FAIL: gcc.c-torture/compile/20000224-1.c, -O3 -fomit-frame-pointer
FAIL: gcc.c-torture/compile/20000224-1.c, -O3 -fomit-frame-pointer -funroll-loops
FAIL: gcc.c-torture/compile/20000224-1.c, -O3 -fomit-frame-pointer -funroll-all-loops -finline-functions
FAIL: gcc.c-torture/compile/20000224-1.c, -O3 -g
FAIL: gcc.c-torture/compile/20000224-1.c, -O3 -fssa
FAIL: gcc.c-torture/compile/20000224-1.c, -Os
FAIL: gcc.c-torture/compile/970214-1.c, -O0
FAIL: gcc.c-torture/compile/970214-1.c, -O1
FAIL: gcc.c-torture/compile/970214-1.c, -O2
FAIL: gcc.c-torture/compile/970214-1.c, -O3 -fomit-frame-pointer
FAIL: gcc.c-torture/compile/970214-1.c, -O3 -g
FAIL: gcc.c-torture/compile/970214-1.c, -O3 -fssa
FAIL: gcc.c-torture/compile/970214-1.c, -Os
FAIL: gcc.c-torture/execute/20000113-1.c compilation, -O0
FAIL: gcc.c-torture/execute/20000113-1.c compilation, -O1
FAIL: gcc.c-torture/execute/20000113-1.c compilation, -O2
FAIL: gcc.c-torture/execute/20000113-1.c compilation, -O3 -fomit-frame-pointer
FAIL: gcc.c-torture/execute/20000113-1.c compilation, -O3 -g
FAIL: gcc.c-torture/execute/20000113-1.c compilation, -O3 -fssa
FAIL: gcc.c-torture/execute/20000113-1.c compilation, -Os
FAIL: gcc.c-torture/execute/20000225-1.c execution, -O2
FAIL: gcc.c-torture/execute/20000225-1.c execution, -O3 -fomit-frame-pointer
FAIL: gcc.c-torture/execute/20000225-1.c execution, -O3 -fomit-frame-pointer -funroll-loops
FAIL: gcc.c-torture/execute/20000225-1.c execution, -O3 -fomit-frame-pointer -funroll-all-loops -finline-functions
FAIL: gcc.c-torture/execute/20000225-1.c execution, -O3 -g
FAIL: gcc.c-torture/execute/20000225-1.c execution, -O3 -fssa
FAIL: gcc.c-torture/execute/20000225-1.c execution, -Os
FAIL: gcc.c-torture/execute/20000917-1.c compilation, -O3 -fssa
FAIL: gcc.c-torture/execute/970214-1.c compilation, -O0
FAIL: gcc.c-torture/execute/970214-1.c compilation, -O1
FAIL: gcc.c-torture/execute/970214-1.c compilation, -O2
FAIL: gcc.c-torture/execute/970214-1.c compilation, -O3 -fomit-frame-pointer
FAIL: gcc.c-torture/execute/970214-1.c compilation, -O3 -g
FAIL: gcc.c-torture/execute/970214-1.c compilation, -O3 -fssa
FAIL: gcc.c-torture/execute/970214-1.c compilation, -Os
FAIL: gcc.c-torture/execute/970214-2.c compilation, -O0
FAIL: gcc.c-torture/execute/970214-2.c compilation, -O1
FAIL: gcc.c-torture/execute/970214-2.c compilation, -O2
FAIL: gcc.c-torture/execute/970214-2.c compilation, -O3 -fomit-frame-pointer
FAIL: gcc.c-torture/execute/970214-2.c compilation, -O3 -g
FAIL: gcc.c-torture/execute/970214-2.c compilation, -O3 -fssa
FAIL: gcc.c-torture/execute/970214-2.c compilation, -Os
FAIL: gcc.c-torture/execute/991014-1.c compilation, -O0
FAIL: gcc.c-torture/execute/991014-1.c compilation, -O1
FAIL: gcc.c-torture/execute/991014-1.c compilation, -O2
FAIL: gcc.c-torture/execute/991014-1.c compilation, -O3 -fomit-frame-pointer
FAIL: gcc.c-torture/execute/991014-1.c compilation, -O3 -g
FAIL: gcc.c-torture/execute/991014-1.c compilation, -O3 -fssa
FAIL: gcc.c-torture/execute/991014-1.c compilation, -Os
FAIL: gcc.c-torture/execute/bf-sign-1.c compilation, -O1
FAIL: gcc.c-torture/execute/bf-sign-1.c compilation, -O2
FAIL: gcc.c-torture/execute/bf-sign-1.c compilation, -O3 -fomit-frame-pointer
FAIL: gcc.c-torture/execute/bf-sign-1.c compilation, -O3 -g
FAIL: gcc.c-torture/execute/bf-sign-1.c compilation, -O3 -fssa
FAIL: gcc.c-torture/execute/bf-sign-1.c compilation, -Os
FAIL: gcc.c-torture/execute/bf64-1.c compilation, -O1
FAIL: gcc.c-torture/execute/bf64-1.c compilation, -O2
FAIL: gcc.c-torture/execute/bf64-1.c compilation, -O3 -fomit-frame-pointer
FAIL: gcc.c-torture/execute/bf64-1.c compilation, -O3 -g
FAIL: gcc.c-torture/execute/bf64-1.c compilation, -O3 -fssa
FAIL: gcc.c-torture/execute/bf64-1.c compilation, -Os
FAIL: gcc.c-torture/execute/compndlit-1.c compilation, -O0
FAIL: gcc.c-torture/execute/compndlit-1.c compilation, -O1
FAIL: gcc.c-torture/execute/compndlit-1.c compilation, -O2
FAIL: gcc.c-torture/execute/compndlit-1.c compilation, -O3 -fomit-frame-pointer
FAIL: gcc.c-torture/execute/compndlit-1.c compilation, -O3 -g
FAIL: gcc.c-torture/execute/compndlit-1.c compilation, -O3 -fssa
FAIL: gcc.c-torture/execute/compndlit-1.c compilation, -Os
FAIL: gcc.c-torture/execute/divconst-2.c execution, -O1
FAIL: gcc.c-torture/execute/divconst-2.c execution, -O2
FAIL: gcc.c-torture/execute/divconst-2.c execution, -Os
FAIL: gcc.c-torture/execute/va-arg-15.c execution, -O0
FAIL: gcc.c-torture/execute/va-arg-15.c execution, -O1
FAIL: gcc.c-torture/execute/va-arg-15.c execution, -O2
FAIL: gcc.c-torture/execute/va-arg-15.c execution, -O3 -fomit-frame-pointer
FAIL: gcc.c-torture/execute/va-arg-15.c execution, -O3 -fomit-frame-pointer -funroll-loops
FAIL: gcc.c-torture/execute/va-arg-15.c execution, -O3 -fomit-frame-pointer -funroll-all-loops -finline-functions
FAIL: gcc.c-torture/execute/va-arg-15.c execution, -O3 -g
FAIL: gcc.c-torture/execute/va-arg-15.c execution, -O3 -fssa
FAIL: gcc.c-torture/execute/va-arg-15.c execution, -Os
FAIL: gcc.c-torture/execute/va-arg-16.c execution, -O0
FAIL: gcc.c-torture/execute/va-arg-16.c execution, -O1
FAIL: gcc.c-torture/execute/va-arg-16.c execution, -O2
FAIL: gcc.c-torture/execute/va-arg-16.c execution, -O3 -fomit-frame-pointer
FAIL: gcc.c-torture/execute/va-arg-16.c execution, -O3 -g
FAIL: gcc.c-torture/execute/va-arg-16.c execution, -O3 -fssa
FAIL: gcc.c-torture/execute/va-arg-16.c execution, -Os
FAIL: gcc.c-torture/execute/va-arg-17.c execution, -O0
FAIL: gcc.c-torture/execute/va-arg-17.c execution, -O1
FAIL: gcc.c-torture/execute/va-arg-17.c execution, -O2
FAIL: gcc.c-torture/execute/va-arg-17.c execution, -O3 -fomit-frame-pointer
FAIL: gcc.c-torture/execute/va-arg-17.c execution, -O3 -g
FAIL: gcc.c-torture/execute/va-arg-17.c execution, -O3 -fssa
FAIL: gcc.c-torture/execute/va-arg-17.c execution, -Os
FAIL: gcc.c-torture/execute/widechar-1.c compilation, -O0
FAIL: gcc.c-torture/execute/widechar-1.c compilation, -O1
FAIL: gcc.c-torture/execute/widechar-1.c compilation, -O2
FAIL: gcc.c-torture/execute/widechar-1.c compilation, -O3 -fomit-frame-pointer
FAIL: gcc.c-torture/execute/widechar-1.c compilation, -O3 -g
FAIL: gcc.c-torture/execute/widechar-1.c compilation, -O3 -fssa
FAIL: gcc.c-torture/execute/widechar-1.c compilation, -Os
FAIL: gcc.c-torture/execute/widechar-2.c compilation, -O0
FAIL: gcc.c-torture/execute/widechar-2.c compilation, -O1
FAIL: gcc.c-torture/execute/widechar-2.c compilation, -O2
FAIL: gcc.c-torture/execute/widechar-2.c compilation, -O3 -fomit-frame-pointer
FAIL: gcc.c-torture/execute/widechar-2.c compilation, -O3 -g
FAIL: gcc.c-torture/execute/widechar-2.c compilation, -O3 -fssa
FAIL: gcc.c-torture/execute/widechar-2.c compilation, -Os
FAIL: gcc.c-torture/execute/ieee/20000320-1.c execution, -O0
FAIL: gcc.c-torture/execute/ieee/20000320-1.c execution, -O1
FAIL: gcc.c-torture/execute/ieee/20000320-1.c execution, -O2
FAIL: gcc.c-torture/execute/ieee/20000320-1.c execution, -O3 -fomit-frame-pointer
FAIL: gcc.c-torture/execute/ieee/20000320-1.c execution, -O3 -g
FAIL: gcc.c-torture/execute/ieee/20000320-1.c execution, -O3 -fssa
FAIL: gcc.c-torture/execute/ieee/20000320-1.c execution, -Os
FAIL: gcc.c-torture/execute/ieee/fp-cmp-4.c compilation, -O0
FAIL: gcc.c-torture/execute/ieee/fp-cmp-4.c compilation, -O1
FAIL: gcc.c-torture/execute/ieee/fp-cmp-4.c compilation, -O2
FAIL: gcc.c-torture/execute/ieee/fp-cmp-4.c compilation, -O3 -fomit-frame-pointer
FAIL: gcc.c-torture/execute/ieee/fp-cmp-4.c compilation, -O3 -fomit-frame-pointer -funroll-loops
FAIL: gcc.c-torture/execute/ieee/fp-cmp-4.c compilation, -O3 -fomit-frame-pointer -funroll-all-loops -finline-functions
FAIL: gcc.c-torture/execute/ieee/fp-cmp-4.c compilation, -O3 -g
FAIL: gcc.c-torture/execute/ieee/fp-cmp-4.c compilation, -O3 -fssa
FAIL: gcc.c-torture/execute/ieee/fp-cmp-4.c compilation, -Os
XPASS: gcc.c-torture/execute/memcheck/blkarg.c execution, -O0
XPASS: gcc.c-torture/execute/memcheck/blkarg.c execution, -O1
XPASS: gcc.c-torture/execute/memcheck/blkarg.c execution, -O2
XPASS: gcc.c-torture/execute/memcheck/blkarg.c execution, -Os
FAIL: gcc.c-torture/unsorted/loop386.c, -O3 -g
FAIL: gcc.dg/cpp/19990407-1.c (test for excess errors)
FAIL: gcc.dg/cpp/19990703-1.c (test for excess errors)
FAIL: gcc.dg/cpp/20000625-2.c (test for excess errors)
FAIL: gcc.dg/cpp/lexstrng.c (test for excess errors)
FAIL: gcc.dg/cpp/paste2.c (test for excess errors)
FAIL: gcc.dg/cpp/prag-imp.c (test for excess errors)
FAIL: gcc.dg/cpp/strp1.c (test for excess errors)
FAIL: gcc.dg/cpp/strp2.c (test for excess errors)
FAIL: gcc.dg/cpp/syshdr.c (test for excess errors)
FAIL: gcc.dg/20000419-2.c (test for excess errors)
FAIL: gcc.dg/c99-array-nonobj-1.c func [] arg (test for errors, line 26)
FAIL: gcc.dg/c99-array-nonobj-1.c (test for excess errors)
FAIL: gcc.dg/wtr-int-type-1.c decimal constant (test for warnings, line 40)
FAIL: alias-1.c
FAIL: wkali-1.c
FAIL: wkali-2b.o
FAIL: linkage.c
=== gcc Summary for unix/-mabi=64 ===
# of expected passes 13763
# of unexpected failures 145
# of unexpected successes 4
# of expected failures 69
# of unresolved testcases 71
# of unsupported tests 46
Running target unix
FAIL: gcc.c-torture/execute/20000113-1.c compilation, -O0
FAIL: gcc.c-torture/execute/20000113-1.c compilation, -O1
FAIL: gcc.c-torture/execute/20000113-1.c compilation, -O2
FAIL: gcc.c-torture/execute/20000113-1.c compilation, -O3 -fomit-frame-pointer
FAIL: gcc.c-torture/execute/20000113-1.c compilation, -O3 -g
FAIL: gcc.c-torture/execute/20000113-1.c compilation, -O3 -fssa
FAIL: gcc.c-torture/execute/20000113-1.c compilation, -Os
FAIL: gcc.c-torture/execute/20000225-1.c execution, -O2
FAIL: gcc.c-torture/execute/20000225-1.c execution, -O3 -fomit-frame-pointer
FAIL: gcc.c-torture/execute/20000225-1.c execution, -O3 -fomit-frame-pointer -funroll-loops
FAIL: gcc.c-torture/execute/20000225-1.c execution, -O3 -fomit-frame-pointer -funroll-all-loops -finline-functions
FAIL: gcc.c-torture/execute/20000225-1.c execution, -O3 -g
FAIL: gcc.c-torture/execute/20000225-1.c execution, -O3 -fssa
FAIL: gcc.c-torture/execute/20000225-1.c execution, -Os
FAIL: gcc.c-torture/execute/20000917-1.c compilation, -O3 -fssa
FAIL: gcc.c-torture/execute/bf-sign-1.c compilation, -O1
FAIL: gcc.c-torture/execute/bf-sign-1.c compilation, -O2
FAIL: gcc.c-torture/execute/bf-sign-1.c compilation, -O3 -fomit-frame-pointer
FAIL: gcc.c-torture/execute/bf-sign-1.c compilation, -O3 -g
FAIL: gcc.c-torture/execute/bf-sign-1.c compilation, -O3 -fssa
FAIL: gcc.c-torture/execute/bf-sign-1.c compilation, -Os
FAIL: gcc.c-torture/execute/bf64-1.c compilation, -O1
FAIL: gcc.c-torture/execute/bf64-1.c compilation, -O2
FAIL: gcc.c-torture/execute/bf64-1.c compilation, -O3 -fomit-frame-pointer
FAIL: gcc.c-torture/execute/bf64-1.c compilation, -O3 -g
FAIL: gcc.c-torture/execute/bf64-1.c compilation, -O3 -fssa
FAIL: gcc.c-torture/execute/bf64-1.c compilation, -Os
FAIL: gcc.c-torture/execute/compndlit-1.c compilation, -O0
FAIL: gcc.c-torture/execute/compndlit-1.c compilation, -O1
FAIL: gcc.c-torture/execute/compndlit-1.c compilation, -O2
FAIL: gcc.c-torture/execute/compndlit-1.c compilation, -O3 -fomit-frame-pointer
FAIL: gcc.c-torture/execute/compndlit-1.c compilation, -O3 -g
FAIL: gcc.c-torture/execute/compndlit-1.c compilation, -O3 -fssa
FAIL: gcc.c-torture/execute/compndlit-1.c compilation, -Os
FAIL: gcc.c-torture/execute/va-arg-15.c execution, -O0
FAIL: gcc.c-torture/execute/va-arg-15.c execution, -O1
FAIL: gcc.c-torture/execute/va-arg-15.c execution, -O2
FAIL: gcc.c-torture/execute/va-arg-15.c execution, -O3 -fomit-frame-pointer
FAIL: gcc.c-torture/execute/va-arg-15.c execution, -O3 -fomit-frame-pointer -funroll-loops
FAIL: gcc.c-torture/execute/va-arg-15.c execution, -O3 -fomit-frame-pointer -funroll-all-loops -finline-functions
FAIL: gcc.c-torture/execute/va-arg-15.c execution, -O3 -g
FAIL: gcc.c-torture/execute/va-arg-15.c execution, -O3 -fssa
FAIL: gcc.c-torture/execute/va-arg-15.c execution, -Os
FAIL: gcc.c-torture/execute/va-arg-16.c execution, -O0
FAIL: gcc.c-torture/execute/va-arg-16.c execution, -O1
FAIL: gcc.c-torture/execute/va-arg-16.c execution, -O2
FAIL: gcc.c-torture/execute/va-arg-16.c execution, -O3 -fomit-frame-pointer
FAIL: gcc.c-torture/execute/va-arg-16.c execution, -O3 -g
FAIL: gcc.c-torture/execute/va-arg-16.c execution, -O3 -fssa
FAIL: gcc.c-torture/execute/va-arg-16.c execution, -Os
FAIL: gcc.c-torture/execute/va-arg-17.c execution, -O0
FAIL: gcc.c-torture/execute/va-arg-17.c execution, -O1
FAIL: gcc.c-torture/execute/va-arg-17.c execution, -O2
FAIL: gcc.c-torture/execute/va-arg-17.c execution, -O3 -fomit-frame-pointer
FAIL: gcc.c-torture/execute/va-arg-17.c execution, -O3 -g
FAIL: gcc.c-torture/execute/va-arg-17.c execution, -O3 -fssa
FAIL: gcc.c-torture/execute/va-arg-17.c execution, -Os
FAIL: gcc.c-torture/execute/ieee/20000320-1.c execution, -O0
FAIL: gcc.c-torture/execute/ieee/20000320-1.c execution, -O1
FAIL: gcc.c-torture/execute/ieee/20000320-1.c execution, -O2
FAIL: gcc.c-torture/execute/ieee/20000320-1.c execution, -O3 -fomit-frame-pointer
FAIL: gcc.c-torture/execute/ieee/20000320-1.c execution, -O3 -g
FAIL: gcc.c-torture/execute/ieee/20000320-1.c execution, -O3 -fssa
FAIL: gcc.c-torture/execute/ieee/20000320-1.c execution, -Os
FAIL: gcc.c-torture/execute/ieee/fp-cmp-4.c compilation, -O0
FAIL: gcc.c-torture/execute/ieee/fp-cmp-4.c compilation, -O1
FAIL: gcc.c-torture/execute/ieee/fp-cmp-4.c compilation, -O2
FAIL: gcc.c-torture/execute/ieee/fp-cmp-4.c compilation, -O3 -fomit-frame-pointer
FAIL: gcc.c-torture/execute/ieee/fp-cmp-4.c compilation, -O3 -fomit-frame-pointer -funroll-loops
FAIL: gcc.c-torture/execute/ieee/fp-cmp-4.c compilation, -O3 -fomit-frame-pointer -funroll-all-loops -finline-functions
FAIL: gcc.c-torture/execute/ieee/fp-cmp-4.c compilation, -O3 -g
FAIL: gcc.c-torture/execute/ieee/fp-cmp-4.c compilation, -O3 -fssa
FAIL: gcc.c-torture/execute/ieee/fp-cmp-4.c compilation, -Os
XPASS: gcc.c-torture/execute/memcheck/blkarg.c execution, -O0
XPASS: gcc.c-torture/execute/memcheck/blkarg.c execution, -O1
XPASS: gcc.c-torture/execute/memcheck/blkarg.c execution, -O2
XPASS: gcc.c-torture/execute/memcheck/blkarg.c execution, -Os
FAIL: gcc.c-torture/unsorted/loop386.c, -O3 -g
FAIL: gcc.dg/cpp/19990407-1.c (test for excess errors)
FAIL: gcc.dg/cpp/19990703-1.c (test for excess errors)
FAIL: gcc.dg/cpp/20000625-2.c (test for excess errors)
FAIL: gcc.dg/cpp/prag-imp.c (test for excess errors)
FAIL: gcc.dg/cpp/strp1.c (test for excess errors)
FAIL: gcc.dg/cpp/strp2.c (test for excess errors)
FAIL: gcc.dg/cpp/syshdr.c (test for excess errors)
FAIL: gcc.dg/20000419-2.c (test for excess errors)
FAIL: gcc.dg/c99-array-nonobj-1.c func [] arg (test for errors, line 26)
FAIL: gcc.dg/c99-array-nonobj-1.c (test for excess errors)
FAIL: gcc.dg/wtr-int-type-1.c decimal constant (test for warnings, line 40)
FAIL: alias-1.c
FAIL: wkali-1.c
FAIL: wkali-2b.o
FAIL: linkage.c
=== gcc Summary for unix ===
# of expected passes 13856
# of unexpected failures 89
# of unexpected successes 4
# of expected failures 69
# of unresolved testcases 36
# of unsupported tests 46
=== gcc Summary ===
# of expected passes 27619
# of unexpected failures 234
# of unexpected successes 8
# of expected failures 138
# of unresolved testcases 107
# of unsupported tests 92
/caip/u99/ghazi/gcc-testing/build/gcc/xgcc version 2.96 20000926 (experimental)
=== g77 tests ===
Running target unix/-mabi=64
FAIL: g77.f-torture/execute/short.f execution, -Os
=== g77 Summary for unix/-mabi=64 ===
# of expected passes 982
# of unexpected failures 1
Running target unix
FAIL: g77.f-torture/execute/short.f execution, -Os
=== g77 Summary for unix ===
# of expected passes 982
# of unexpected failures 1
=== g77 Summary ===
# of expected passes 1964
# of unexpected failures 2
=== g++ tests ===
Running target unix/-mabi=64
FAIL: g++.dg/special/conpr-1.C execution test
FAIL: g++.dg/special/conpr-2.C execution test
FAIL: g++.dg/special/conpr-3.C execution test
FAIL: g++.dg/special/conpr-3.C execution test
FAIL: g++.benjamin/15071.C (test for excess errors)
FAIL: g++.benjamin/bool01.C (test for excess errors)
FAIL: g++.benjamin/p12475.C (test for warnings, line 14)
FAIL: g++.benjamin/p12475.C (test for excess errors)
FAIL: g++.brendan/copy9.C (test for excess errors)
FAIL: g++.brendan/crash15.C destructor (test for errors, line 19)
FAIL: g++.brendan/crash15.C (test for excess errors)
FAIL: g++.brendan/crash20.C (test for excess errors)
FAIL: g++.brendan/crash30.C (test for excess errors)
FAIL: g++.brendan/crash38.C (test for excess errors)
FAIL: g++.brendan/crash49.C return type for main (test for errors, line 9)
FAIL: g++.brendan/crash49.C (test for excess errors)
FAIL: g++.brendan/crash52.C ambiguates.* (test for errors, line 7)
FAIL: g++.brendan/crash52.C new decl.* (test for errors, line 10)
FAIL: g++.brendan/crash52.C non-void function (test for errors, line 12)
FAIL: g++.brendan/crash52.C (test for excess errors)
FAIL: g++.brendan/crash62.C cannot convert .die.* (test for errors, line 29)
FAIL: g++.brendan/crash62.C (test for excess errors)
FAIL: g++.brendan/cvt1.C comma (test for errors, line 8)
FAIL: g++.brendan/cvt1.C comma (test for errors, line 18)
FAIL: g++.brendan/cvt1.C (test for excess errors)
FAIL: g++.brendan/err-msg3.C (test for excess errors)
FAIL: g++.brendan/nest21.C (test for excess errors)
FAIL: g++.brendan/new3.C (test for excess errors)
FAIL: g++.brendan/ptolemy2.C (test for excess errors)
FAIL: g++.brendan/template8.C (test for excess errors)
FAIL: g++.brendan/temporary1.C (test for excess errors)
FAIL: g++.eh/badalloc1.C Execution test
FAIL: g++.eh/catchptr1.C (test for excess errors)
FAIL: g++.eh/cleanup2.C (test for excess errors)
FAIL: g++.eh/flow1.C (test for excess errors)
FAIL: g++.eh/new1.C (test for excess errors)
FAIL: g++.eh/new2.C (test for excess errors)
FAIL: g++.eh/rethrow1.C (test for excess errors)
FAIL: g++.eh/rethrow2.C (test for excess errors)
FAIL: g++.eh/rethrow3.C (test for excess errors)
FAIL: g++.eh/rethrow4.C (test for excess errors)
FAIL: g++.eh/rethrow5.C (test for excess errors)
FAIL: g++.eh/rethrow6.C (test for excess errors)
FAIL: g++.eh/spec1.C (test for excess errors)
FAIL: g++.eh/spec2.C (test for excess errors)
FAIL: g++.eh/spec3.C (test for excess errors)
FAIL: g++.eh/spec4.C (test for excess errors)
FAIL: g++.ext/initp1.C Execution test
FAIL: g++.ext/instantiate1.C not instantiated (test for errors, line 18)
FAIL: g++.ext/instantiate1.C not instantiated (test for errors, line 20)
FAIL: g++.ext/instantiate2.C not instantiated (test for errors, line 16)
FAIL: g++.ext/instantiate3.C not instantiated (test for errors, line 13)
FAIL: g++.ext/pretty2.C (test for excess errors)
FAIL: g++.ext/pretty3.C (test for excess errors)
FAIL: g++.jason/access23.C protected (test for errors, line 20)
FAIL: g++.jason/access23.C protected (test for errors, line 25)
FAIL: g++.jason/access23.C protected (test for errors, line 26)
FAIL: g++.jason/access23.C private (test for errors, line 29)
FAIL: g++.jason/access23.C private (test for errors, line 30)
FAIL: g++.jason/access23.C private (test for errors, line 35)
FAIL: g++.jason/access23.C private (test for errors, line 36)
FAIL: g++.jason/access23.C (test for errors, line 52)
FAIL: g++.jason/access23.C (test for errors, line 53)
FAIL: g++.jason/access23.C (test for errors, line 54)
FAIL: g++.jason/access23.C (test for errors, line 55)
FAIL: g++.jason/access23.C (test for errors, line 56)
FAIL: g++.jason/access23.C (test for errors, line 67)
FAIL: g++.jason/access23.C (test for errors, line 68)
FAIL: g++.jason/access23.C (test for errors, line 69)
FAIL: g++.jason/access23.C (test for errors, line 70)
FAIL: g++.jason/access23.C (test for errors, line 71)
FAIL: g++.jason/access23.C (test for errors, line 72)
FAIL: g++.jason/access23.C (test for errors, line 75)
FAIL: g++.jason/access23.C (test for errors, line 76)
FAIL: g++.jason/access23.C (test for errors, line 77)
FAIL: g++.jason/access23.C (test for errors, line 78)
FAIL: g++.jason/access23.C (test for excess errors)
FAIL: g++.jason/init3.C (test for excess errors)
FAIL: g++.jason/rfg10.C enum overflow (test for errors, line 9)
FAIL: g++.jason/rfg10.C (test for excess errors)
FAIL: g++.jason/rfg7.C - wchar_t (test for bogus messages, line 6)
FAIL: g++.jason/rfg7.C (test for excess errors)
FAIL: g++.jason/template24.C (test for excess errors)
FAIL: g++.jason/template26.C (test for excess errors)
FAIL: g++.jason/template31.C (test for excess errors)
FAIL: g++.jason/template44.C (test for excess errors)
FAIL: g++.jason/typeid1.C (test for excess errors)
FAIL: g++.law/arg1.C candidate (test for errors, line 12)
FAIL: g++.law/arg1.C candidate (test for errors, line 13)
FAIL: g++.law/arg1.C candidate (test for errors, line 18)
FAIL: g++.law/arg1.C candidate (test for errors, line 19)
FAIL: g++.law/arg1.C .* (test for errors, line 27)
FAIL: g++.law/arg1.C .* (test for errors, line 28)
FAIL: g++.law/arg1.C (test for excess errors)
FAIL: g++.law/arg7.C (test for excess errors)
FAIL: g++.law/arg8.C (test for excess errors)
FAIL: g++.law/arg9.C (test for excess errors)
FAIL: g++.law/arm12.C .* (test for errors, line 26)
FAIL: g++.law/arm12.C within this (test for errors, line 36)
FAIL: g++.law/arm12.C (test for excess errors)
FAIL: g++.law/arm13.C (test for excess errors)
FAIL: g++.law/arm15.C (test for excess errors)
FAIL: g++.law/arm9.C .* (test for errors, line 26)
FAIL: g++.law/arm9.C (test for excess errors)
FAIL: g++.law/array1.C (test for excess errors)
FAIL: g++.law/bad-error7.C (test for excess errors)
FAIL: g++.law/bit-fields2.C (test for excess errors)
FAIL: g++.law/code-gen1.C (test for excess errors)
FAIL: g++.law/code-gen2.C (test for excess errors)
FAIL: g++.law/code-gen5.C (test for excess errors)
FAIL: g++.law/copy1.C (test for excess errors)
FAIL: g++.law/ctors10.C .* (test for errors, line 21)
FAIL: g++.law/ctors10.C (test for excess errors)
FAIL: g++.law/ctors12.C (test for excess errors)
FAIL: g++.law/ctors13.C .* (test for errors, line 6)
FAIL: g++.law/ctors13.C .* (test for errors, line 10)
FAIL: g++.law/ctors13.C (test for excess errors)
FAIL: g++.law/ctors15.C (test for excess errors)
FAIL: g++.law/ctors16.C (test for excess errors)
FAIL: g++.law/ctors17.C candidate (test for errors, line 14)
FAIL: g++.law/ctors17.C candidate (test for errors, line 15)
FAIL: g++.law/ctors17.C .* (test for errors, line 20)
FAIL: g++.law/ctors17.C (test for excess errors)
FAIL: g++.law/ctors2.C (test for excess errors)
FAIL: g++.law/ctors6.C (test for excess errors)
FAIL: g++.law/ctors8.C (test for excess errors)
FAIL: g++.law/cvt10.C (test for excess errors)
FAIL: g++.law/cvt11.C bad initialization (test for errors, line 13)
FAIL: g++.law/cvt11.C (test for excess errors)
FAIL: g++.law/cvt12.C (test for excess errors)
FAIL: g++.law/cvt16.C (test for excess errors)
FAIL: g++.law/cvt2.C (test for excess errors)
FAIL: g++.law/cvt7.C (test for excess errors)
FAIL: g++.law/dtors2.C (test for excess errors)
FAIL: g++.law/dtors3.C (test for excess errors)
FAIL: g++.law/dtors4.C (test for excess errors)
FAIL: g++.law/dtors5.C (test for excess errors)
FAIL: g++.law/global-init1.C (test for excess errors)
FAIL: g++.law/init11.C (test for excess errors)
FAIL: g++.law/init14.C (test for excess errors)
FAIL: g++.law/missed-error2.C candidate (test for errors, line 11)
FAIL: g++.law/missed-error2.C candidate (test for errors, line 12)
FAIL: g++.law/missed-error2.C .* (test for errors, line 15)
FAIL: g++.law/missed-error2.C (test for errors, line 26)
FAIL: g++.law/missed-error2.C (test for excess errors)
FAIL: g++.law/nest3.C (test for excess errors)
FAIL: g++.law/operators16.C (test for excess errors)
FAIL: g++.law/operators23.C (test for excess errors)
FAIL: g++.law/operators28.C (test for excess errors)
FAIL: g++.law/operators30.C (test for excess errors)
FAIL: g++.law/operators32.C type.*// ERROR - trying to.* (test for errors, line 52)
FAIL: g++.law/operators32.C type.*// ERROR - trying to.* (test for errors, line 53)
FAIL: g++.law/operators32.C (test for excess errors)
FAIL: g++.law/operators33.C (test for excess errors)
FAIL: g++.law/operators4.C warning (test for errors, line 17)
FAIL: g++.law/operators4.C (test for excess errors)
FAIL: g++.law/operators8.C (test for excess errors)
FAIL: g++.law/refs1.C (test for excess errors)
FAIL: g++.law/scope2.C (test for excess errors)
FAIL: g++.law/temps2.C (test for excess errors)
FAIL: g++.law/temps3.C (test for excess errors)
FAIL: g++.law/temps5.C (test for excess errors)
FAIL: g++.law/temps6.C (test for excess errors)
FAIL: g++.law/vbase1.C (test for excess errors)
FAIL: g++.law/virtual2.C (test for excess errors)
FAIL: g++.law/virtual3.C (test for excess errors)
FAIL: g++.law/virtual4.C (test for excess errors)
FAIL: g++.law/visibility1.C (test for excess errors)
FAIL: g++.law/visibility10.C .* (test for errors, line 13)
FAIL: g++.law/visibility10.C (test for excess errors)
FAIL: g++.law/visibility13.C .struct Array_RC redecl.* (test for errors, line 17)
FAIL: g++.law/visibility13.C private (test for errors, line 26)
FAIL: g++.law/visibility13.C private (test for errors, line 27)
FAIL: g++.law/visibility13.C previous declaration.* (test for errors, line 66)
FAIL: g++.law/visibility13.C member .size.* (test for errors, line 77)
FAIL: g++.law/visibility13.C member .ia.* (test for errors, line 78)
FAIL: g++.law/visibility13.C instantiated from here (test for errors, line 100)
FAIL: g++.law/visibility13.C (test for excess errors)
FAIL: g++.law/visibility15.C .* (test for errors, line 13)
FAIL: g++.law/visibility15.C .* (test for errors, line 24)
FAIL: g++.law/visibility15.C (test for excess errors)
FAIL: g++.law/visibility17.C private (test for errors, line 35)
FAIL: g++.law/visibility17.C private (test for errors, line 40)
FAIL: g++.law/visibility17.C .* (test for errors, line 46)
FAIL: g++.law/visibility17.C .* (test for errors, line 51)
FAIL: g++.law/visibility17.C (test for excess errors)
FAIL: g++.law/visibility2.C (test for excess errors)
FAIL: g++.law/visibility22.C (test for excess errors)
FAIL: g++.law/visibility25.C (test for excess errors)
FAIL: g++.law/visibility7.C private (test for errors, line 19)
FAIL: g++.law/visibility7.C private (test for errors, line 21)
FAIL: g++.law/visibility7.C .* (test for errors, line 56)
FAIL: g++.law/visibility7.C .* (test for errors, line 58)
FAIL: g++.law/visibility7.C (test for excess errors)
FAIL: g++.martin/bitset1.C (test for excess errors)
FAIL: g++.martin/new1.C (test for excess errors)
FAIL: g++.mike/net46.C (test for excess errors)
FAIL: g++.mike/ns15.C (test for excess errors)
FAIL: g++.mike/p2736.C (test for excess errors)
FAIL: g++.mike/p658.C (test for excess errors)
FAIL: g++.mike/p710.C (test for excess errors)
FAIL: g++.mike/rtti1.C (test for excess errors)
FAIL: g++.ns/koenig9.C multiple overloaded count functions (test for errors, line 12)
FAIL: g++.ns/koenig9.C (test for excess errors)
FAIL: g++.ns/new1.C (test for excess errors)
FAIL: g++.ns/using4.C vector is not a namespace (test for errors, line 4)
FAIL: g++.ns/using4.C (test for excess errors)
FAIL: g++.ns/using6.C (test for excess errors)
FAIL: g++.oliva/new1.C (test for excess errors)
FAIL: g++.other/align.C (test for excess errors)
FAIL: g++.other/crash18.C (test for excess errors)
FAIL: g++.other/dyncast6.C (test for excess errors)
FAIL: g++.other/headers1.C (test for excess errors)
FAIL: g++.other/incomplete.C caused compiler crash
FAIL: g++.other/init9.C jump from here (test for errors, line 16)
FAIL: g++.other/init9.C jump crosses initialization (test for errors, line 17)
FAIL: g++.other/init9.C jump to here (test for errors, line 18)
FAIL: g++.other/init9.C jump crosses initialization (test for errors, line 28)
FAIL: g++.other/init9.C jump to here (test for errors, line 29)
FAIL: g++.other/init9.C jump from here (test for errors, line 36)
FAIL: g++.other/init9.C jump crosses initialization (test for errors, line 37)
FAIL: g++.other/init9.C jump to here (test for errors, line 38)
FAIL: g++.other/init9.C (test for excess errors)
FAIL: g++.other/inline14.C (test for excess errors)
FAIL: g++.other/loop2.C caused compiler crash
FAIL: g++.other/null2.C (test for excess errors)
FAIL: g++.other/vaarg1.C (test for excess errors)
FAIL: g++.other/vtbl2.C (test for excess errors)
FAIL: g++.pt/crash9.C caused compiler crash
FAIL: g++.pt/ttp19.C (test for excess errors)
FAIL: g++.pt/ttp40.C (test for excess errors)
FAIL: g++.pt/ttp62.C (test for excess errors)
FAIL: g++.robertl/eb102.C (test for excess errors)
FAIL: g++.robertl/eb104.C (test for excess errors)
FAIL: g++.robertl/eb109.C candidates (test for errors, line 20)
FAIL: g++.robertl/eb109.C no size function (test for errors, line 42)
FAIL: g++.robertl/eb109.C no index operator (test for errors, line 44)
FAIL: g++.robertl/eb109.C no index operator (test for errors, line 48)
FAIL: g++.robertl/eb109.C no index operator (test for errors, line 49)
FAIL: g++.robertl/eb109.C no index operator (test for errors, line 54)
FAIL: g++.robertl/eb109.C no bool constructor (test for errors, line 65)
FAIL: g++.robertl/eb109.C (test for excess errors)
FAIL: g++.robertl/eb113.C (test for excess errors)
FAIL: g++.robertl/eb114.C (test for excess errors)
FAIL: g++.robertl/eb124.C (test for excess errors)
FAIL: g++.robertl/eb126.C (test for excess errors)
FAIL: g++.robertl/eb127.C should use this->* (test for errors, line 50)
FAIL: g++.robertl/eb127.C (test for excess errors)
FAIL: g++.robertl/eb129.C (test for errors, line 20)
FAIL: g++.robertl/eb129.C (test for excess errors)
FAIL: g++.robertl/eb129a.C (test for excess errors)
FAIL: g++.robertl/eb15.C (test for excess errors)
FAIL: g++.robertl/eb21.C (test for excess errors)
FAIL: g++.robertl/eb24.C (test for excess errors)
FAIL: g++.robertl/eb28.C (test for excess errors)
FAIL: g++.robertl/eb29.C (test for excess errors)
FAIL: g++.robertl/eb3.C (test for excess errors)
FAIL: g++.robertl/eb30.C (test for excess errors)
FAIL: g++.robertl/eb31.C (test for excess errors)
FAIL: g++.robertl/eb33.C (test for excess errors)
FAIL: g++.robertl/eb36.C default arg for member template (test for errors, line 16)
FAIL: g++.robertl/eb36.C (test for excess errors)
FAIL: g++.robertl/eb39.C (test for excess errors)
FAIL: g++.robertl/eb4.C referenced below (test for errors, line 9)
FAIL: g++.robertl/eb4.C illegal member syntax (test for errors, line 32)
FAIL: g++.robertl/eb4.C abstract class (test for errors, line 40)
FAIL: g++.robertl/eb4.C incomplete class (test for errors, line 41)
FAIL: g++.robertl/eb4.C dfs not declared (test for errors, line 46)
FAIL: g++.robertl/eb4.C (test for excess errors)
FAIL: g++.robertl/eb41.C (test for excess errors)
FAIL: g++.robertl/eb43.C (test for excess errors)
FAIL: g++.robertl/eb44.C (test for warnings, line 14)
FAIL: g++.robertl/eb44.C (test for excess errors)
FAIL: g++.robertl/eb46.C (test for excess errors)
FAIL: g++.robertl/eb54.C (test for excess errors)
FAIL: g++.robertl/eb55.C inaccessible copy constructor (test for errors, line 10)
FAIL: g++.robertl/eb59.C (test for excess errors)
FAIL: g++.robertl/eb60.C (test for excess errors)
FAIL: g++.robertl/eb62.C (test for excess errors)
FAIL: g++.robertl/eb65.C (test for excess errors)
FAIL: g++.robertl/eb66.C (test for excess errors)
FAIL: g++.robertl/eb7.C (test for excess errors)
FAIL: g++.robertl/eb77.C (test for excess errors)
FAIL: g++.robertl/eb79.C bogus code (test for errors, line 11)
FAIL: g++.robertl/eb79.C (test for excess errors)
FAIL: g++.robertl/eb82.C bogus code (test for errors, line 5)
FAIL: g++.robertl/eb82.C (test for excess errors)
FAIL: g++.robertl/eb91.C (test for excess errors)
=== g++ Summary for unix/-mabi=64 ===
# of expected passes 5626
# of unexpected failures 288
# of expected failures 193
# of untested testcases 18
Running target unix
FAIL: g++.dg/special/conpr-1.C execution test
FAIL: g++.dg/special/conpr-2.C execution test
FAIL: g++.dg/special/conpr-3.C execution test
FAIL: g++.dg/special/conpr-3.C execution test
FAIL: g++.benjamin/15071.C (test for excess errors)
FAIL: g++.benjamin/bool01.C (test for excess errors)
FAIL: g++.benjamin/p12475.C (test for warnings, line 14)
FAIL: g++.benjamin/p12475.C (test for excess errors)
FAIL: g++.brendan/copy9.C (test for excess errors)
FAIL: g++.brendan/crash15.C destructor (test for errors, line 19)
FAIL: g++.brendan/crash15.C (test for excess errors)
FAIL: g++.brendan/crash20.C (test for excess errors)
FAIL: g++.brendan/crash30.C (test for excess errors)
FAIL: g++.brendan/crash38.C (test for excess errors)
FAIL: g++.brendan/crash49.C return type for main (test for errors, line 9)
FAIL: g++.brendan/crash49.C (test for excess errors)
FAIL: g++.brendan/crash52.C ambiguates.* (test for errors, line 7)
FAIL: g++.brendan/crash52.C new decl.* (test for errors, line 10)
FAIL: g++.brendan/crash52.C non-void function (test for errors, line 12)
FAIL: g++.brendan/crash52.C (test for excess errors)
FAIL: g++.brendan/crash62.C cannot convert .die.* (test for errors, line 29)
FAIL: g++.brendan/crash62.C (test for excess errors)
FAIL: g++.brendan/cvt1.C comma (test for errors, line 8)
FAIL: g++.brendan/cvt1.C comma (test for errors, line 18)
FAIL: g++.brendan/cvt1.C (test for excess errors)
FAIL: g++.brendan/err-msg3.C (test for excess errors)
FAIL: g++.brendan/nest21.C (test for excess errors)
FAIL: g++.brendan/new3.C (test for excess errors)
FAIL: g++.brendan/ptolemy2.C (test for excess errors)
FAIL: g++.brendan/template8.C (test for excess errors)
FAIL: g++.brendan/temporary1.C (test for excess errors)
FAIL: g++.eh/catchptr1.C (test for excess errors)
FAIL: g++.eh/cleanup2.C (test for excess errors)
FAIL: g++.eh/flow1.C (test for excess errors)
FAIL: g++.eh/new1.C (test for excess errors)
FAIL: g++.eh/new2.C (test for excess errors)
FAIL: g++.eh/rethrow1.C (test for excess errors)
FAIL: g++.eh/rethrow2.C (test for excess errors)
FAIL: g++.eh/rethrow3.C (test for excess errors)
FAIL: g++.eh/rethrow4.C (test for excess errors)
FAIL: g++.eh/rethrow5.C (test for excess errors)
FAIL: g++.eh/rethrow6.C (test for excess errors)
FAIL: g++.eh/spec1.C (test for excess errors)
FAIL: g++.eh/spec2.C (test for excess errors)
FAIL: g++.eh/spec3.C (test for excess errors)
FAIL: g++.eh/spec4.C (test for excess errors)
FAIL: g++.ext/initp1.C Execution test
FAIL: g++.ext/instantiate1.C not instantiated (test for errors, line 18)
FAIL: g++.ext/instantiate1.C not instantiated (test for errors, line 20)
FAIL: g++.ext/instantiate2.C not instantiated (test for errors, line 16)
FAIL: g++.ext/instantiate3.C not instantiated (test for errors, line 13)
FAIL: g++.ext/pretty2.C (test for excess errors)
FAIL: g++.ext/pretty3.C (test for excess errors)
FAIL: g++.jason/access23.C protected (test for errors, line 20)
FAIL: g++.jason/access23.C protected (test for errors, line 25)
FAIL: g++.jason/access23.C protected (test for errors, line 26)
FAIL: g++.jason/access23.C private (test for errors, line 29)
FAIL: g++.jason/access23.C private (test for errors, line 30)
FAIL: g++.jason/access23.C private (test for errors, line 35)
FAIL: g++.jason/access23.C private (test for errors, line 36)
FAIL: g++.jason/access23.C (test for errors, line 52)
FAIL: g++.jason/access23.C (test for errors, line 53)
FAIL: g++.jason/access23.C (test for errors, line 54)
FAIL: g++.jason/access23.C (test for errors, line 55)
FAIL: g++.jason/access23.C (test for errors, line 56)
FAIL: g++.jason/access23.C (test for errors, line 67)
FAIL: g++.jason/access23.C (test for errors, line 68)
FAIL: g++.jason/access23.C (test for errors, line 69)
FAIL: g++.jason/access23.C (test for errors, line 70)
FAIL: g++.jason/access23.C (test for errors, line 71)
FAIL: g++.jason/access23.C (test for errors, line 72)
FAIL: g++.jason/access23.C (test for errors, line 75)
FAIL: g++.jason/access23.C (test for errors, line 76)
FAIL: g++.jason/access23.C (test for errors, line 77)
FAIL: g++.jason/access23.C (test for errors, line 78)
FAIL: g++.jason/access23.C (test for excess errors)
FAIL: g++.jason/init3.C (test for excess errors)
FAIL: g++.jason/rfg10.C enum overflow (test for errors, line 9)
FAIL: g++.jason/rfg10.C (test for excess errors)
FAIL: g++.jason/rfg7.C - wchar_t (test for bogus messages, line 6)
FAIL: g++.jason/rfg7.C (test for excess errors)
FAIL: g++.jason/template24.C (test for excess errors)
FAIL: g++.jason/template26.C (test for excess errors)
FAIL: g++.jason/template31.C (test for excess errors)
FAIL: g++.jason/template44.C (test for excess errors)
FAIL: g++.jason/typeid1.C (test for excess errors)
FAIL: g++.law/arg1.C candidate (test for errors, line 12)
FAIL: g++.law/arg1.C candidate (test for errors, line 13)
FAIL: g++.law/arg1.C candidate (test for errors, line 18)
FAIL: g++.law/arg1.C candidate (test for errors, line 19)
FAIL: g++.law/arg1.C .* (test for errors, line 27)
FAIL: g++.law/arg1.C .* (test for errors, line 28)
FAIL: g++.law/arg1.C (test for excess errors)
FAIL: g++.law/arg7.C (test for excess errors)
FAIL: g++.law/arg8.C (test for excess errors)
FAIL: g++.law/arg9.C (test for excess errors)
FAIL: g++.law/arm12.C .* (test for errors, line 26)
FAIL: g++.law/arm12.C within this (test for errors, line 36)
FAIL: g++.law/arm12.C (test for excess errors)
FAIL: g++.law/arm13.C (test for excess errors)
FAIL: g++.law/arm15.C (test for excess errors)
FAIL: g++.law/arm9.C .* (test for errors, line 26)
FAIL: g++.law/arm9.C (test for excess errors)
FAIL: g++.law/array1.C (test for excess errors)
FAIL: g++.law/bad-error7.C (test for excess errors)
FAIL: g++.law/bit-fields2.C (test for excess errors)
FAIL: g++.law/code-gen1.C (test for excess errors)
FAIL: g++.law/code-gen2.C (test for excess errors)
FAIL: g++.law/code-gen5.C (test for excess errors)
FAIL: g++.law/copy1.C (test for excess errors)
FAIL: g++.law/ctors10.C .* (test for errors, line 21)
FAIL: g++.law/ctors10.C (test for excess errors)
FAIL: g++.law/ctors12.C (test for excess errors)
FAIL: g++.law/ctors13.C .* (test for errors, line 6)
FAIL: g++.law/ctors13.C .* (test for errors, line 10)
FAIL: g++.law/ctors13.C (test for excess errors)
FAIL: g++.law/ctors15.C (test for excess errors)
FAIL: g++.law/ctors16.C (test for excess errors)
FAIL: g++.law/ctors17.C candidate (test for errors, line 14)
FAIL: g++.law/ctors17.C candidate (test for errors, line 15)
FAIL: g++.law/ctors17.C .* (test for errors, line 20)
FAIL: g++.law/ctors17.C (test for excess errors)
FAIL: g++.law/ctors2.C (test for excess errors)
FAIL: g++.law/ctors6.C (test for excess errors)
FAIL: g++.law/ctors8.C (test for excess errors)
FAIL: g++.law/cvt10.C (test for excess errors)
FAIL: g++.law/cvt11.C bad initialization (test for errors, line 13)
FAIL: g++.law/cvt11.C (test for excess errors)
FAIL: g++.law/cvt12.C (test for excess errors)
FAIL: g++.law/cvt16.C (test for excess errors)
FAIL: g++.law/cvt2.C (test for excess errors)
FAIL: g++.law/cvt7.C (test for excess errors)
FAIL: g++.law/dtors2.C (test for excess errors)
FAIL: g++.law/dtors3.C (test for excess errors)
FAIL: g++.law/dtors4.C (test for excess errors)
FAIL: g++.law/dtors5.C (test for excess errors)
FAIL: g++.law/global-init1.C (test for excess errors)
FAIL: g++.law/init11.C (test for excess errors)
FAIL: g++.law/init14.C (test for excess errors)
FAIL: g++.law/missed-error2.C candidate (test for errors, line 11)
FAIL: g++.law/missed-error2.C candidate (test for errors, line 12)
FAIL: g++.law/missed-error2.C .* (test for errors, line 15)
FAIL: g++.law/missed-error2.C (test for errors, line 26)
FAIL: g++.law/missed-error2.C (test for excess errors)
FAIL: g++.law/nest3.C (test for excess errors)
FAIL: g++.law/operators16.C (test for excess errors)
FAIL: g++.law/operators23.C (test for excess errors)
FAIL: g++.law/operators28.C (test for excess errors)
FAIL: g++.law/operators30.C (test for excess errors)
FAIL: g++.law/operators32.C type.*// ERROR - trying to.* (test for errors, line 52)
FAIL: g++.law/operators32.C type.*// ERROR - trying to.* (test for errors, line 53)
FAIL: g++.law/operators32.C (test for excess errors)
FAIL: g++.law/operators33.C (test for excess errors)
FAIL: g++.law/operators4.C warning (test for errors, line 17)
FAIL: g++.law/operators4.C (test for excess errors)
FAIL: g++.law/operators8.C (test for excess errors)
FAIL: g++.law/refs1.C (test for excess errors)
FAIL: g++.law/scope2.C (test for excess errors)
FAIL: g++.law/temps2.C (test for excess errors)
FAIL: g++.law/temps3.C (test for excess errors)
FAIL: g++.law/temps5.C (test for excess errors)
FAIL: g++.law/temps6.C (test for excess errors)
FAIL: g++.law/vbase1.C (test for excess errors)
FAIL: g++.law/virtual2.C (test for excess errors)
FAIL: g++.law/virtual3.C (test for excess errors)
FAIL: g++.law/virtual4.C (test for excess errors)
FAIL: g++.law/visibility1.C (test for excess errors)
FAIL: g++.law/visibility10.C .* (test for errors, line 13)
FAIL: g++.law/visibility10.C (test for excess errors)
FAIL: g++.law/visibility13.C .struct Array_RC redecl.* (test for errors, line 17)
FAIL: g++.law/visibility13.C private (test for errors, line 26)
FAIL: g++.law/visibility13.C private (test for errors, line 27)
FAIL: g++.law/visibility13.C previous declaration.* (test for errors, line 66)
FAIL: g++.law/visibility13.C member .size.* (test for errors, line 77)
FAIL: g++.law/visibility13.C member .ia.* (test for errors, line 78)
FAIL: g++.law/visibility13.C instantiated from here (test for errors, line 100)
FAIL: g++.law/visibility13.C (test for excess errors)
FAIL: g++.law/visibility15.C .* (test for errors, line 13)
FAIL: g++.law/visibility15.C .* (test for errors, line 24)
FAIL: g++.law/visibility15.C (test for excess errors)
FAIL: g++.law/visibility17.C private (test for errors, line 35)
FAIL: g++.law/visibility17.C private (test for errors, line 40)
FAIL: g++.law/visibility17.C .* (test for errors, line 46)
FAIL: g++.law/visibility17.C .* (test for errors, line 51)
FAIL: g++.law/visibility17.C (test for excess errors)
FAIL: g++.law/visibility2.C (test for excess errors)
FAIL: g++.law/visibility22.C (test for excess errors)
FAIL: g++.law/visibility25.C (test for excess errors)
FAIL: g++.law/visibility7.C private (test for errors, line 19)
FAIL: g++.law/visibility7.C private (test for errors, line 21)
FAIL: g++.law/visibility7.C .* (test for errors, line 56)
FAIL: g++.law/visibility7.C .* (test for errors, line 58)
FAIL: g++.law/visibility7.C (test for excess errors)
FAIL: g++.martin/bitset1.C (test for excess errors)
FAIL: g++.martin/new1.C (test for excess errors)
FAIL: g++.mike/net46.C (test for excess errors)
FAIL: g++.mike/ns15.C (test for excess errors)
FAIL: g++.mike/p2736.C (test for excess errors)
FAIL: g++.mike/p658.C (test for excess errors)
FAIL: g++.mike/p710.C (test for excess errors)
FAIL: g++.mike/rtti1.C (test for excess errors)
FAIL: g++.ns/koenig9.C multiple overloaded count functions (test for errors, line 12)
FAIL: g++.ns/koenig9.C (test for excess errors)
FAIL: g++.ns/new1.C (test for excess errors)
FAIL: g++.ns/using4.C vector is not a namespace (test for errors, line 4)
FAIL: g++.ns/using4.C (test for excess errors)
FAIL: g++.ns/using6.C (test for excess errors)
FAIL: g++.oliva/new1.C (test for excess errors)
FAIL: g++.other/align.C (test for excess errors)
FAIL: g++.other/crash18.C (test for excess errors)
FAIL: g++.other/dyncast6.C (test for excess errors)
FAIL: g++.other/headers1.C (test for excess errors)
FAIL: g++.other/incomplete.C caused compiler crash
FAIL: g++.other/init9.C jump from here (test for errors, line 16)
FAIL: g++.other/init9.C jump crosses initialization (test for errors, line 17)
FAIL: g++.other/init9.C jump to here (test for errors, line 18)
FAIL: g++.other/init9.C jump crosses initialization (test for errors, line 28)
FAIL: g++.other/init9.C jump to here (test for errors, line 29)
FAIL: g++.other/init9.C jump from here (test for errors, line 36)
FAIL: g++.other/init9.C jump crosses initialization (test for errors, line 37)
FAIL: g++.other/init9.C jump to here (test for errors, line 38)
FAIL: g++.other/init9.C (test for excess errors)
FAIL: g++.other/inline14.C (test for excess errors)
FAIL: g++.other/loop2.C caused compiler crash
FAIL: g++.other/null2.C (test for excess errors)
FAIL: g++.other/vaarg1.C (test for excess errors)
FAIL: g++.other/vtbl2.C (test for excess errors)
FAIL: g++.pt/crash9.C caused compiler crash
FAIL: g++.pt/ttp19.C (test for excess errors)
FAIL: g++.pt/ttp40.C (test for excess errors)
FAIL: g++.pt/ttp62.C (test for excess errors)
FAIL: g++.robertl/eb102.C (test for excess errors)
FAIL: g++.robertl/eb104.C (test for excess errors)
FAIL: g++.robertl/eb109.C candidates (test for errors, line 20)
FAIL: g++.robertl/eb109.C no size function (test for errors, line 42)
FAIL: g++.robertl/eb109.C no index operator (test for errors, line 44)
FAIL: g++.robertl/eb109.C no index operator (test for errors, line 48)
FAIL: g++.robertl/eb109.C no index operator (test for errors, line 49)
FAIL: g++.robertl/eb109.C no index operator (test for errors, line 54)
FAIL: g++.robertl/eb109.C no bool constructor (test for errors, line 65)
FAIL: g++.robertl/eb109.C (test for excess errors)
FAIL: g++.robertl/eb113.C (test for excess errors)
FAIL: g++.robertl/eb114.C (test for excess errors)
FAIL: g++.robertl/eb124.C (test for excess errors)
FAIL: g++.robertl/eb126.C (test for excess errors)
FAIL: g++.robertl/eb127.C should use this->* (test for errors, line 50)
FAIL: g++.robertl/eb127.C (test for excess errors)
FAIL: g++.robertl/eb129.C (test for errors, line 20)
FAIL: g++.robertl/eb129.C (test for excess errors)
FAIL: g++.robertl/eb129a.C (test for excess errors)
FAIL: g++.robertl/eb15.C (test for excess errors)
FAIL: g++.robertl/eb21.C (test for excess errors)
FAIL: g++.robertl/eb24.C (test for excess errors)
FAIL: g++.robertl/eb28.C (test for excess errors)
FAIL: g++.robertl/eb29.C (test for excess errors)
FAIL: g++.robertl/eb3.C (test for excess errors)
FAIL: g++.robertl/eb30.C (test for excess errors)
FAIL: g++.robertl/eb31.C (test for excess errors)
FAIL: g++.robertl/eb33.C (test for excess errors)
FAIL: g++.robertl/eb36.C default arg for member template (test for errors, line 16)
FAIL: g++.robertl/eb36.C (test for excess errors)
FAIL: g++.robertl/eb39.C (test for excess errors)
FAIL: g++.robertl/eb4.C referenced below (test for errors, line 9)
FAIL: g++.robertl/eb4.C illegal member syntax (test for errors, line 32)
FAIL: g++.robertl/eb4.C abstract class (test for errors, line 40)
FAIL: g++.robertl/eb4.C incomplete class (test for errors, line 41)
FAIL: g++.robertl/eb4.C dfs not declared (test for errors, line 46)
FAIL: g++.robertl/eb4.C (test for excess errors)
FAIL: g++.robertl/eb41.C (test for excess errors)
FAIL: g++.robertl/eb43.C (test for excess errors)
FAIL: g++.robertl/eb44.C (test for warnings, line 14)
FAIL: g++.robertl/eb44.C (test for excess errors)
FAIL: g++.robertl/eb46.C (test for excess errors)
FAIL: g++.robertl/eb54.C (test for excess errors)
FAIL: g++.robertl/eb55.C inaccessible copy constructor (test for errors, line 10)
FAIL: g++.robertl/eb59.C (test for excess errors)
FAIL: g++.robertl/eb60.C (test for excess errors)
FAIL: g++.robertl/eb62.C (test for excess errors)
FAIL: g++.robertl/eb65.C (test for excess errors)
FAIL: g++.robertl/eb66.C (test for excess errors)
FAIL: g++.robertl/eb7.C (test for excess errors)
FAIL: g++.robertl/eb77.C (test for excess errors)
FAIL: g++.robertl/eb79.C bogus code (test for errors, line 11)
FAIL: g++.robertl/eb79.C (test for excess errors)
FAIL: g++.robertl/eb82.C bogus code (test for errors, line 5)
FAIL: g++.robertl/eb82.C (test for excess errors)
FAIL: g++.robertl/eb91.C (test for excess errors)
=== g++ Summary for unix ===
# of expected passes 5627
# of unexpected failures 287
# of expected failures 193
# of untested testcases 18
=== g++ Summary ===
# of expected passes 11253
# of unexpected failures 575
# of expected failures 386
# of untested testcases 36
/caip/u99/ghazi/gcc-testing/build/gcc/testsuite/../g++ version 2.96 20000926 (experimental)
=== libstdc++ tests ===
Running target unix/-mabi=64
=== libstdc++ Summary for unix/-mabi=64 ===
# of expected passes 30
Running target unix
=== libstdc++ Summary for unix ===
# of expected passes 30
=== libstdc++ Summary ===
# of expected passes 60
=== libio tests ===
Running target unix/-mabi=64
=== libio Summary for unix/-mabi=64 ===
# of expected passes 40
Running target unix
=== libio Summary for unix ===
# of expected passes 40
=== libio Summary ===
# of expected passes 80
Compiler version: 2.96 20000926 (experimental)
Platform: mips-sgi-irix6.2
configure flags: --host=mips-sgi-irix6.2 --verbose --enable-checking=misc,tree,rtl,gc
More information about the Gcc-testresults
mailing list