Results for 2.96 20000926 (experimental) testsuite on i586-pc-linux-gnu
Andris Pavenis
andris@hal.astr.lu.lv
Tue Sep 26 23:58:00 GMT 2000
Source: gcc mainline from CVS (last updated 2000 Sep 27 01:30 +0200)
System: Linux kernel 2.4.0-test8
glibc-2.1.3
binutils-2.10.0.24
Addons: libg++-2.8.1.3-20000914
Native configuration is i586-pc-linux-gnu
=== libio tests ===
Running target unix
=== libio Summary ===
# of expected passes 40
=== libstdc++ tests ===
Running target unix
=== libstdc++ Summary ===
# of expected passes 30
=== libg++ tests ===
Running target unix
=== libg++ Summary ===
# of expected passes 72
=== gcc tests ===
Running target unix
FAIL: gcc.c-torture/execute/20000225-1.c execution, -O2
FAIL: gcc.c-torture/execute/20000225-1.c execution, -O3 -fomit-frame-pointer
FAIL: gcc.c-torture/execute/20000225-1.c execution, -O3 -fomit-frame-pointer -funroll-loops
FAIL: gcc.c-torture/execute/20000225-1.c execution, -O3 -fomit-frame-pointer -funroll-all-loops -finline-functions
FAIL: gcc.c-torture/execute/20000225-1.c execution, -O3 -g
FAIL: gcc.c-torture/execute/20000225-1.c execution, -O3 -fssa
FAIL: gcc.c-torture/execute/20000225-1.c execution, -Os
FAIL: gcc.c-torture/execute/loop-2b.c execution, -O2
FAIL: gcc.dg/20000503-1.c (test for excess errors)
FAIL: gcc.dg/20000609-1.c execution test
FAIL: gcc.dg/20000614-1.c execution test
FAIL: gcc.dg/20000614-2.c execution test
FAIL: gcc.dg/20000724-1.c execution test
FAIL: gcc.dg/20000807-1.c (test for excess errors)
FAIL: gcc.dg/991214-1.c (test for excess errors)
FAIL: gcc.dg/c90-scanf-1.c trailing % warning (test for warnings, line 124)
FAIL: gcc.dg/c90-scanf-1.c (test for excess errors)
FAIL: gcc.dg/c99-array-nonobj-1.c func [] arg (test for errors, line 26)
FAIL: gcc.dg/c99-array-nonobj-1.c (test for excess errors)
FAIL: gcc.dg/format-va-1.c wrong type in format warning (test for bogus messages, line 11)
FAIL: gcc.dg/format-va-1.c format error (test for warnings, line 11)
FAIL: gcc.dg/noreturn-1.c this function should not get any warnings (test for bogus messages, line 52)
FAIL: gcc.dg/noreturn-1.c detect return from tail call (test for warnings, line 59)
FAIL: gcc.dg/noreturn-2.c noreturn does return (test for bogus messages, line 12)
FAIL: gcc.dg/return-type-2.c warning for falling off end of non-void function (test for bogus messages, line 24)
FAIL: gcc.dg/return-type-2.c warning for falling off end of non-void function (test for bogus messages, line 42)
FAIL: gcc.dg/wtr-int-type-1.c decimal constant (test for warnings, line 40)
FAIL: gcc.misc-tests/mg.c
=== gcc Summary ===
# of expected passes 12797
# of unexpected failures 28
# of expected failures 80
# of unsupported tests 18
/disk2/cvs/egcs-curr/build/build.lnx/gcc/xgcc version 2.96 20000926 (experimental)
=== g++ tests ===
Running target unix
FAIL: g++.benjamin/bool01.C (test for excess errors)
FAIL: g++.benjamin/p12475.C (test for warnings, line 14)
FAIL: g++.benjamin/p12475.C (test for excess errors)
FAIL: g++.ext/instantiate1.C not instantiated (test for errors, line 18)
FAIL: g++.ext/instantiate1.C not instantiated (test for errors, line 20)
FAIL: g++.jason/rfg10.C enum overflow (test for errors, line 9)
FAIL: g++.jason/rfg10.C (test for excess errors)
FAIL: g++.jason/template31.C (test for excess errors)
FAIL: g++.martin/bitset1.C (test for excess errors)
FAIL: g++.ns/koenig9.C multiple overloaded count functions (test for errors, line 12)
FAIL: g++.ns/koenig9.C (test for excess errors)
FAIL: g++.ns/using4.C vector is not a namespace (test for errors, line 4)
FAIL: g++.ns/using4.C (test for excess errors)
FAIL: g++.ns/using6.C (test for excess errors)
FAIL: g++.other/headers1.C (test for excess errors)
FAIL: g++.other/init9.C jump from here (test for errors, line 16)
FAIL: g++.other/init9.C jump crosses initialization (test for errors, line 17)
FAIL: g++.other/init9.C jump to here (test for errors, line 18)
FAIL: g++.other/init9.C jump from here (test for errors, line 27)
FAIL: g++.other/init9.C jump crosses initialization (test for errors, line 28)
FAIL: g++.other/init9.C jump to here (test for errors, line 29)
FAIL: g++.other/init9.C jump from here (test for errors, line 36)
FAIL: g++.other/init9.C jump crosses initialization (test for errors, line 37)
FAIL: g++.other/init9.C jump to here (test for errors, line 38)
FAIL: g++.other/init9.C (test for excess errors)
FAIL: g++.other/loop2.C caused compiler crash
FAIL: g++.pt/ttp19.C (test for excess errors)
FAIL: g++.pt/ttp40.C (test for excess errors)
FAIL: g++.robertl/eb109.C candidates (test for errors, line 20)
FAIL: g++.robertl/eb109.C no size function (test for errors, line 42)
FAIL: g++.robertl/eb109.C no index operator (test for errors, line 44)
FAIL: g++.robertl/eb109.C no index operator (test for errors, line 48)
FAIL: g++.robertl/eb109.C no index operator (test for errors, line 49)
FAIL: g++.robertl/eb109.C no index operator (test for errors, line 54)
FAIL: g++.robertl/eb109.C no bool constructor (test for errors, line 65)
FAIL: g++.robertl/eb109.C (test for excess errors)
FAIL: g++.robertl/eb127.C should use this->* (test for errors, line 50)
FAIL: g++.robertl/eb127.C (test for excess errors)
FAIL: g++.robertl/eb129.C (test for errors, line 20)
FAIL: g++.robertl/eb129.C (test for excess errors)
FAIL: g++.robertl/eb129a.C (test for errors, line 19)
FAIL: g++.robertl/eb129a.C (test for excess errors)
FAIL: g++.robertl/eb21.C (test for excess errors)
FAIL: g++.robertl/eb28.C (test for excess errors)
FAIL: g++.robertl/eb29.C (test for excess errors)
FAIL: g++.robertl/eb36.C default arg for member template (test for errors, line 16)
FAIL: g++.robertl/eb36.C (test for excess errors)
FAIL: g++.robertl/eb43.C constructor is explicit (test for errors, line 27)
FAIL: g++.robertl/eb43.C (test for excess errors)
FAIL: g++.robertl/eb59.C (test for excess errors)
FAIL: g++.robertl/eb62.C (test for excess errors)
FAIL: g++.robertl/eb7.C (test for excess errors)
FAIL: g++.robertl/eb91.C (test for excess errors)
=== g++ Summary ===
# of expected passes 5969
# of unexpected failures 53
# of expected failures 103
# of untested testcases 8
/disk2/cvs/egcs-curr/build/build.lnx/gcc/testsuite/../g++ version 2.96 20000926 (experimental)
=== g77 tests ===
Running target unix
FAIL: g77.f-torture/execute/short.f execution, -Os
=== g77 Summary ===
# of expected passes 982
# of unexpected failures 1
=== objc tests ===
Running target unix
=== objc Summary ===
# of expected passes 44
/disk2/cvs/egcs-curr/build/build.lnx/gcc/xgcc version 2.96 20000926 (experimental)
Compiler version: 2.96 20000926 (experimental)
Platform: i586-pc-linux-gnu
configure flags: --host=i586-pc-linux-gnu --enable-shared --with-gnu-ld --verbose
Counting all warnings,
there are 169 warnings in stage3 of this bootstrap.
Number of warnings per file:
35 ../../../egcs/gcc/java/verify.c
33 ../../egcs/gcc/combine.c
20 ../../egcs/gcc/config/i386/i386.c
17 ../../egcs/gcc/expr.c
10 ../../egcs/gcc/reg-stack.c
10 ../../egcs/gcc/cse.c
6 ../../egcs/gcc/loop.c
5 ../../../egcs/gcc/cp/error.c
4 ../../../egcs/gcc/java/jcf-reader.c
3 ../../egcs/gcc/gcc.c
3 ../../egcs/gcc/final.c
3 ../../egcs/gcc/cpplex.c
2 ../../egcs/gcc/reload.c
2 ../../egcs/gcc/libgcc2.c
2 ../../egcs/gcc/function.c
2 ../../egcs/gcc/fold-const.c
2 ../../egcs/gcc/alias.c
1 ../../egcs/gcc/print-rtl.c
1 ../../egcs/gcc/java/jvspec.c
1 ../../egcs/gcc/gcse.c
1 ../../egcs/gcc/f/lang-specs.h
1 ../../egcs/gcc/expmed.c
1 ../../egcs/gcc/dwarfout.c
1 ../../egcs/gcc/c-lex.c
1 ../../../egcs/gcc/java/jcf-parse.c
1 ../../../egcs/gcc/cp/search.c
1 ../../../egcs/gcc/cp/errfn.c
Number of warning types:
73 comparison between signed and unsigned
36 value computed is not used
11 `???' might be used uninitialized in this function
10 signed and unsigned type in conditional expression
6 function `???' was previously declared within a block
5 initialization from incompatible pointer type
4 unused variable `???'
4 string length `???' is greater than the minimum length `???' ISO C89 is required to support
4 `???' defined but not used
3 function declaration isn't a prototype
3 assignment discards qualifiers from pointer target type
2 traditional C rejects the 'u' suffix
1 unused parameter `???'
1 pointer targets in passing arg ??? of `???' differ in signedness
1 passing arg ??? of `???' discards qualifiers from pointer target type
1 no previous prototype for `???'
1 label `???' defined but not used
1 initialization discards qualifiers from pointer target type
1 implicit declaration of function `???'
1 function macro strcmp must be used with arguments in traditional C
More information about the Gcc-testresults
mailing list