Results for 2.96 20000925 (experimental) testsuite on armv3l-unknown-unknown-linux-gnu
Automatic Build System
build@netwinder.org
Tue Sep 26 13:37:00 GMT 2000
Native configuration is armv3l-unknown-unknown-linux-gnu
=== libio tests ===
Running target unix
FAIL: tiomanip.cc execution
=== libio Summary ===
# of expected passes 38
# of unexpected failures 1
# of expected failures 1
=== libstdc++ tests ===
Running target unix
FAIL: tlist.cc -O compilation
FAIL: tstring.cc -O execution
=== libstdc++ Summary ===
# of expected passes 25
# of unexpected failures 2
# of expected failures 3
=== gcc tests ===
Running target unix
FAIL: gcc.c-torture/compile/20000511-1.c, -O3 -fssa
FAIL: gcc.c-torture/compile/20000804-1.c, -O3 -fssa
FAIL: gcc.c-torture/compile/20000606-1.c, -O0
FAIL: gcc.c-torture/compile/20000606-1.c, -O1
FAIL: gcc.c-torture/compile/20000606-1.c, -O2
FAIL: gcc.c-torture/compile/20000606-1.c, -O3 -fomit-frame-pointer
FAIL: gcc.c-torture/compile/20000606-1.c, -O3 -g
FAIL: gcc.c-torture/compile/20000606-1.c, -O3 -fssa
FAIL: gcc.c-torture/compile/20000606-1.c, -Os
FAIL: gcc.c-torture/execute/20000225-1.c execution, -O2
FAIL: gcc.c-torture/execute/20000225-1.c execution, -O3 -fomit-frame-pointer
FAIL: gcc.c-torture/execute/20000225-1.c execution, -O3 -fomit-frame-pointer -funroll-loops
FAIL: gcc.c-torture/execute/20000225-1.c execution, -O3 -fomit-frame-pointer -funroll-all-loops -finline-functions
FAIL: gcc.c-torture/execute/20000225-1.c execution, -O3 -g
FAIL: gcc.c-torture/execute/20000225-1.c execution, -O3 -fssa
FAIL: gcc.c-torture/execute/20000225-1.c execution, -Os
FAIL: gcc.c-torture/execute/20000412-3.c compilation, -O3 -fssa
FAIL: gcc.c-torture/execute/20000703-1.c execution, -O3 -fssa
FAIL: gcc.c-torture/execute/20000706-1.c execution, -O3 -fssa
FAIL: gcc.c-torture/execute/20000706-2.c execution, -O3 -fssa
FAIL: gcc.c-torture/execute/921117-1.c execution, -O3 -fssa
FAIL: gcc.c-torture/execute/960419-2.c execution, -O3 -fssa
FAIL: gcc.c-torture/execute/961213-1.c execution, -O3 -fssa
FAIL: gcc.c-torture/execute/991216-1.c compilation, -O3 -g
FAIL: gcc.c-torture/execute/memcpy-bi.c execution, -O3 -fssa
FAIL: gcc.c-torture/execute/struct-ret-1.c execution, -O3 -fssa
XPASS: gcc.c-torture/execute/memcheck/blkarg.c execution, -O0
XPASS: gcc.c-torture/execute/memcheck/blkarg.c execution, -O1
XPASS: gcc.c-torture/execute/memcheck/blkarg.c execution, -O2
XPASS: gcc.c-torture/execute/memcheck/blkarg.c execution, -Os
FAIL: gcc.dg/cpp/syshdr.c (test for excess errors)
FAIL: gcc.dg/asm-names.c (test for excess errors)
FAIL: gcc.dg/c99-array-nonobj-1.c func [] arg (test for errors, line 26)
FAIL: gcc.dg/c99-array-nonobj-1.c (test for excess errors)
FAIL: gcc.dg/format-va-1.c wrong type in format warning (test for bogus messages, line 11)
FAIL: gcc.dg/format-va-1.c format error (test for warnings, line 11)
FAIL: gcc.dg/noreturn-1.c this function should not get any warnings (test for bogus messages, line 52)
FAIL: gcc.dg/noreturn-1.c detect return from tail call (test for warnings, line 59)
FAIL: gcc.dg/noreturn-2.c noreturn does return (test for bogus messages, line 12)
FAIL: gcc.dg/return-type-2.c warning for falling off end of non-void function (test for bogus messages, line 24)
FAIL: gcc.dg/return-type-2.c warning for falling off end of non-void function (test for bogus messages, line 42)
FAIL: gcc.dg/wtr-int-type-1.c decimal constant (test for warnings, line 40)
=== gcc Summary ===
# of expected passes 13940
# of unexpected failures 38
# of unexpected successes 4
# of expected failures 69
# of unresolved testcases 2
# of unsupported tests 46
/home/build-rpm/BUILD/obj-gcc-20000926/gcc/xgcc version 2.96 20000925 (experimental)
=== g++ tests ===
Running target unix
FAIL: g++.benjamin/bool01.C (test for excess errors)
FAIL: g++.benjamin/p12475.C (test for warnings, line 14)
FAIL: g++.benjamin/p12475.C (test for excess errors)
FAIL: g++.eh/badalloc1.C Execution test
FAIL: g++.eh/catch11.C Execution test
FAIL: g++.eh/catch12.C Execution test
FAIL: g++.eh/catch3.C Execution test
FAIL: g++.eh/catch3p.C Execution test
FAIL: g++.eh/catch4.C Execution test
FAIL: g++.eh/catch4p.C Execution test
FAIL: g++.eh/catch5.C Execution test
FAIL: g++.eh/catch5p.C Execution test
FAIL: g++.eh/catch6.C Execution test
FAIL: g++.eh/catch6p.C Execution test
FAIL: g++.eh/catch7.C Execution test
FAIL: g++.eh/catch7p.C Execution test
FAIL: g++.eh/catch8.C Execution test
FAIL: g++.eh/catch8p.C Execution test
FAIL: g++.eh/catch9.C Execution test
FAIL: g++.eh/catch9p.C Execution test
FAIL: g++.eh/cleanup1.C Execution test
FAIL: g++.eh/cleanup2.C Execution test
FAIL: g++.eh/flow1.C Execution test
FAIL: g++.eh/fntry1.C Execution test
FAIL: g++.eh/new1.C Execution test
FAIL: g++.eh/new2.C Execution test
FAIL: g++.eh/pdel1.C Execution test
FAIL: g++.eh/pdel2.C Execution test
FAIL: g++.eh/rethrow3.C Execution test
FAIL: g++.eh/spec1.C Execution test
FAIL: g++.eh/spec2.C Execution test
FAIL: g++.eh/spec3.C Execution test
FAIL: g++.eh/tmpl1.C Execution test
FAIL: g++.eh/unwind1.C Execution test
FAIL: g++.eh/vbase1.C Execution test
FAIL: g++.eh/vbase2.C Execution test
FAIL: g++.ext/instantiate1.C not instantiated (test for errors, line 18)
FAIL: g++.ext/instantiate1.C not instantiated (test for errors, line 20)
FAIL: g++.ext/instantiate2.C not instantiated (test for errors, line 16)
FAIL: g++.jason/rfg10.C enum overflow (test for errors, line 9)
FAIL: g++.jason/rfg10.C (test for excess errors)
FAIL: g++.jason/template31.C (test for excess errors)
FAIL: g++.jason/thunk1.C Execution test
FAIL: g++.jason/thunk2.C Execution test
FAIL: g++.jason/thunk3.C Execution test
FAIL: g++.law/profile1.C caused compiler crash
FAIL: g++.martin/bitset1.C (test for excess errors)
FAIL: g++.martin/new1.C Execution test
FAIL: g++.mike/eh10.C Execution test
FAIL: g++.mike/eh16.C Execution test
FAIL: g++.mike/eh17.C Execution test
FAIL: g++.mike/eh2.C Execution test
FAIL: g++.mike/eh29.C Execution test
FAIL: g++.mike/eh3.C Execution test
FAIL: g++.mike/eh33.C Execution test
FAIL: g++.mike/eh39.C Execution test
FAIL: g++.mike/eh40.C Execution test
FAIL: g++.mike/eh41.C Execution test
FAIL: g++.mike/eh5.C Execution test
FAIL: g++.mike/eh50.C Execution test
FAIL: g++.mike/eh51.C Execution test
FAIL: g++.mike/eh6.C Execution test
FAIL: g++.ns/koenig9.C multiple overloaded count functions (test for errors, line 12)
FAIL: g++.ns/koenig9.C (test for excess errors)
FAIL: g++.ns/using4.C vector is not a namespace (test for errors, line 4)
FAIL: g++.ns/using4.C (test for excess errors)
FAIL: g++.ns/using6.C (test for excess errors)
FAIL: g++.other/headers1.C (test for excess errors)
FAIL: g++.other/init7.C Execution test
FAIL: g++.other/init9.C jump from here (test for errors, line 16)
FAIL: g++.other/init9.C jump crosses initialization (test for errors, line 17)
FAIL: g++.other/init9.C jump to here (test for errors, line 18)
FAIL: g++.other/init9.C jump from here (test for errors, line 27)
FAIL: g++.other/init9.C jump crosses initialization (test for errors, line 28)
FAIL: g++.other/init9.C jump to here (test for errors, line 29)
FAIL: g++.other/init9.C jump from here (test for errors, line 36)
FAIL: g++.other/init9.C jump crosses initialization (test for errors, line 37)
FAIL: g++.other/init9.C jump to here (test for errors, line 38)
FAIL: g++.other/init9.C (test for excess errors)
FAIL: g++.other/loop2.C caused compiler crash
FAIL: g++.other/singleton.C Execution test
FAIL: g++.other/vbase2.C Execution test
FAIL: g++.pt/ttp19.C (test for excess errors)
FAIL: g++.pt/ttp40.C (test for excess errors)
FAIL: g++.robertl/eb109.C candidates (test for errors, line 20)
FAIL: g++.robertl/eb109.C no size function (test for errors, line 42)
FAIL: g++.robertl/eb109.C no index operator (test for errors, line 44)
FAIL: g++.robertl/eb109.C no index operator (test for errors, line 48)
FAIL: g++.robertl/eb109.C no index operator (test for errors, line 49)
FAIL: g++.robertl/eb109.C no index operator (test for errors, line 54)
FAIL: g++.robertl/eb109.C no bool constructor (test for errors, line 65)
FAIL: g++.robertl/eb109.C (test for excess errors)
FAIL: g++.robertl/eb127.C should use this->* (test for errors, line 50)
FAIL: g++.robertl/eb127.C (test for excess errors)
FAIL: g++.robertl/eb129.C (test for errors, line 20)
FAIL: g++.robertl/eb129.C (test for excess errors)
FAIL: g++.robertl/eb129a.C (test for errors, line 19)
FAIL: g++.robertl/eb129a.C (test for excess errors)
FAIL: g++.robertl/eb21.C (test for excess errors)
FAIL: g++.robertl/eb28.C (test for excess errors)
FAIL: g++.robertl/eb29.C (test for excess errors)
FAIL: g++.robertl/eb36.C default arg for member template (test for errors, line 16)
FAIL: g++.robertl/eb36.C (test for excess errors)
FAIL: g++.robertl/eb43.C constructor is explicit (test for errors, line 27)
FAIL: g++.robertl/eb43.C (test for excess errors)
FAIL: g++.robertl/eb50.C Execution test
FAIL: g++.robertl/eb59.C (test for excess errors)
FAIL: g++.robertl/eb62.C (test for excess errors)
FAIL: g++.robertl/eb66.C Execution test
FAIL: g++.robertl/eb7.C (test for excess errors)
FAIL: g++.robertl/eb91.C (test for excess errors)
FAIL: g++.robertl/eh990323-5.C Execution test
=== g++ Summary ===
# of expected passes 5894
# of unexpected failures 112
# of expected failures 103
# of untested testcases 18
/home/build-rpm/BUILD/obj-gcc-20000926/gcc/testsuite/../g++ version 2.96 20000925 (experimental)
=== g77 tests ===
Running target unix
=== g77 Summary ===
# of expected passes 983
=== objc tests ===
Running target unix
FAIL: objc/execute/bf-1.m compilation, -O
FAIL: objc/execute/bf-10.m compilation, -O
FAIL: objc/execute/bf-11.m compilation, -O
FAIL: objc/execute/bf-12.m compilation, -O
FAIL: objc/execute/bf-13.m compilation, -O
FAIL: objc/execute/bf-14.m compilation, -O
FAIL: objc/execute/bf-15.m compilation, -O
FAIL: objc/execute/bf-16.m compilation, -O
FAIL: objc/execute/bf-17.m compilation, -O
FAIL: objc/execute/bf-18.m compilation, -O
FAIL: objc/execute/bf-19.m compilation, -O
FAIL: objc/execute/bf-2.m compilation, -O
FAIL: objc/execute/bf-20.m compilation, -O
FAIL: objc/execute/bf-3.m compilation, -O
FAIL: objc/execute/bf-4.m compilation, -O
FAIL: objc/execute/bf-5.m compilation, -O
FAIL: objc/execute/bf-6.m compilation, -O
FAIL: objc/execute/bf-7.m compilation, -O
FAIL: objc/execute/bf-8.m compilation, -O
FAIL: objc/execute/bf-9.m compilation, -O
FAIL: objc/execute/string1.m compilation, -O
FAIL: objc/execute/string2.m compilation, -O
=== objc Summary ===
# of unexpected failures 22
# of untested testcases 22
/home/build-rpm/BUILD/obj-gcc-20000926/gcc/xgcc version 2.96 20000925 (experimental)
Compiler version: 2.96 20000925 (experimental)
Platform: armv3l-unknown-unknown-linux-gnu
configure flags: --host=armv3l-unknown-linux-gnu --prefix=/usr/local --enable-shared --enable-threads=posix --without-cvs
More information about the Gcc-testresults
mailing list