Results for 2.96 20000925 (experimental) testsuite on i686-pc-cygwin
Tim Prince
tprince@computer.org
Mon Sep 25 22:53:00 GMT 2000
Native configuration is i686-pc-cygwin
ÃÂ
ÃÂ ÃÂ === g++ tests ===
ÃÂ
Running target unix FAIL: g++.dg/special/conpr-1.C (test for excess
errors) FAIL: conpr-2a.o FAIL: conpr-3a.o FAIL:
g++.benjamin/15071.CÃÂ Execution test FAIL: g++.brendan/copy9.CÃÂ
Execution test FAIL: g++.brendan/ctors1.CÃÂ Execution test FAIL:
g++.brendan/ctors2.CÃÂ Execution test FAIL: g++.brendan/eh1.CÃÂ
Execution test FAIL: g++.brendan/ptolemy2.CÃÂ Execution test FAIL:
g++.eh/badalloc1.CÃÂ Execution test FAIL: g++.eh/catch11.CÃÂ
Execution test FAIL: g++.eh/catch12.CÃÂ Execution test FAIL:
g++.eh/catch3.CÃÂ Execution test FAIL: g++.eh/catch3p.CÃÂ Execution
test FAIL: g++.eh/catch4.CÃÂ Execution test FAIL:
g++.eh/catch4p.CÃÂ Execution test FAIL: g++.eh/catch5.CÃÂ Execution
test FAIL: g++.eh/catch5p.CÃÂ Execution test FAIL:
g++.eh/catch6.CÃÂ Execution test FAIL: g++.eh/catch6p.CÃÂ Execution
test FAIL: g++.eh/catch7.CÃÂ Execution test FAIL:
g++.eh/catch7p.CÃÂ Execution test FAIL: g++.eh/catch8.CÃÂ Execution
test FAIL: g++.eh/catch8p.CÃÂ Execution test FAIL:
g++.eh/catch9.CÃÂ Execution test FAIL: g++.eh/catch9p.CÃÂ Execution
test FAIL: g++.eh/catchptr1.CÃÂ Execution test FAIL:
g++.eh/cleanup1.CÃÂ Execution test FAIL: g++.eh/cleanup2.CÃÂ
Execution test FAIL: g++.eh/crash4.C caused compiler crash FAIL:
g++.eh/flow1.CÃÂ Execution test FAIL: g++.eh/fntry1.CÃÂ Execution
test FAIL: g++.eh/new1.CÃÂ Execution test FAIL: g++.eh/new2.CÃÂ
Execution test FAIL: g++.eh/pdel1.CÃÂ Execution test FAIL:
g++.eh/pdel2.CÃÂ Execution test FAIL: g++.eh/ptr1.CÃÂ Execution
test FAIL: g++.eh/rethrow1.CÃÂ Execution test FAIL:
g++.eh/rethrow2.CÃÂ Execution test FAIL: g++.eh/rethrow3.CÃÂ
Execution test FAIL: g++.eh/rethrow4.CÃÂ Execution test FAIL:
g++.eh/rethrow5.CÃÂ Execution test FAIL: g++.eh/rethrow6.CÃÂ
Execution test FAIL: g++.eh/spec1.CÃÂ Execution test FAIL:
g++.eh/spec2.CÃÂ Execution test FAIL: g++.eh/spec3.CÃÂ Execution
test FAIL: g++.eh/spec4.CÃÂ Execution test FAIL: g++.eh/tmpl1.CÃÂ
Execution test FAIL: g++.eh/unwind1.CÃÂ Execution test FAIL:
g++.eh/vbase1.CÃÂ Execution test FAIL: g++.eh/vbase2.CÃÂ Execution
test FAIL: g++.eh/vbase4.CÃÂ Execution test FAIL: g++.ext/initp1.C
caused compiler crash FAIL: g++.ext/instantiate1.C not instantiated (test for
errors, line 18) FAIL: g++.ext/instantiate1.C not instantiated (test for
errors, line 20) FAIL: g++.ext/instantiate3.C not instantiated (test for
errors, line 13) XPASS: g++.ext/instantiate3.C (test for excess
errors) FAIL: g++.jason/2371.CÃÂ Execution test FAIL:
g++.jason/const3.CÃÂ Execution test FAIL: g++.jason/dcast3.CÃÂ
Execution test FAIL: g++.jason/init2.CÃÂ Execution test FAIL:
g++.jason/init3.CÃÂ Execution test FAIL: g++.jason/new4.CÃÂ Execution
test FAIL: g++.jason/return3.CÃÂ Execution test FAIL:
g++.jason/template11.CÃÂ Execution test XPASS: g++.jason/template18.C
(test for excess errors) XPASS: g++.jason/template18.CÃÂ Execution
test FAIL: g++.jason/template24.CÃÂ Execution test FAIL:
g++.jason/template31.CÃÂ Execution test FAIL: g++.jason/thunk2.C (test
for excess errors) FAIL: g++.jason/typeid1.CÃÂ Execution test FAIL:
g++.law/arg8.CÃÂ Execution test FAIL: g++.law/array1.CÃÂ Execution
test FAIL: g++.law/code-gen5.CÃÂ Execution test FAIL:
g++.law/ctors2.CÃÂ Execution test FAIL: g++.law/ctors8.CÃÂ Execution
test FAIL: g++.law/cvt2.CÃÂ Execution test FAIL:
g++.law/global-init1.CÃÂ Execution test FAIL: g++.law/init11.CÃÂ
Execution test FAIL: g++.law/init14.CÃÂ Execution test FAIL:
g++.law/profile1.CÃÂ Execution test FAIL: g++.law/virtual3.CÃÂ
Execution test FAIL: g++.martin/new1.CÃÂ Execution test FAIL:
g++.mike/dyncast1.CÃÂ Execution test FAIL: g++.mike/dyncast2.CÃÂ
Execution test FAIL: g++.mike/dyncast3.CÃÂ Execution test FAIL:
g++.mike/dyncast7.CÃÂ Execution test FAIL: g++.mike/dyncast8.CÃÂ
Execution test FAIL: g++.mike/dyncast9.CÃÂ Execution test FAIL:
g++.mike/eh10.CÃÂ Execution test FAIL: g++.mike/eh12.CÃÂ Execution
test FAIL: g++.mike/eh14.CÃÂ Execution test FAIL:
g++.mike/eh16.CÃÂ Execution test FAIL: g++.mike/eh17.CÃÂ Execution
test FAIL: g++.mike/eh18.CÃÂ Execution test FAIL: g++.mike/eh2.CÃÂ
Execution test FAIL: g++.mike/eh21.CÃÂ Execution test FAIL:
g++.mike/eh24.CÃÂ Execution test FAIL: g++.mike/eh26.CÃÂ Execution
test FAIL: g++.mike/eh27.CÃÂ Execution test FAIL:
g++.mike/eh28.CÃÂ Execution test FAIL: g++.mike/eh29.CÃÂ Execution
test FAIL: g++.mike/eh3.CÃÂ Execution test FAIL: g++.mike/eh30.C (test
for excess errors) FAIL: g++.mike/eh31.CÃÂ Execution test FAIL:
g++.mike/eh33.CÃÂ Execution test FAIL: g++.mike/eh35.CÃÂ Execution
test FAIL: g++.mike/eh36.CÃÂ Execution test FAIL:
g++.mike/eh37.CÃÂ Execution test FAIL: g++.mike/eh38.CÃÂ Execution
test FAIL: g++.mike/eh39.CÃÂ Execution test FAIL:
g++.mike/eh40.CÃÂ Execution test FAIL: g++.mike/eh41.CÃÂ Execution
test FAIL: g++.mike/eh42.CÃÂ Execution test FAIL:
g++.mike/eh44.CÃÂ Execution test FAIL: g++.mike/eh47.CÃÂ Execution
test FAIL: g++.mike/eh48.CÃÂ Execution test FAIL:
g++.mike/eh49.CÃÂ Execution test FAIL: g++.mike/eh5.CÃÂ Execution
test FAIL: g++.mike/eh50.CÃÂ Execution test FAIL:
g++.mike/eh51.CÃÂ Execution test FAIL: g++.mike/eh6.CÃÂ Execution
test FAIL: g++.mike/eh8.CÃÂ Execution test FAIL:
g++.mike/leak1.CÃÂ Execution test FAIL: g++.mike/misc13.CÃÂ Execution
test FAIL: g++.mike/net17.CÃÂ Execution test FAIL:
g++.mike/net26.CÃÂ Execution test FAIL: g++.mike/net34.CÃÂ Execution
test FAIL: g++.mike/net46.CÃÂ Execution test FAIL:
g++.mike/offset1.CÃÂ Execution test FAIL: g++.mike/p10849a.CÃÂ
Execution test FAIL: g++.mike/p2394.CÃÂ Execution test FAIL:
g++.mike/p2736.CÃÂ Execution test FAIL: g++.mike/p4736a.CÃÂ Execution
test FAIL: g++.mike/p4750.C (test for excess errors) FAIL:
g++.mike/p658.CÃÂ Execution test FAIL: g++.mike/p6927.CÃÂ Execution
test FAIL: g++.mike/p783b.CÃÂ Execution test FAIL:
g++.mike/p789.CÃÂ Execution test FAIL: g++.mike/p7912.CÃÂ Execution
test FAIL: g++.mike/p9706.CÃÂ Execution test FAIL:
g++.mike/p9732b.CÃÂ Execution test FAIL: g++.mike/pmf2.CÃÂ Execution
test FAIL: g++.mike/pmf8.CÃÂ Execution test FAIL:
g++.mike/ref1.CÃÂ Execution test FAIL: g++.mike/temp.CÃÂ Execution
test FAIL: g++.mike/virt2.CÃÂ Execution test FAIL:
g++.other/array1.CÃÂ Execution test FAIL: g++.other/crash18.C (test for
excess errors) FAIL: g++.other/dyncast1.CÃÂ Execution test FAIL:
g++.other/dyncast2.CÃÂ Execution test FAIL: g++.other/dyncast3.CÃÂ
Execution test FAIL: g++.other/dyncast4.CÃÂ Execution test FAIL:
g++.other/dyncast5.CÃÂ Execution test FAIL: g++.other/dyncast6.CÃÂ
Execution test FAIL: g++.other/init1.CÃÂ Execution test FAIL:
g++.other/init11.CÃÂ Execution test FAIL: g++.other/init7.CÃÂ
Execution test FAIL: g++.other/inline7.CÃÂ Execution test FAIL:
g++.other/inline8.CÃÂ Execution test FAIL: g++.other/new3.CÃÂ
Execution test FAIL: g++.other/rtti1.CÃÂ Execution test FAIL:
g++.other/rtti2.CÃÂ Execution test FAIL: g++.other/rtti3.CÃÂ
Execution test FAIL: g++.other/rtti4.CÃÂ Execution test FAIL:
g++.other/rttid2.CÃÂ Execution test FAIL: g++.other/rttid3.CÃÂ
Execution test FAIL: g++.other/rttid4.CÃÂ Execution test FAIL:
g++.other/singleton.CÃÂ Execution test FAIL: g++.other/vbase2.CÃÂ
Execution test FAIL: g++.pt/fntry1.CÃÂ Execution test FAIL:
g++.pt/static11.CÃÂ Execution test FAIL: g++.pt/static8.CÃÂ Execution
test FAIL: g++.pt/t39.CÃÂ Execution test FAIL: g++.pt/ttp62.CÃÂ
Execution test FAIL: g++.pt/virtual4.CÃÂ Execution test FAIL:
g++.robertl/eb106.C (test for excess errors) FAIL: g++.robertl/eb115.CÃÂ
Execution test FAIL: g++.robertl/eb118.CÃÂ Execution test FAIL:
g++.robertl/eb27.CÃÂ Execution test FAIL: g++.robertl/eb31.CÃÂ
Execution test FAIL: g++.robertl/eb41.CÃÂ Execution test FAIL:
g++.robertl/eb46.CÃÂ Execution test FAIL: g++.robertl/eb50.CÃÂ
Execution test FAIL: g++.robertl/eb54.CÃÂ Execution test FAIL:
g++.robertl/eb66.CÃÂ Execution test FAIL: g++.robertl/eb73.CÃÂ
Execution test FAIL: g++.robertl/eb77.CÃÂ Execution test FAIL:
g++.robertl/eb88.CÃÂ Execution test FAIL: g++.robertl/eh990323-1.CÃÂ
Execution test FAIL: g++.robertl/eh990323-2.CÃÂ Execution test FAIL:
g++.robertl/eh990323-3.CÃÂ Execution test FAIL:
g++.robertl/eh990323-4.CÃÂ Execution test FAIL:
g++.robertl/eh990323-5.CÃÂ Execution test FAIL:
g++.robertl/ice990323-2.CÃÂ Execution test
ÃÂ
ÃÂ ÃÂ === g++ Summary ===
ÃÂ
# of expected passesÃÂ ÃÂ 5824 # of unexpected
failuresÃÂ 192 # of unexpected successesÃÂ 3 # of expected
failuresÃÂ ÃÂ 91 # of untested
testcasesÃÂ ÃÂ 14 e:/src/gnu/gcc/w2k/gcc/testsuite/../g++ version 2.96
20000925 (experimental)
ÃÂ
ÃÂ ÃÂ === g77 tests ===
ÃÂ
Running target unix FAIL: g77.f-torture/execute/short.f
execution,ÃÂ -Os
ÃÂ
ÃÂ ÃÂ === g77 Summary ===
ÃÂ
# of expected passesÃÂ ÃÂ 982 # of unexpected
failuresÃÂ 1 ÃÂ ÃÂ === gcc tests ===
ÃÂ
Running target unix FAIL: gcc.c-torture/execute/20000225-1.c
execution,ÃÂ -O2 FAIL: gcc.c-torture/execute/20000225-1.c
execution,ÃÂ -O3 -fomit-frame-pointer FAIL:
gcc.c-torture/execute/20000225-1.c execution,ÃÂ -O3 -fomit-frame-pointer
-funroll-loops FAIL: gcc.c-torture/execute/20000225-1.c execution,ÃÂ -O3
-fomit-frame-pointer -funroll-all-loops -finline-functions FAIL:
gcc.c-torture/execute/20000225-1.c execution,ÃÂ -O3 -g FAIL:
gcc.c-torture/execute/20000225-1.c execution,ÃÂ -O3 -fssa FAIL:
gcc.c-torture/execute/20000225-1.c execution,ÃÂ -Os FAIL:
gcc.c-torture/execute/20000906-1.c execution,ÃÂ -Os FAIL:
gcc.c-torture/execute/loop-2b.c execution,ÃÂ -O2 FAIL:
gcc.dg/cpp/19940712-1.cÃÂ (test for errors, line 4) FAIL:
gcc.dg/cpp/19940712-1.cÃÂ (test for errors, line 8) FAIL:
gcc.dg/cpp/19940712-1.cÃÂ (test for errors, line 8) FAIL:
gcc.dg/cpp/19940712-1.cÃÂ (test for errors, line 9) FAIL:
gcc.dg/cpp/19940712-1.c (test for excess errors) FAIL: gcc.dg/cpp/if-2.c wide
charconst recognition (test for bogus messages, line 9) FAIL:
gcc.dg/20000614-1.c execution test FAIL: gcc.dg/20000614-2.c execution
test FAIL: gcc.dg/20000807-1.c (test for excess errors) FAIL:
gcc.dg/20000904-1.c (test for excess errors) FAIL: gcc.dg/990213-2.c (test
for excess errors) FAIL: gcc.dg/990214-1.c (test for excess errors) FAIL:
gcc.dg/991214-1.c (test for excess errors) FAIL: gcc.dg/c99-array-nonobj-1.c
func [] arg (test for errors, line 26) FAIL: gcc.dg/c99-array-nonobj-1.c
(test for excess errors) FAIL: gcc.dg/format-va-1.c wrong type in format
warning (test for bogus messages, line 11) FAIL: gcc.dg/format-va-1.c format
error (test for warnings, line 11) FAIL: gcc.dg/noreturn-1.c this function
should not get any warnings (test for bogus messages, line 52) FAIL:
gcc.dg/noreturn-1.c detect return from tail call (test for warnings, line
59) FAIL: gcc.dg/noreturn-2.c noreturn does return (test for bogus messages,
line 12) FAIL: gcc.dg/return-type-2.c warning for falling off end of non-void
function (test for bogus messages, line 24) FAIL: gcc.dg/return-type-2.c
warning for falling off end of non-void function (test for bogus messages, line
42)
ÃÂ
ÃÂ ÃÂ === gcc Summary ===
ÃÂ
# of expected passesÃÂ ÃÂ 13692 # of unexpected
failuresÃÂ 31 # of expected failuresÃÂ ÃÂ 81 ÃÂ ÃÂ === objc
tests ===
ÃÂ
Running target unix FAIL: objc/execute/bf-1.m execution,ÃÂ -O
FAIL: objc/execute/bf-10.m execution,ÃÂ -O FAIL:
objc/execute/bf-11.m execution,ÃÂ -O FAIL: objc/execute/bf-12.m
execution,ÃÂ -O FAIL: objc/execute/bf-13.m execution,ÃÂ -O FAIL:
objc/execute/bf-14.m execution,ÃÂ -O FAIL: objc/execute/bf-15.m
execution,ÃÂ -O FAIL: objc/execute/bf-16.m execution,ÃÂ -O FAIL:
objc/execute/bf-17.m execution,ÃÂ -O FAIL: objc/execute/bf-18.m
execution,ÃÂ -O FAIL: objc/execute/bf-19.m execution,ÃÂ -O FAIL:
objc/execute/bf-2.m execution,ÃÂ -O FAIL: objc/execute/bf-20.m
execution,ÃÂ -O FAIL: objc/execute/bf-3.m execution,ÃÂ -O FAIL:
objc/execute/bf-4.m execution,ÃÂ -O FAIL: objc/execute/bf-5.m
execution,ÃÂ -O FAIL: objc/execute/bf-6.m execution,ÃÂ -O FAIL:
objc/execute/bf-7.m execution,ÃÂ -O FAIL: objc/execute/bf-8.m
execution,ÃÂ -O FAIL: objc/execute/bf-9.m execution,ÃÂ -O FAIL:
objc/execute/string1.m execution,ÃÂ -O FAIL: objc/execute/string2.m
execution,ÃÂ -O
ÃÂ
ÃÂ ÃÂ === objc Summary ===
ÃÂ
# of expected passesÃÂ ÃÂ 22 # of unexpected
failuresÃÂ 22 e:/src/gnu/gcc/w2k/gcc/xgcc version 2.96 20000925
(experimental)
ÃÂ
ÃÂ ÃÂ === libio tests ===
ÃÂ
Running target unix FAIL: hounddog.cc execution FAIL:
hounddog.cc execution -b0 FAIL: hounddog.cc execution -b2 FAIL:
putbackdog.cc execution FAIL: putbackdog.cc execution -b0 FAIL:
putbackdog.cc execution -b2 FAIL: tFile.cc compilation FAIL: tFile.cc
compilation -b0 FAIL: tFile.cc compilation -b3 FAIL: tiomanip.cc execution
FAIL: tiomisc.cc execution
ÃÂ
ÃÂ ÃÂ === libio Summary ===
ÃÂ
# of expected passesÃÂ ÃÂ 15 # of unexpected failuresÃÂ 11 #
of expected failuresÃÂ ÃÂ 14 ÃÂ ÃÂ === libstdc++ tests ===
ÃÂ
Running target unix FAIL: tcomplex.cc execution FAIL: tcomplex.cc
-O execution FAIL: tlist.cc execution FAIL: tlist.cc -O execution FAIL:
tmap.cc execution FAIL: tmap.cc -O execution FAIL: tstring.cc
compilation FAIL: tstring.cc -O execution FAIL: tvector.cc
execution FAIL: tvector.cc -O execution
ÃÂ
ÃÂ ÃÂ === libstdc++ Summary ===
ÃÂ
# of expected passesÃÂ ÃÂ 9 # of unexpected failuresÃÂ 10 #
of expected failuresÃÂ ÃÂ 11
ÃÂ
Compiler version: 2.96 20000925 (experimental) Platform:
i686-pc-cygwin configure flags:
--host=i686-pc-cygwin
More information about the Gcc-testresults
mailing list