Results for 2.96 20000921 (experimental) testsuite on i686-pc-linux-gnu
Kaveh R. Ghazi
ghazi@caip.rutgers.edu
Fri Sep 22 06:56:00 GMT 2000
Native configuration is i686-pc-linux-gnu
=== libio tests ===
Running target unix/-fPIC
=== libio Summary for unix/-fPIC ===
# of expected passes 40
Running target unix/-fpic
=== libio Summary for unix/-fpic ===
# of expected passes 40
Running target unix
=== libio Summary for unix ===
# of expected passes 40
=== libio Summary ===
# of expected passes 120
=== libstdc++ tests ===
Running target unix/-fPIC
=== libstdc++ Summary for unix/-fPIC ===
# of expected passes 30
Running target unix/-fpic
=== libstdc++ Summary for unix/-fpic ===
# of expected passes 30
Running target unix
=== libstdc++ Summary for unix ===
# of expected passes 30
=== libstdc++ Summary ===
# of expected passes 90
=== gcc tests ===
Running target unix/-fPIC
FAIL: gcc.c-torture/compile/20000224-1.c, -O0
FAIL: gcc.c-torture/compile/20000224-1.c, -O1
FAIL: gcc.c-torture/compile/20000224-1.c, -O2
FAIL: gcc.c-torture/compile/20000224-1.c, -O3 -fomit-frame-pointer
FAIL: gcc.c-torture/compile/20000224-1.c, -O3 -fomit-frame-pointer -funroll-loops
FAIL: gcc.c-torture/compile/20000224-1.c, -O3 -fomit-frame-pointer -funroll-all-loops -finline-functions
FAIL: gcc.c-torture/compile/20000224-1.c, -O3 -g
FAIL: gcc.c-torture/compile/20000224-1.c, -O3 -fssa
FAIL: gcc.c-torture/compile/20000224-1.c, -Os
FAIL: gcc.c-torture/compile/20000804-1.c, -O0
FAIL: gcc.c-torture/execute/20000113-1.c compilation, -O0
FAIL: gcc.c-torture/execute/20000113-1.c compilation, -O1
FAIL: gcc.c-torture/execute/20000113-1.c compilation, -O2
FAIL: gcc.c-torture/execute/20000113-1.c compilation, -O3 -fomit-frame-pointer
FAIL: gcc.c-torture/execute/20000113-1.c compilation, -O3 -g
FAIL: gcc.c-torture/execute/20000113-1.c compilation, -O3 -fssa
FAIL: gcc.c-torture/execute/20000113-1.c compilation, -Os
FAIL: gcc.c-torture/execute/20000205-1.c execution, -O1
FAIL: gcc.c-torture/execute/20000205-1.c execution, -O2
FAIL: gcc.c-torture/execute/20000205-1.c execution, -O3 -fomit-frame-pointer
FAIL: gcc.c-torture/execute/20000205-1.c execution, -O3 -fomit-frame-pointer -funroll-loops
FAIL: gcc.c-torture/execute/20000205-1.c execution, -O3 -fomit-frame-pointer -funroll-all-loops -finline-functions
FAIL: gcc.c-torture/execute/20000205-1.c execution, -O3 -g
FAIL: gcc.c-torture/execute/20000205-1.c execution, -O3 -fssa
FAIL: gcc.c-torture/execute/20000205-1.c execution, -Os
FAIL: gcc.c-torture/execute/20000225-1.c execution, -O2
FAIL: gcc.c-torture/execute/20000225-1.c execution, -O3 -fomit-frame-pointer
FAIL: gcc.c-torture/execute/20000225-1.c execution, -O3 -fomit-frame-pointer -funroll-loops
FAIL: gcc.c-torture/execute/20000225-1.c execution, -O3 -fomit-frame-pointer -funroll-all-loops -finline-functions
FAIL: gcc.c-torture/execute/20000225-1.c execution, -O3 -g
FAIL: gcc.c-torture/execute/20000225-1.c execution, -O3 -fssa
FAIL: gcc.c-torture/execute/20000225-1.c execution, -Os
FAIL: gcc.c-torture/execute/20000412-5.c compilation, -O1
FAIL: gcc.c-torture/execute/20000412-5.c compilation, -O2
FAIL: gcc.c-torture/execute/20000412-5.c compilation, -O3 -fomit-frame-pointer
FAIL: gcc.c-torture/execute/20000412-5.c compilation, -O3 -g
FAIL: gcc.c-torture/execute/20000412-5.c compilation, -O3 -fssa
FAIL: gcc.c-torture/execute/20000412-5.c compilation, -Os
FAIL: gcc.c-torture/execute/990127-2.c execution, -O3 -fomit-frame-pointer
FAIL: gcc.c-torture/execute/990127-2.c execution, -O3 -g
FAIL: gcc.c-torture/execute/990127-2.c execution, -O3 -fssa
FAIL: gcc.c-torture/execute/bf-sign-1.c compilation, -O1
FAIL: gcc.c-torture/execute/bf-sign-1.c compilation, -O2
FAIL: gcc.c-torture/execute/bf-sign-1.c compilation, -O3 -fomit-frame-pointer
FAIL: gcc.c-torture/execute/bf-sign-1.c compilation, -O3 -g
FAIL: gcc.c-torture/execute/bf-sign-1.c compilation, -O3 -fssa
FAIL: gcc.c-torture/execute/bf-sign-1.c compilation, -Os
FAIL: gcc.c-torture/execute/compndlit-1.c compilation, -O0
FAIL: gcc.c-torture/execute/compndlit-1.c compilation, -O1
FAIL: gcc.c-torture/execute/compndlit-1.c compilation, -O2
FAIL: gcc.c-torture/execute/compndlit-1.c compilation, -O3 -fomit-frame-pointer
FAIL: gcc.c-torture/execute/compndlit-1.c compilation, -O3 -g
FAIL: gcc.c-torture/execute/compndlit-1.c compilation, -O3 -fssa
FAIL: gcc.c-torture/execute/compndlit-1.c compilation, -Os
FAIL: gcc.c-torture/execute/conversion.c execution, -O3 -fomit-frame-pointer
FAIL: gcc.c-torture/execute/conversion.c execution, -O3 -g
FAIL: gcc.c-torture/execute/conversion.c execution, -O3 -fssa
FAIL: gcc.c-torture/execute/ieee/hugeval.c compilation, -O0
FAIL: gcc.c-torture/execute/ieee/hugeval.c compilation, -O1
FAIL: gcc.c-torture/execute/ieee/hugeval.c compilation, -O2
FAIL: gcc.c-torture/execute/ieee/hugeval.c compilation, -O3 -fomit-frame-pointer
FAIL: gcc.c-torture/execute/ieee/hugeval.c compilation, -O3 -g
FAIL: gcc.c-torture/execute/ieee/hugeval.c compilation, -O3 -fssa
FAIL: gcc.c-torture/execute/ieee/hugeval.c compilation, -Os
FAIL: gcc.dg/20000503-1.c (test for excess errors)
FAIL: gcc.dg/20000614-1.c execution test
FAIL: gcc.dg/20000614-2.c execution test
FAIL: gcc.dg/20000724-1.c execution test
FAIL: gcc.dg/20000807-1.c (test for excess errors)
FAIL: gcc.dg/991214-1.c (test for excess errors)
FAIL: gcc.dg/asm-names.c (test for excess errors)
FAIL: gcc.dg/c99-array-nonobj-1.c func [] arg (test for errors, line 26)
FAIL: gcc.dg/c99-array-nonobj-1.c (test for excess errors)
FAIL: gcc.dg/format-va-1.c wrong type in format warning (test for bogus messages, line 11)
FAIL: gcc.dg/format-va-1.c format error (test for warnings, line 11)
=== gcc Summary for unix/-fPIC ===
# of expected passes 13893
# of unexpected failures 75
# of expected failures 80
# of unresolved testcases 33
# of unsupported tests 19
Running target unix/-fpic
FAIL: gcc.c-torture/compile/20000224-1.c, -O0
FAIL: gcc.c-torture/compile/20000224-1.c, -O1
FAIL: gcc.c-torture/compile/20000224-1.c, -O2
FAIL: gcc.c-torture/compile/20000224-1.c, -O3 -fomit-frame-pointer
FAIL: gcc.c-torture/compile/20000224-1.c, -O3 -fomit-frame-pointer -funroll-loops
FAIL: gcc.c-torture/compile/20000224-1.c, -O3 -fomit-frame-pointer -funroll-all-loops -finline-functions
FAIL: gcc.c-torture/compile/20000224-1.c, -O3 -g
FAIL: gcc.c-torture/compile/20000224-1.c, -O3 -fssa
FAIL: gcc.c-torture/compile/20000224-1.c, -Os
FAIL: gcc.c-torture/compile/20000804-1.c, -O0
FAIL: gcc.c-torture/execute/20000113-1.c compilation, -O0
FAIL: gcc.c-torture/execute/20000113-1.c compilation, -O1
FAIL: gcc.c-torture/execute/20000113-1.c compilation, -O2
FAIL: gcc.c-torture/execute/20000113-1.c compilation, -O3 -fomit-frame-pointer
FAIL: gcc.c-torture/execute/20000113-1.c compilation, -O3 -g
FAIL: gcc.c-torture/execute/20000113-1.c compilation, -O3 -fssa
FAIL: gcc.c-torture/execute/20000113-1.c compilation, -Os
FAIL: gcc.c-torture/execute/20000205-1.c execution, -O1
FAIL: gcc.c-torture/execute/20000205-1.c execution, -O2
FAIL: gcc.c-torture/execute/20000205-1.c execution, -O3 -fomit-frame-pointer
FAIL: gcc.c-torture/execute/20000205-1.c execution, -O3 -fomit-frame-pointer -funroll-loops
FAIL: gcc.c-torture/execute/20000205-1.c execution, -O3 -fomit-frame-pointer -funroll-all-loops -finline-functions
FAIL: gcc.c-torture/execute/20000205-1.c execution, -O3 -g
FAIL: gcc.c-torture/execute/20000205-1.c execution, -O3 -fssa
FAIL: gcc.c-torture/execute/20000205-1.c execution, -Os
FAIL: gcc.c-torture/execute/20000225-1.c execution, -O2
FAIL: gcc.c-torture/execute/20000225-1.c execution, -O3 -fomit-frame-pointer
FAIL: gcc.c-torture/execute/20000225-1.c execution, -O3 -fomit-frame-pointer -funroll-loops
FAIL: gcc.c-torture/execute/20000225-1.c execution, -O3 -fomit-frame-pointer -funroll-all-loops -finline-functions
FAIL: gcc.c-torture/execute/20000225-1.c execution, -O3 -g
FAIL: gcc.c-torture/execute/20000225-1.c execution, -O3 -fssa
FAIL: gcc.c-torture/execute/20000225-1.c execution, -Os
FAIL: gcc.c-torture/execute/20000412-5.c compilation, -O1
FAIL: gcc.c-torture/execute/20000412-5.c compilation, -O2
FAIL: gcc.c-torture/execute/20000412-5.c compilation, -O3 -fomit-frame-pointer
FAIL: gcc.c-torture/execute/20000412-5.c compilation, -O3 -g
FAIL: gcc.c-torture/execute/20000412-5.c compilation, -O3 -fssa
FAIL: gcc.c-torture/execute/20000412-5.c compilation, -Os
FAIL: gcc.c-torture/execute/990127-2.c execution, -O3 -fomit-frame-pointer
FAIL: gcc.c-torture/execute/990127-2.c execution, -O3 -g
FAIL: gcc.c-torture/execute/990127-2.c execution, -O3 -fssa
FAIL: gcc.c-torture/execute/bf-sign-1.c compilation, -O1
FAIL: gcc.c-torture/execute/bf-sign-1.c compilation, -O2
FAIL: gcc.c-torture/execute/bf-sign-1.c compilation, -O3 -fomit-frame-pointer
FAIL: gcc.c-torture/execute/bf-sign-1.c compilation, -O3 -g
FAIL: gcc.c-torture/execute/bf-sign-1.c compilation, -O3 -fssa
FAIL: gcc.c-torture/execute/bf-sign-1.c compilation, -Os
FAIL: gcc.c-torture/execute/compndlit-1.c compilation, -O0
FAIL: gcc.c-torture/execute/compndlit-1.c compilation, -O1
FAIL: gcc.c-torture/execute/compndlit-1.c compilation, -O2
FAIL: gcc.c-torture/execute/compndlit-1.c compilation, -O3 -fomit-frame-pointer
FAIL: gcc.c-torture/execute/compndlit-1.c compilation, -O3 -g
FAIL: gcc.c-torture/execute/compndlit-1.c compilation, -O3 -fssa
FAIL: gcc.c-torture/execute/compndlit-1.c compilation, -Os
FAIL: gcc.c-torture/execute/conversion.c execution, -O3 -fomit-frame-pointer
FAIL: gcc.c-torture/execute/conversion.c execution, -O3 -g
FAIL: gcc.c-torture/execute/conversion.c execution, -O3 -fssa
FAIL: gcc.c-torture/execute/ieee/hugeval.c compilation, -O0
FAIL: gcc.c-torture/execute/ieee/hugeval.c compilation, -O1
FAIL: gcc.c-torture/execute/ieee/hugeval.c compilation, -O2
FAIL: gcc.c-torture/execute/ieee/hugeval.c compilation, -O3 -fomit-frame-pointer
FAIL: gcc.c-torture/execute/ieee/hugeval.c compilation, -O3 -g
FAIL: gcc.c-torture/execute/ieee/hugeval.c compilation, -O3 -fssa
FAIL: gcc.c-torture/execute/ieee/hugeval.c compilation, -Os
FAIL: gcc.dg/20000503-1.c (test for excess errors)
FAIL: gcc.dg/20000614-1.c execution test
FAIL: gcc.dg/20000614-2.c execution test
FAIL: gcc.dg/20000724-1.c execution test
FAIL: gcc.dg/20000807-1.c (test for excess errors)
FAIL: gcc.dg/991214-1.c (test for excess errors)
FAIL: gcc.dg/asm-names.c (test for excess errors)
FAIL: gcc.dg/c99-array-nonobj-1.c func [] arg (test for errors, line 26)
FAIL: gcc.dg/c99-array-nonobj-1.c (test for excess errors)
FAIL: gcc.dg/format-va-1.c wrong type in format warning (test for bogus messages, line 11)
FAIL: gcc.dg/format-va-1.c format error (test for warnings, line 11)
=== gcc Summary for unix/-fpic ===
# of expected passes 13893
# of unexpected failures 75
# of expected failures 80
# of unresolved testcases 33
# of unsupported tests 19
Running target unix
FAIL: gcc.c-torture/compile/20000224-1.c, -O0
FAIL: gcc.c-torture/compile/20000224-1.c, -O1
FAIL: gcc.c-torture/compile/20000224-1.c, -O2
FAIL: gcc.c-torture/compile/20000224-1.c, -O3 -fomit-frame-pointer
FAIL: gcc.c-torture/compile/20000224-1.c, -O3 -fomit-frame-pointer -funroll-loops
FAIL: gcc.c-torture/compile/20000224-1.c, -O3 -fomit-frame-pointer -funroll-all-loops -finline-functions
FAIL: gcc.c-torture/compile/20000224-1.c, -O3 -g
FAIL: gcc.c-torture/compile/20000224-1.c, -O3 -fssa
FAIL: gcc.c-torture/compile/20000224-1.c, -Os
FAIL: gcc.c-torture/execute/20000113-1.c compilation, -O0
FAIL: gcc.c-torture/execute/20000113-1.c compilation, -O1
FAIL: gcc.c-torture/execute/20000113-1.c compilation, -O2
FAIL: gcc.c-torture/execute/20000113-1.c compilation, -O3 -fomit-frame-pointer
FAIL: gcc.c-torture/execute/20000113-1.c compilation, -O3 -g
FAIL: gcc.c-torture/execute/20000113-1.c compilation, -O3 -fssa
FAIL: gcc.c-torture/execute/20000113-1.c compilation, -Os
FAIL: gcc.c-torture/execute/20000225-1.c execution, -O2
FAIL: gcc.c-torture/execute/20000225-1.c execution, -O3 -fomit-frame-pointer
FAIL: gcc.c-torture/execute/20000225-1.c execution, -O3 -fomit-frame-pointer -funroll-loops
FAIL: gcc.c-torture/execute/20000225-1.c execution, -O3 -fomit-frame-pointer -funroll-all-loops -finline-functions
FAIL: gcc.c-torture/execute/20000225-1.c execution, -O3 -g
FAIL: gcc.c-torture/execute/20000225-1.c execution, -O3 -fssa
FAIL: gcc.c-torture/execute/20000225-1.c execution, -Os
FAIL: gcc.c-torture/execute/20000412-5.c compilation, -O1
FAIL: gcc.c-torture/execute/20000412-5.c compilation, -O2
FAIL: gcc.c-torture/execute/20000412-5.c compilation, -O3 -fomit-frame-pointer
FAIL: gcc.c-torture/execute/20000412-5.c compilation, -O3 -g
FAIL: gcc.c-torture/execute/20000412-5.c compilation, -O3 -fssa
FAIL: gcc.c-torture/execute/20000412-5.c compilation, -Os
FAIL: gcc.c-torture/execute/bf-sign-1.c compilation, -O1
FAIL: gcc.c-torture/execute/bf-sign-1.c compilation, -O2
FAIL: gcc.c-torture/execute/bf-sign-1.c compilation, -O3 -fomit-frame-pointer
FAIL: gcc.c-torture/execute/bf-sign-1.c compilation, -O3 -g
FAIL: gcc.c-torture/execute/bf-sign-1.c compilation, -O3 -fssa
FAIL: gcc.c-torture/execute/bf-sign-1.c compilation, -Os
FAIL: gcc.c-torture/execute/compndlit-1.c compilation, -O0
FAIL: gcc.c-torture/execute/compndlit-1.c compilation, -O1
FAIL: gcc.c-torture/execute/compndlit-1.c compilation, -O2
FAIL: gcc.c-torture/execute/compndlit-1.c compilation, -O3 -fomit-frame-pointer
FAIL: gcc.c-torture/execute/compndlit-1.c compilation, -O3 -g
FAIL: gcc.c-torture/execute/compndlit-1.c compilation, -O3 -fssa
FAIL: gcc.c-torture/execute/compndlit-1.c compilation, -Os
FAIL: gcc.c-torture/execute/loop-2b.c execution, -O2
FAIL: gcc.c-torture/execute/ieee/hugeval.c compilation, -O0
FAIL: gcc.c-torture/execute/ieee/hugeval.c compilation, -O1
FAIL: gcc.c-torture/execute/ieee/hugeval.c compilation, -O2
FAIL: gcc.c-torture/execute/ieee/hugeval.c compilation, -O3 -fomit-frame-pointer
FAIL: gcc.c-torture/execute/ieee/hugeval.c compilation, -O3 -g
FAIL: gcc.c-torture/execute/ieee/hugeval.c compilation, -O3 -fssa
FAIL: gcc.c-torture/execute/ieee/hugeval.c compilation, -Os
FAIL: gcc.dg/20000503-1.c (test for excess errors)
FAIL: gcc.dg/20000614-1.c execution test
FAIL: gcc.dg/20000614-2.c execution test
FAIL: gcc.dg/20000724-1.c execution test
FAIL: gcc.dg/20000807-1.c (test for excess errors)
FAIL: gcc.dg/991214-1.c (test for excess errors)
FAIL: gcc.dg/c99-array-nonobj-1.c func [] arg (test for errors, line 26)
FAIL: gcc.dg/c99-array-nonobj-1.c (test for excess errors)
FAIL: gcc.dg/format-va-1.c wrong type in format warning (test for bogus messages, line 11)
FAIL: gcc.dg/format-va-1.c format error (test for warnings, line 11)
FAIL: gcc.dg/noreturn-1.c this function should not get any warnings (test for bogus messages, line 52)
FAIL: gcc.dg/noreturn-1.c detect return from tail call (test for warnings, line 59)
FAIL: gcc.dg/noreturn-2.c noreturn does return (test for bogus messages, line 12)
FAIL: gcc.dg/return-type-2.c warning for falling off end of non-void function (test for bogus messages, line 24)
FAIL: gcc.dg/return-type-2.c warning for falling off end of non-void function (test for bogus messages, line 42)
FAIL: gcc.dg/special/weak-1.c execution test
=== gcc Summary for unix ===
# of expected passes 13902
# of unexpected failures 66
# of expected failures 80
# of unresolved testcases 33
# of unsupported tests 19
=== gcc Summary ===
# of expected passes 41688
# of unexpected failures 216
# of expected failures 240
# of unresolved testcases 99
# of unsupported tests 57
/home/ghazi/gcc-testing/build/gcc/xgcc version 2.96 20000921 (experimental)
=== g++ tests ===
Running target unix/-fPIC
FAIL: g++.dg/special/conpr-1.C execution test
FAIL: g++.dg/special/conpr-2.C execution test
FAIL: g++.dg/special/conpr-3.C execution test
FAIL: g++.dg/special/conpr-3.C execution test
FAIL: g++.ext/initp1.C Execution test
FAIL: g++.other/crash18.C (test for excess errors)
FAIL: g++.other/crash23.C (test for excess errors)
FAIL: g++.other/loop2.C caused compiler crash
FAIL: g++.pt/asm1.C (test for excess errors)
FAIL: g++.pt/asm2.C (test for excess errors)
=== g++ Summary for unix/-fPIC ===
# of expected passes 6020
# of unexpected failures 10
# of expected failures 94
# of untested testcases 8
Running target unix/-fpic
FAIL: g++.dg/special/conpr-1.C execution test
FAIL: g++.dg/special/conpr-2.C execution test
FAIL: g++.dg/special/conpr-3.C execution test
FAIL: g++.dg/special/conpr-3.C execution test
FAIL: g++.ext/initp1.C Execution test
FAIL: g++.other/crash18.C (test for excess errors)
FAIL: g++.other/crash23.C (test for excess errors)
FAIL: g++.other/loop2.C caused compiler crash
FAIL: g++.pt/asm1.C (test for excess errors)
FAIL: g++.pt/asm2.C (test for excess errors)
=== g++ Summary for unix/-fpic ===
# of expected passes 6020
# of unexpected failures 10
# of expected failures 94
# of untested testcases 8
Running target unix
FAIL: g++.dg/special/conpr-1.C execution test
FAIL: g++.dg/special/conpr-2.C execution test
FAIL: g++.dg/special/conpr-3.C execution test
FAIL: g++.dg/special/conpr-3.C execution test
FAIL: g++.ext/initp1.C Execution test
FAIL: g++.ext/instantiate1.C not instantiated (test for errors, line 18)
FAIL: g++.ext/instantiate1.C not instantiated (test for errors, line 20)
FAIL: g++.other/crash18.C (test for excess errors)
FAIL: g++.other/crash23.C (test for excess errors)
FAIL: g++.other/loop2.C caused compiler crash
=== g++ Summary for unix ===
# of expected passes 6020
# of unexpected failures 10
# of expected failures 94
# of untested testcases 8
=== g++ Summary ===
# of expected passes 18060
# of unexpected failures 30
# of expected failures 282
# of untested testcases 24
/home/ghazi/gcc-testing/build/gcc/testsuite/../g++ version 2.96 20000921 (experimental)
=== g77 tests ===
Running target unix/-fPIC
=== g77 Summary for unix/-fPIC ===
# of expected passes 983
Running target unix/-fpic
=== g77 Summary for unix/-fpic ===
# of expected passes 983
Running target unix
FAIL: g77.f-torture/execute/short.f execution, -Os
=== g77 Summary for unix ===
# of expected passes 982
# of unexpected failures 1
=== g77 Summary ===
# of expected passes 2948
# of unexpected failures 1
=== objc tests ===
Running target unix/-fPIC
=== objc Summary for unix/-fPIC ===
# of expected passes 44
Running target unix/-fpic
=== objc Summary for unix/-fpic ===
# of expected passes 44
Running target unix
=== objc Summary for unix ===
# of expected passes 44
=== objc Summary ===
# of expected passes 132
/home/ghazi/gcc-testing/build/gcc/xgcc version 2.96 20000921 (experimental)
Compiler version: 2.96 20000921 (experimental)
Platform: i686-pc-linux-gnu
configure flags: --host=i686-pc-linux-gnu --verbose --enable-checking=misc,tree,rtl,gc
More information about the Gcc-testresults
mailing list