Results for 2.96 20000918 (experimental) testsuite on i386-unknown-linux-gnu
Automatic Build System
build@netwinder.org
Tue Sep 19 01:13:00 GMT 2000
Native configuration is i386-unknown-linux-gnu
=== libstdc++ tests ===
Running target unix
=== libstdc++ Summary ===
# of expected passes 30
=== gcc tests ===
Running target unix
FAIL: gcc.c-torture/execute/20000225-1.c execution, -O2
FAIL: gcc.c-torture/execute/20000225-1.c execution, -O3 -fomit-frame-pointer
FAIL: gcc.c-torture/execute/20000225-1.c execution, -O3 -fomit-frame-pointer -funroll-loops
FAIL: gcc.c-torture/execute/20000225-1.c execution, -O3 -fomit-frame-pointer -funroll-all-loops -finline-functions
FAIL: gcc.c-torture/execute/20000225-1.c execution, -O3 -g
FAIL: gcc.c-torture/execute/20000225-1.c execution, -O3 -fssa
FAIL: gcc.c-torture/execute/20000225-1.c execution, -Os
FAIL: gcc.c-torture/execute/20000731-2.c execution, -O3 -fomit-frame-pointer -funroll-all-loops -finline-functions
FAIL: gcc.c-torture/execute/20000801-1.c execution, -O2
FAIL: gcc.c-torture/execute/20000801-1.c execution, -O3 -fomit-frame-pointer
FAIL: gcc.c-torture/execute/20000801-1.c execution, -O3 -fomit-frame-pointer -funroll-loops
FAIL: gcc.c-torture/execute/20000801-1.c execution, -O3 -fomit-frame-pointer -funroll-all-loops -finline-functions
FAIL: gcc.c-torture/execute/20000801-1.c execution, -O3 -g
FAIL: gcc.c-torture/execute/20000801-1.c execution, -Os
FAIL: gcc.c-torture/execute/20000801-2.c execution, -O3 -fomit-frame-pointer -funroll-all-loops -finline-functions
FAIL: gcc.c-torture/execute/20000818-1.c compilation, -O3 -fomit-frame-pointer -funroll-all-loops -finline-functions
FAIL: gcc.dg/20000503-1.c (test for excess errors)
FAIL: gcc.dg/20000614-1.c execution test
FAIL: gcc.dg/20000614-2.c execution test
FAIL: gcc.dg/20000724-1.c execution test
FAIL: gcc.dg/20000807-1.c (test for excess errors)
FAIL: gcc.dg/991209-1.c (test for excess errors)
FAIL: gcc.dg/991214-1.c (test for excess errors)
FAIL: gcc.dg/c99-array-nonobj-1.c func [] arg (test for errors, line 26)
FAIL: gcc.dg/c99-array-nonobj-1.c (test for excess errors)
FAIL: gcc.dg/compare2.c case 10 (test for bogus messages, line 29)
FAIL: gcc.dg/format-va-1.c wrong type in format warning (test for bogus messages, line 11)
FAIL: gcc.dg/format-va-1.c format error (test for warnings, line 11)
FAIL: gcc.dg/noreturn-1.c this function should not get any warnings (test for bogus messages, line 52)
FAIL: gcc.dg/noreturn-1.c detect return from tail call (test for warnings, line 59)
FAIL: gcc.dg/noreturn-2.c noreturn does return (test for bogus messages, line 12)
FAIL: gcc.dg/return-type-2.c warning for falling off end of non-void function (test for bogus messages, line 24)
FAIL: gcc.dg/return-type-2.c warning for falling off end of non-void function (test for bogus messages, line 42)
FAIL: gcc.dg/unused-3.c unused variable warning (test for warnings, line 8)
FAIL: gcc.misc-tests/mg.c
=== gcc Summary ===
# of expected passes 13966
# of unexpected failures 35
# of expected failures 79
# of unresolved testcases 2
# of unsupported tests 17
/home/build-rpm/BUILD/obj-gcc-20000919/gcc/xgcc version 2.96 20000918 (experimental)
=== g++ tests ===
Running target unix
FAIL: g++.ext/instantiate1.C not instantiated (test for errors, line 18)
FAIL: g++.ext/instantiate1.C not instantiated (test for errors, line 20)
FAIL: g++.other/loop2.C caused compiler crash
=== g++ Summary ===
# of expected passes 6016
# of unexpected failures 3
# of expected failures 96
# of untested testcases 8
/home/build-rpm/BUILD/obj-gcc-20000919/gcc/testsuite/../g++ version 2.96 20000918 (experimental)
=== g77 tests ===
Running target unix
FAIL: g77.f-torture/compile/20000629-1.f, -O2 -fomit-frame-pointer -finline-functions -funroll-loops
FAIL: g77.f-torture/compile/20000629-1.f, -O2 -fomit-frame-pointer -finline-functions -funroll-all-loops
FAIL: g77.f-torture/execute/short.f execution, -Os
=== g77 Summary ===
# of expected passes 980
# of unexpected failures 3
=== objc tests ===
Running target unix
=== objc Summary ===
# of expected passes 44
/home/build-rpm/BUILD/obj-gcc-20000919/gcc/xgcc version 2.96 20000918 (experimental)
Compiler version: 2.96 20000918 (experimental)
Platform: i386-unknown-linux-gnu
configure flags: --host=i386-unknown-linux-gnu --prefix=/usr/local --enable-checking --enable-shared --enable-threads=posix --without-cvs
More information about the Gcc-testresults
mailing list