Results for 2.96 20000918 (experimental) testsuite on mips-sgi-irix6.5

Billinghurst, David (CRTS) David.Billinghurst@riotinto.com
Mon Sep 18 21:42:00 GMT 2000


A number of new C failures when compared to last week. Probably due to
"function-at-a-time" changes.  Diffs to gcc-bugs.


Native configuration is mips-sgi-irix6.5

		=== objc tests ===


Running target unix

		=== objc Summary for unix ===

# of expected passes		44

Running target unix/-mabi=64

		=== objc Summary for unix/-mabi=64 ===

# of expected passes		44

		=== objc Summary ===

# of expected passes		88
/exd4/billingd/obj/gcc-parallel/gcc/xgcc version 2.96 20000918
(experimental)

		=== gcc tests ===


Running target unix
FAIL: gcc.c-torture/execute/20000225-1.c execution,  -O2 
FAIL: gcc.c-torture/execute/20000225-1.c execution,  -O3
-fomit-frame-pointer 
FAIL: gcc.c-torture/execute/20000225-1.c execution,  -O3
-fomit-frame-pointer -funroll-loops 
FAIL: gcc.c-torture/execute/20000225-1.c execution,  -O3
-fomit-frame-pointer -funroll-all-loops -finline-functions 
FAIL: gcc.c-torture/execute/20000225-1.c execution,  -O3 -g 
FAIL: gcc.c-torture/execute/20000225-1.c execution,  -O3 -fssa 
FAIL: gcc.c-torture/execute/20000225-1.c execution,  -Os 
FAIL: gcc.c-torture/execute/20000801-1.c execution,  -O2 
FAIL: gcc.c-torture/execute/20000801-1.c execution,  -O3
-fomit-frame-pointer 
FAIL: gcc.c-torture/execute/20000801-1.c execution,  -O3
-fomit-frame-pointer -funroll-loops 
FAIL: gcc.c-torture/execute/20000801-1.c execution,  -O3
-fomit-frame-pointer -funroll-all-loops -finline-functions 
FAIL: gcc.c-torture/execute/20000801-1.c execution,  -O3 -g 
FAIL: gcc.c-torture/execute/20000801-1.c execution,  -Os 
FAIL: gcc.c-torture/execute/20000801-2.c execution,  -O3
-fomit-frame-pointer -funroll-all-loops -finline-functions 
FAIL: gcc.c-torture/execute/20000917-1.c compilation,  -O3 -fssa 
FAIL: gcc.c-torture/execute/991216-3.c execution,  -O0 
FAIL: gcc.c-torture/execute/991216-3.c execution,  -O1 
FAIL: gcc.c-torture/execute/991216-3.c execution,  -O2 
FAIL: gcc.c-torture/execute/991216-3.c execution,  -O3 -fomit-frame-pointer 
FAIL: gcc.c-torture/execute/991216-3.c execution,  -O3 -fomit-frame-pointer
-funroll-loops 
FAIL: gcc.c-torture/execute/991216-3.c execution,  -O3 -fomit-frame-pointer
-funroll-all-loops -finline-functions 
FAIL: gcc.c-torture/execute/991216-3.c execution,  -O3 -g 
FAIL: gcc.c-torture/execute/991216-3.c execution,  -O3 -fssa 
FAIL: gcc.c-torture/execute/991216-3.c execution,  -Os 
FAIL: gcc.c-torture/execute/strct-varg-1.c execution,  -O0 
FAIL: gcc.c-torture/execute/strct-varg-1.c execution,  -O1 
FAIL: gcc.c-torture/execute/strct-varg-1.c execution,  -O2 
FAIL: gcc.c-torture/execute/strct-varg-1.c execution,  -O3
-fomit-frame-pointer 
FAIL: gcc.c-torture/execute/strct-varg-1.c execution,  -O3 -g 
FAIL: gcc.c-torture/execute/strct-varg-1.c execution,  -O3 -fssa 
FAIL: gcc.c-torture/execute/strct-varg-1.c execution,  -Os 
FAIL: gcc.c-torture/execute/va-arg-15.c execution,  -O0 
FAIL: gcc.c-torture/execute/va-arg-15.c execution,  -O1 
FAIL: gcc.c-torture/execute/va-arg-15.c execution,  -O2 
FAIL: gcc.c-torture/execute/va-arg-15.c execution,  -O3 -fomit-frame-pointer

FAIL: gcc.c-torture/execute/va-arg-15.c execution,  -O3 -fomit-frame-pointer
-funroll-loops 
FAIL: gcc.c-torture/execute/va-arg-15.c execution,  -O3 -fomit-frame-pointer
-funroll-all-loops -finline-functions 
FAIL: gcc.c-torture/execute/va-arg-15.c execution,  -O3 -g 
FAIL: gcc.c-torture/execute/va-arg-15.c execution,  -O3 -fssa 
FAIL: gcc.c-torture/execute/va-arg-15.c execution,  -Os 
FAIL: gcc.c-torture/execute/va-arg-16.c execution,  -O0 
FAIL: gcc.c-torture/execute/va-arg-16.c execution,  -O1 
FAIL: gcc.c-torture/execute/va-arg-16.c execution,  -O2 
FAIL: gcc.c-torture/execute/va-arg-16.c execution,  -O3 -fomit-frame-pointer

FAIL: gcc.c-torture/execute/va-arg-16.c execution,  -O3 -g 
FAIL: gcc.c-torture/execute/va-arg-16.c execution,  -O3 -fssa 
FAIL: gcc.c-torture/execute/va-arg-16.c execution,  -Os 
FAIL: gcc.c-torture/execute/va-arg-17.c execution,  -O0 
FAIL: gcc.c-torture/execute/va-arg-17.c execution,  -O1 
FAIL: gcc.c-torture/execute/va-arg-17.c execution,  -O2 
FAIL: gcc.c-torture/execute/va-arg-17.c execution,  -O3 -fomit-frame-pointer

FAIL: gcc.c-torture/execute/va-arg-17.c execution,  -O3 -g 
FAIL: gcc.c-torture/execute/va-arg-17.c execution,  -O3 -fssa 
FAIL: gcc.c-torture/execute/va-arg-17.c execution,  -Os 
FAIL: gcc.c-torture/execute/va-arg-19.c execution,  -O0 
FAIL: gcc.c-torture/execute/va-arg-19.c execution,  -O1 
FAIL: gcc.c-torture/execute/va-arg-19.c execution,  -O2 
FAIL: gcc.c-torture/execute/va-arg-19.c execution,  -O3 -fomit-frame-pointer

FAIL: gcc.c-torture/execute/va-arg-19.c execution,  -O3 -g 
FAIL: gcc.c-torture/execute/va-arg-19.c execution,  -O3 -fssa 
FAIL: gcc.c-torture/execute/va-arg-19.c execution,  -Os 
FAIL: gcc.c-torture/execute/va-arg-3.c execution,  -O0 
FAIL: gcc.c-torture/execute/va-arg-3.c execution,  -O1 
FAIL: gcc.c-torture/execute/va-arg-3.c execution,  -O2 
FAIL: gcc.c-torture/execute/va-arg-3.c execution,  -O3 -fomit-frame-pointer 
FAIL: gcc.c-torture/execute/va-arg-3.c execution,  -O3 -fomit-frame-pointer
-funroll-loops 
FAIL: gcc.c-torture/execute/va-arg-3.c execution,  -O3 -fomit-frame-pointer
-funroll-all-loops -finline-functions 
FAIL: gcc.c-torture/execute/va-arg-3.c execution,  -O3 -g 
FAIL: gcc.c-torture/execute/va-arg-3.c execution,  -O3 -fssa 
FAIL: gcc.c-torture/execute/va-arg-3.c execution,  -Os 
FAIL: gcc.c-torture/execute/ieee/20000320-1.c execution,  -O0 
FAIL: gcc.c-torture/execute/ieee/20000320-1.c execution,  -O1 
FAIL: gcc.c-torture/execute/ieee/20000320-1.c execution,  -O2 
FAIL: gcc.c-torture/execute/ieee/20000320-1.c execution,  -O3
-fomit-frame-pointer 
FAIL: gcc.c-torture/execute/ieee/20000320-1.c execution,  -O3 -g 
FAIL: gcc.c-torture/execute/ieee/20000320-1.c execution,  -O3 -fssa 
FAIL: gcc.c-torture/execute/ieee/20000320-1.c execution,  -Os 
FAIL: gcc.c-torture/execute/ieee/fp-cmp-4.c compilation,  -O0 
FAIL: gcc.c-torture/execute/ieee/fp-cmp-4.c compilation,  -O1 
FAIL: gcc.c-torture/execute/ieee/fp-cmp-4.c compilation,  -O2 
FAIL: gcc.c-torture/execute/ieee/fp-cmp-4.c compilation,  -O3
-fomit-frame-pointer 
FAIL: gcc.c-torture/execute/ieee/fp-cmp-4.c compilation,  -O3
-fomit-frame-pointer -funroll-loops 
FAIL: gcc.c-torture/execute/ieee/fp-cmp-4.c compilation,  -O3
-fomit-frame-pointer -funroll-all-loops -finline-functions 
FAIL: gcc.c-torture/execute/ieee/fp-cmp-4.c compilation,  -O3 -g 
FAIL: gcc.c-torture/execute/ieee/fp-cmp-4.c compilation,  -O3 -fssa 
FAIL: gcc.c-torture/execute/ieee/fp-cmp-4.c compilation,  -Os 
XPASS: gcc.c-torture/execute/memcheck/blkarg.c execution,  -O0 
XPASS: gcc.c-torture/execute/memcheck/blkarg.c execution,  -O1 
XPASS: gcc.c-torture/execute/memcheck/blkarg.c execution,  -O2 
XPASS: gcc.c-torture/execute/memcheck/blkarg.c execution,  -Os 
FAIL: gcc.c-torture/unsorted/loop386.c,  -O3 -g  
FAIL: gcc.dg/20000419-2.c (test for excess errors)
FAIL: gcc.dg/c99-array-nonobj-1.c func [] arg (test for errors, line 26)
FAIL: gcc.dg/c99-array-nonobj-1.c (test for excess errors)
FAIL: gcc.dg/compare2.c case 10 (test for bogus messages, line 29)
FAIL: gcc.dg/unused-3.c unused variable warning (test for warnings, line 8)
FAIL: alias-1.c
FAIL: wkali-1.c
FAIL: wkali-2b.o

		=== gcc Summary for unix ===

# of expected passes		13867
# of unexpected failures	95
# of unexpected successes	4
# of expected failures		68
# of unresolved testcases	10
# of unsupported tests		46

Running target unix/-mabi=64
FAIL: gcc.c-torture/compile/970214-1.c,  -O0  
FAIL: gcc.c-torture/compile/970214-1.c,  -O1  
FAIL: gcc.c-torture/compile/970214-1.c,  -O2  
FAIL: gcc.c-torture/compile/970214-1.c,  -O3 -fomit-frame-pointer  
FAIL: gcc.c-torture/compile/970214-1.c,  -O3 -g  
FAIL: gcc.c-torture/compile/970214-1.c,  -O3 -fssa  
FAIL: gcc.c-torture/compile/970214-1.c,  -Os  
FAIL: gcc.c-torture/execute/20000225-1.c execution,  -O2 
FAIL: gcc.c-torture/execute/20000225-1.c execution,  -O3
-fomit-frame-pointer 
FAIL: gcc.c-torture/execute/20000225-1.c execution,  -O3
-fomit-frame-pointer -funroll-loops 
FAIL: gcc.c-torture/execute/20000225-1.c execution,  -O3
-fomit-frame-pointer -funroll-all-loops -finline-functions 
FAIL: gcc.c-torture/execute/20000225-1.c execution,  -O3 -g 
FAIL: gcc.c-torture/execute/20000225-1.c execution,  -O3 -fssa 
FAIL: gcc.c-torture/execute/20000225-1.c execution,  -Os 
FAIL: gcc.c-torture/execute/20000731-2.c execution,  -O3
-fomit-frame-pointer -funroll-all-loops -finline-functions 
FAIL: gcc.c-torture/execute/20000801-1.c execution,  -O2 
FAIL: gcc.c-torture/execute/20000801-1.c execution,  -O3
-fomit-frame-pointer 
FAIL: gcc.c-torture/execute/20000801-1.c execution,  -O3
-fomit-frame-pointer -funroll-loops 
FAIL: gcc.c-torture/execute/20000801-1.c execution,  -O3
-fomit-frame-pointer -funroll-all-loops -finline-functions 
FAIL: gcc.c-torture/execute/20000801-1.c execution,  -O3 -g 
FAIL: gcc.c-torture/execute/20000801-1.c execution,  -Os 
FAIL: gcc.c-torture/execute/20000801-2.c execution,  -O3
-fomit-frame-pointer -funroll-all-loops -finline-functions 
FAIL: gcc.c-torture/execute/20000906-1.c compilation,  -O1 
FAIL: gcc.c-torture/execute/20000906-1.c compilation,  -O2 
FAIL: gcc.c-torture/execute/20000906-1.c compilation,  -O3
-fomit-frame-pointer 
FAIL: gcc.c-torture/execute/20000906-1.c compilation,  -O3
-fomit-frame-pointer -funroll-loops 
FAIL: gcc.c-torture/execute/20000906-1.c compilation,  -O3
-fomit-frame-pointer -funroll-all-loops -finline-functions 
FAIL: gcc.c-torture/execute/20000906-1.c compilation,  -O3 -g 
FAIL: gcc.c-torture/execute/20000906-1.c compilation,  -O3 -fssa 
FAIL: gcc.c-torture/execute/20000906-1.c compilation,  -Os 
FAIL: gcc.c-torture/execute/20000917-1.c compilation,  -O3 -fssa 
FAIL: gcc.c-torture/execute/970214-1.c compilation,  -O0 
FAIL: gcc.c-torture/execute/970214-1.c compilation,  -O1 
FAIL: gcc.c-torture/execute/970214-1.c compilation,  -O2 
FAIL: gcc.c-torture/execute/970214-1.c compilation,  -O3
-fomit-frame-pointer 
FAIL: gcc.c-torture/execute/970214-1.c compilation,  -O3 -g 
FAIL: gcc.c-torture/execute/970214-1.c compilation,  -O3 -fssa 
FAIL: gcc.c-torture/execute/970214-1.c compilation,  -Os 
FAIL: gcc.c-torture/execute/970214-2.c compilation,  -O0 
FAIL: gcc.c-torture/execute/970214-2.c compilation,  -O1 
FAIL: gcc.c-torture/execute/970214-2.c compilation,  -O2 
FAIL: gcc.c-torture/execute/970214-2.c compilation,  -O3
-fomit-frame-pointer 
FAIL: gcc.c-torture/execute/970214-2.c compilation,  -O3 -g 
FAIL: gcc.c-torture/execute/970214-2.c compilation,  -O3 -fssa 
FAIL: gcc.c-torture/execute/970214-2.c compilation,  -Os 
FAIL: gcc.c-torture/execute/991014-1.c compilation,  -O0 
FAIL: gcc.c-torture/execute/991014-1.c compilation,  -O1 
FAIL: gcc.c-torture/execute/991014-1.c compilation,  -O2 
FAIL: gcc.c-torture/execute/991014-1.c compilation,  -O3
-fomit-frame-pointer 
FAIL: gcc.c-torture/execute/991014-1.c compilation,  -O3 -g 
FAIL: gcc.c-torture/execute/991014-1.c compilation,  -O3 -fssa 
FAIL: gcc.c-torture/execute/991014-1.c compilation,  -Os 
FAIL: gcc.c-torture/execute/991216-3.c execution,  -O0 
FAIL: gcc.c-torture/execute/991216-3.c execution,  -O1 
FAIL: gcc.c-torture/execute/991216-3.c execution,  -O2 
FAIL: gcc.c-torture/execute/991216-3.c execution,  -O3 -fomit-frame-pointer 
FAIL: gcc.c-torture/execute/991216-3.c execution,  -O3 -fomit-frame-pointer
-funroll-loops 
FAIL: gcc.c-torture/execute/991216-3.c execution,  -O3 -fomit-frame-pointer
-funroll-all-loops -finline-functions 
FAIL: gcc.c-torture/execute/991216-3.c execution,  -O3 -g 
FAIL: gcc.c-torture/execute/991216-3.c execution,  -O3 -fssa 
FAIL: gcc.c-torture/execute/991216-3.c execution,  -Os 
FAIL: gcc.c-torture/execute/divconst-2.c execution,  -O1 
FAIL: gcc.c-torture/execute/divconst-2.c execution,  -O2 
FAIL: gcc.c-torture/execute/divconst-2.c execution,  -Os 
FAIL: gcc.c-torture/execute/strct-varg-1.c execution,  -O0 
FAIL: gcc.c-torture/execute/strct-varg-1.c execution,  -O1 
FAIL: gcc.c-torture/execute/strct-varg-1.c execution,  -O2 
FAIL: gcc.c-torture/execute/strct-varg-1.c execution,  -O3
-fomit-frame-pointer 
FAIL: gcc.c-torture/execute/strct-varg-1.c execution,  -O3 -g 
FAIL: gcc.c-torture/execute/strct-varg-1.c execution,  -O3 -fssa 
FAIL: gcc.c-torture/execute/strct-varg-1.c execution,  -Os 
FAIL: gcc.c-torture/execute/va-arg-15.c execution,  -O0 
FAIL: gcc.c-torture/execute/va-arg-15.c execution,  -O1 
FAIL: gcc.c-torture/execute/va-arg-15.c execution,  -O2 
FAIL: gcc.c-torture/execute/va-arg-15.c execution,  -O3 -fomit-frame-pointer

FAIL: gcc.c-torture/execute/va-arg-15.c execution,  -O3 -fomit-frame-pointer
-funroll-loops 
FAIL: gcc.c-torture/execute/va-arg-15.c execution,  -O3 -fomit-frame-pointer
-funroll-all-loops -finline-functions 
FAIL: gcc.c-torture/execute/va-arg-15.c execution,  -O3 -g 
FAIL: gcc.c-torture/execute/va-arg-15.c execution,  -O3 -fssa 
FAIL: gcc.c-torture/execute/va-arg-15.c execution,  -Os 
FAIL: gcc.c-torture/execute/va-arg-16.c execution,  -O0 
FAIL: gcc.c-torture/execute/va-arg-16.c execution,  -O1 
FAIL: gcc.c-torture/execute/va-arg-16.c execution,  -O2 
FAIL: gcc.c-torture/execute/va-arg-16.c execution,  -O3 -fomit-frame-pointer

FAIL: gcc.c-torture/execute/va-arg-16.c execution,  -O3 -g 
FAIL: gcc.c-torture/execute/va-arg-16.c execution,  -O3 -fssa 
FAIL: gcc.c-torture/execute/va-arg-16.c execution,  -Os 
FAIL: gcc.c-torture/execute/va-arg-17.c execution,  -O0 
FAIL: gcc.c-torture/execute/va-arg-17.c execution,  -O1 
FAIL: gcc.c-torture/execute/va-arg-17.c execution,  -O2 
FAIL: gcc.c-torture/execute/va-arg-17.c execution,  -O3 -fomit-frame-pointer

FAIL: gcc.c-torture/execute/va-arg-17.c execution,  -O3 -g 
FAIL: gcc.c-torture/execute/va-arg-17.c execution,  -O3 -fssa 
FAIL: gcc.c-torture/execute/va-arg-17.c execution,  -Os 
FAIL: gcc.c-torture/execute/va-arg-19.c execution,  -O0 
FAIL: gcc.c-torture/execute/va-arg-19.c execution,  -O1 
FAIL: gcc.c-torture/execute/va-arg-19.c execution,  -O2 
FAIL: gcc.c-torture/execute/va-arg-19.c execution,  -O3 -fomit-frame-pointer

FAIL: gcc.c-torture/execute/va-arg-19.c execution,  -O3 -g 
FAIL: gcc.c-torture/execute/va-arg-19.c execution,  -O3 -fssa 
FAIL: gcc.c-torture/execute/va-arg-19.c execution,  -Os 
FAIL: gcc.c-torture/execute/va-arg-3.c execution,  -O0 
FAIL: gcc.c-torture/execute/va-arg-3.c execution,  -O1 
FAIL: gcc.c-torture/execute/va-arg-3.c execution,  -O2 
FAIL: gcc.c-torture/execute/va-arg-3.c execution,  -O3 -fomit-frame-pointer 
FAIL: gcc.c-torture/execute/va-arg-3.c execution,  -O3 -fomit-frame-pointer
-funroll-loops 
FAIL: gcc.c-torture/execute/va-arg-3.c execution,  -O3 -fomit-frame-pointer
-funroll-all-loops -finline-functions 
FAIL: gcc.c-torture/execute/va-arg-3.c execution,  -O3 -g 
FAIL: gcc.c-torture/execute/va-arg-3.c execution,  -O3 -fssa 
FAIL: gcc.c-torture/execute/va-arg-3.c execution,  -Os 
FAIL: gcc.c-torture/execute/widechar-1.c compilation,  -O0 
FAIL: gcc.c-torture/execute/widechar-1.c compilation,  -O1 
FAIL: gcc.c-torture/execute/widechar-1.c compilation,  -O2 
FAIL: gcc.c-torture/execute/widechar-1.c compilation,  -O3
-fomit-frame-pointer 
FAIL: gcc.c-torture/execute/widechar-1.c compilation,  -O3 -g 
FAIL: gcc.c-torture/execute/widechar-1.c compilation,  -O3 -fssa 
FAIL: gcc.c-torture/execute/widechar-1.c compilation,  -Os 
FAIL: gcc.c-torture/execute/widechar-2.c compilation,  -O0 
FAIL: gcc.c-torture/execute/widechar-2.c compilation,  -O1 
FAIL: gcc.c-torture/execute/widechar-2.c compilation,  -O2 
FAIL: gcc.c-torture/execute/widechar-2.c compilation,  -O3
-fomit-frame-pointer 
FAIL: gcc.c-torture/execute/widechar-2.c compilation,  -O3 -g 
FAIL: gcc.c-torture/execute/widechar-2.c compilation,  -O3 -fssa 
FAIL: gcc.c-torture/execute/widechar-2.c compilation,  -Os 
FAIL: gcc.c-torture/execute/ieee/20000320-1.c execution,  -O0 
FAIL: gcc.c-torture/execute/ieee/20000320-1.c execution,  -O1 
FAIL: gcc.c-torture/execute/ieee/20000320-1.c execution,  -O2 
FAIL: gcc.c-torture/execute/ieee/20000320-1.c execution,  -O3
-fomit-frame-pointer 
FAIL: gcc.c-torture/execute/ieee/20000320-1.c execution,  -O3 -g 
FAIL: gcc.c-torture/execute/ieee/20000320-1.c execution,  -O3 -fssa 
FAIL: gcc.c-torture/execute/ieee/20000320-1.c execution,  -Os 
FAIL: gcc.c-torture/execute/ieee/fp-cmp-4.c compilation,  -O0 
FAIL: gcc.c-torture/execute/ieee/fp-cmp-4.c compilation,  -O1 
FAIL: gcc.c-torture/execute/ieee/fp-cmp-4.c compilation,  -O2 
FAIL: gcc.c-torture/execute/ieee/fp-cmp-4.c compilation,  -O3
-fomit-frame-pointer 
FAIL: gcc.c-torture/execute/ieee/fp-cmp-4.c compilation,  -O3
-fomit-frame-pointer -funroll-loops 
FAIL: gcc.c-torture/execute/ieee/fp-cmp-4.c compilation,  -O3
-fomit-frame-pointer -funroll-all-loops -finline-functions 
FAIL: gcc.c-torture/execute/ieee/fp-cmp-4.c compilation,  -O3 -g 
FAIL: gcc.c-torture/execute/ieee/fp-cmp-4.c compilation,  -O3 -fssa 
FAIL: gcc.c-torture/execute/ieee/fp-cmp-4.c compilation,  -Os 
XPASS: gcc.c-torture/execute/memcheck/blkarg.c execution,  -O0 
XPASS: gcc.c-torture/execute/memcheck/blkarg.c execution,  -O1 
XPASS: gcc.c-torture/execute/memcheck/blkarg.c execution,  -O2 
XPASS: gcc.c-torture/execute/memcheck/blkarg.c execution,  -Os 
FAIL: gcc.c-torture/unsorted/loop386.c,  -O3 -g  
FAIL: gcc.dg/cpp/lexstrng.c (test for excess errors)
FAIL: gcc.dg/cpp/paste2.c (test for excess errors)
FAIL: gcc.dg/20000419-2.c (test for excess errors)
FAIL: gcc.dg/c99-array-nonobj-1.c func [] arg (test for errors, line 26)
FAIL: gcc.dg/c99-array-nonobj-1.c (test for excess errors)
FAIL: gcc.dg/compare2.c case 10 (test for bogus messages, line 29)
FAIL: gcc.dg/unused-3.c unused variable warning (test for warnings, line 8)
FAIL: alias-1.c
FAIL: wkali-1.c
FAIL: wkali-2b.o
FAIL: linkage.c

		=== gcc Summary for unix/-mabi=64 ===

# of expected passes		13765
# of unexpected failures	152
# of unexpected successes	4
# of expected failures		68
# of unresolved testcases	53
# of unsupported tests		46

		=== gcc Summary ===

# of expected passes		27632
# of unexpected failures	247
# of unexpected successes	8
# of expected failures		136
# of unresolved testcases	63
# of unsupported tests		92
/exd4/billingd/obj/gcc-parallel/gcc/xgcc version 2.96 20000918
(experimental)

		=== g77 tests ===


Running target unix
FAIL: g77.f-torture/execute/short.f execution,  -Os 

		=== g77 Summary for unix ===

# of expected passes		982
# of unexpected failures	1

Running target unix/-mabi=64
FAIL: g77.f-torture/execute/short.f execution,  -Os 

		=== g77 Summary for unix/-mabi=64 ===

# of expected passes		982
# of unexpected failures	1

		=== g77 Summary ===

# of expected passes		1964
# of unexpected failures	2
		=== g++ tests ===


Running target unix
FAIL: g++.dg/special/conpr-1.C execution test
FAIL: g++.dg/special/conpr-2.C execution test
FAIL: g++.dg/special/conpr-3.C execution test
FAIL: g++.dg/special/conpr-3.C execution test
FAIL: g++.ext/initp1.C  Execution test
FAIL: g++.ext/instantiate1.C not instantiated (test for errors, line 18)
FAIL: g++.ext/instantiate1.C not instantiated (test for errors, line 20)
FAIL: g++.ext/instantiate2.C not instantiated (test for errors, line 16)
FAIL: g++.ext/instantiate3.C not instantiated (test for errors, line 13)
FAIL: g++.other/crash18.C (test for excess errors)
FAIL: g++.other/incomplete.C caused compiler crash
FAIL: g++.other/loop2.C caused compiler crash
FAIL: g++.pt/crash9.C caused compiler crash

		=== g++ Summary for unix ===

# of expected passes		5985
# of unexpected failures	13
# of expected failures		99
# of untested testcases		18

Running target unix/-mabi=64
FAIL: g++.dg/special/conpr-1.C execution test
FAIL: g++.dg/special/conpr-2.C execution test
FAIL: g++.dg/special/conpr-3.C execution test
FAIL: g++.dg/special/conpr-3.C execution test
FAIL: g++.eh/badalloc1.C  Execution test
FAIL: g++.ext/initp1.C  Execution test
FAIL: g++.ext/instantiate1.C not instantiated (test for errors, line 18)
FAIL: g++.ext/instantiate1.C not instantiated (test for errors, line 20)
FAIL: g++.ext/instantiate2.C not instantiated (test for errors, line 16)
FAIL: g++.ext/instantiate3.C not instantiated (test for errors, line 13)
FAIL: g++.other/crash18.C (test for excess errors)
FAIL: g++.other/incomplete.C caused compiler crash
FAIL: g++.other/loop2.C caused compiler crash
FAIL: g++.pt/crash9.C caused compiler crash

		=== g++ Summary for unix/-mabi=64 ===

# of expected passes		5984
# of unexpected failures	14
# of expected failures		99
# of untested testcases		18

		=== g++ Summary ===

# of expected passes		11969
# of unexpected failures	27
# of expected failures		198
# of untested testcases		36
/exd4/billingd/obj/gcc-parallel/gcc/testsuite/../g++ version 2.96 20000918
(experimental)

		=== libstdc++ tests ===


Running target unix-mabi=64
		=== libio tests ===


Running target unix-mabi=64

Compiler version: 2.96 20000918 (experimental) 
Platform: mips-sgi-irix6.5
configure flags: --host=mips-sgi-irix6.5 --enable-shared --enable-haifa
--enable-pthreads --prefix=/exd4/billingd/tmp/gcc
Counting all warnings,
there are 1113 warnings in stage3 of this bootstrap.

Number of warnings per file:
 247 /exd4/billingd/src/gcc/gcc/cp/error.c
 117 /exd4/billingd/src/gcc/gcc/cp/method.c
  86 /exd4/billingd/src/gcc/include/getopt.h
  78 /exd4/billingd/src/gcc/gcc/cp/mangle.c
  74 /exd4/billingd/src/gcc/gcc/objc/objc-act.c
  60 /exd4/billingd/src/gcc/gcc/gcc.c
  35 /exd4/billingd/src/gcc/gcc/java/verify.c
  34 /exd4/billingd/src/gcc/gcc/java/parse.y
  32 /exd4/billingd/src/gcc/gcc/combine.c
  30 /exd4/billingd/src/gcc/gcc/java/class.c
  26 /exd4/billingd/src/gcc/gcc/varasm.c
  25 /exd4/billingd/src/gcc/gcc/ch/lex.c
  23 /exd4/billingd/src/gcc/gcc/java/lex.c
  18 /exd4/billingd/src/gcc/gcc/cp/spew.c
  16 /exd4/billingd/src/gcc/gcc/tree.c
  15 /exd4/billingd/src/gcc/gcc/tlink.c
  15 /exd4/billingd/src/gcc/gcc/genattrtab.c
  15 /exd4/billingd/src/gcc/gcc/expr.c
  13 /exd4/billingd/src/gcc/gcc/cp/pt.c
  11 /exd4/billingd/src/gcc/gcc/cse.c
  10 /exd4/billingd/src/gcc/gcc/config/mips/mips.md
   9 /exd4/billingd/src/gcc/gcc/config/mips/mips.c
   8 /exd4/billingd/src/gcc/gcc/java/typeck.c
   8 /exd4/billingd/src/gcc/gcc/collect2.c
   7 /exd4/billingd/src/gcc/gcc/stmt.c
   7 /exd4/billingd/src/gcc/gcc/loop.c
   7 /exd4/billingd/src/gcc/gcc/cp/repo.c
   6 /exd4/billingd/src/gcc/gcc/reorg.c
   6 /exd4/billingd/src/gcc/gcc/java/mangle.c
   6 /exd4/billingd/src/gcc/gcc/diagnostic.c
   6 /exd4/billingd/src/gcc/gcc/crtstuff.c
   4 /exd4/billingd/src/gcc/gcc/rtl.c
   4 /exd4/billingd/src/gcc/gcc/reload1.c
   4 /exd4/billingd/src/gcc/gcc/libgcc2.c
   4 /exd4/billingd/src/gcc/gcc/java/jcf-reader.c
   4 /exd4/billingd/src/gcc/gcc/gcse.c
   3 /usr/local/share/bison.simple
   3 /exd4/billingd/src/gcc/gcc/java/jcf-parse.c
   3 /exd4/billingd/src/gcc/gcc/final.c
   3 /exd4/billingd/src/gcc/gcc/cp/search.c
   3 /exd4/billingd/src/gcc/gcc/cpplib.c
   3 /exd4/billingd/src/gcc/gcc/cpplex.c
   2 /exd4/billingd/src/gcc/gcc/reload.c
   2 /exd4/billingd/src/gcc/gcc/genflags.c
   2 /exd4/billingd/src/gcc/gcc/function.c
   2 /exd4/billingd/src/gcc/gcc/fold-const.c
   2 /exd4/billingd/src/gcc/gcc/alias.c
   1 /exd4/billingd/src/gcc/gcc/simplify-rtx.c
   1 /exd4/billingd/src/gcc/gcc/recog.c
   1 /exd4/billingd/src/gcc/gcc/print-rtl.c
   1 /exd4/billingd/src/gcc/gcc/local-alloc.c
   1 /exd4/billingd/src/gcc/gcc/java/jvspec.c
   1 /exd4/billingd/src/gcc/gcc/java/jvgenmain.c
   1 /exd4/billingd/src/gcc/gcc/java/jcf-write.c
   1 /exd4/billingd/src/gcc/gcc/hash.c
   1 /exd4/billingd/src/gcc/gcc/f/lang-specs.h
   1 /exd4/billingd/src/gcc/gcc/expmed.c
   1 /exd4/billingd/src/gcc/gcc/dwarf2out.c
   1 /exd4/billingd/src/gcc/gcc/cp/errfn.c
   1 /exd4/billingd/src/gcc/gcc/cpphash.c
   1 /exd4/billingd/src/gcc/gcc/conflict.c
   1 /exd4/billingd/src/gcc/gcc/bitmap.c

Number of warning types:
 895 value computed is not used
  90 function declaration isn't a prototype
  54 comparison between signed and unsigned
  18 signed and unsigned type in conditional expression
  13 \`???' might be used uninitialized in this function
   7 string length \`???' is greater than the minimum length \`???' ISO C89
is required to support
   6 operand 1 missing mode?
   6 no previous prototype for \`???'
   4 \`???' defined but not used
   4 operand 0 missing mode?
   4 array subscript has type \`char'
   3 assignment discards qualifiers from pointer target type
   2 traditional C rejects the 'u' suffix
   2 passing arg ??? of \`???' from incompatible pointer type
   2 alignment of \`???' is greater than maximum object file alignment.
Using 8.
   1 unused parameter \`???'
   1 pointer targets in passing arg ??? of \`???' differ in signedness
   1 initialization discards qualifiers from pointer target type



More information about the Gcc-testresults mailing list