Results for 2.96 20000914 (experimental) testsuite on i586-redhat6-linux-gnu

Manfred Hollstein manfredh@redhat.com
Thu Sep 14 06:17:00 GMT 2000


Compiler version: 2.96 20000914 (experimental) 
Platform:	  i586-redhat6-linux-gnu

Sources:	  - gcc mainline from CVS last updated at
		    2000/09/14 10:12:52 +0200
		  - libg++-2.8.1.3
		  - libg++-2.8.1.3-20000312.diff.gz
		  - libg++-2.8.1.3-20000419.diff.gz
		  - libg++-2.8.1.3-20000816.diff.gz
		  - libg++-2.8.1.3-20000914.diff.gz
Patches:	  [1] < http://gcc.gnu.org/ml/gcc-patches/2000-08/msg00724.html >
		      from <manfredh@redhat.com>
Environment:	  - autoconf-2.13-5
		  - automake-1.4-6
		  - binutils-20000914 via anonymous CVS from
		    anoncvs.cygnus.com
		  - dejagnu-20000815 via anonymous CVS from
		    anoncvs.cygnus.com
		  - Red Hat Linux 6.2
		    + recommended updates as of today
		  - Kernel 2.2.16-20 (RH 7.0 beta) (compiled by "gcc version
		    egcs-2.91.66 19990314/Linux (egcs-1.1.2 release)")
		  - glibc-2.1.3-19
		  - glibc-devel-2.1.3-19

Remarks:	  None.


configure flags:  --host=i586-redhat6-linux-gnu --target=i586-redhat6-linux-gnu --build=i586-redhat6-linux-gnu --srcdir=../egcs-20000914 --prefix=/opt/gnu --exec-prefix=/opt/gnu/H-ia32-linux --with-gnu-as --with-gnu-ld --disable-checking --enable-shared --enable-version-specific-runtime-libs --enable-java-gc=boehm --enable-fast-character --enable-threads=posix --with-system-zlib --with-local-prefix=/opt/gnu --enable-nls --verbose
BOOT_CC:	  gcc version 2.95.3 19991030 (prerelease)
BOOT_CFLAGS:	  -O2 -march=pentium -fomit-frame-pointer
CFLAGS:		  -O2 -march=pentium -fomit-frame-pointer
CXXFLAGS:	  -O2 -march=pentium -g


Native configuration is i586-redhat6-linux-gnu

		=== libio tests ===


Running target unix

		=== libio Summary ===

# of expected passes		40
		=== libstdc++ tests ===


Running target unix

		=== libstdc++ Summary ===

# of expected passes		30
		=== libg++ tests ===


Running target unix

		=== libg++ Summary ===

# of expected passes		72
		=== gcc tests ===


Running target unix
FAIL: gcc.c-torture/execute/20000225-1.c execution,  -O2 
FAIL: gcc.c-torture/execute/20000225-1.c execution,  -O3 -fomit-frame-pointer 
FAIL: gcc.c-torture/execute/20000225-1.c execution,  -O3 -fomit-frame-pointer -funroll-loops 
FAIL: gcc.c-torture/execute/20000225-1.c execution,  -O3 -fomit-frame-pointer -funroll-all-loops -finline-functions 
FAIL: gcc.c-torture/execute/20000225-1.c execution,  -O3 -g 
FAIL: gcc.c-torture/execute/20000225-1.c execution,  -O3 -fssa 
FAIL: gcc.c-torture/execute/20000225-1.c execution,  -Os 
FAIL: gcc.c-torture/execute/20000731-2.c execution,  -O3 -fomit-frame-pointer -funroll-all-loops -finline-functions 
FAIL: gcc.c-torture/execute/20000801-1.c execution,  -O2 
FAIL: gcc.c-torture/execute/20000801-1.c execution,  -O3 -fomit-frame-pointer 
FAIL: gcc.c-torture/execute/20000801-1.c execution,  -O3 -fomit-frame-pointer -funroll-loops 
FAIL: gcc.c-torture/execute/20000801-1.c execution,  -O3 -fomit-frame-pointer -funroll-all-loops -finline-functions 
FAIL: gcc.c-torture/execute/20000801-1.c execution,  -O3 -g 
FAIL: gcc.c-torture/execute/20000801-1.c execution,  -Os 
FAIL: gcc.c-torture/execute/20000801-2.c execution,  -O3 -fomit-frame-pointer -funroll-all-loops -finline-functions 
FAIL: gcc.c-torture/execute/20000818-1.c compilation,  -O3 -fomit-frame-pointer -funroll-all-loops -finline-functions 
FAIL: gcc.c-torture/execute/960608-1.c execution,  -O3 -fomit-frame-pointer 
FAIL: gcc.c-torture/execute/960608-1.c execution,  -O3 -g 
FAIL: gcc.c-torture/execute/960608-1.c execution,  -O3 -fssa 
FAIL: gcc.dg/20000503-1.c (test for excess errors)
FAIL: gcc.dg/20000614-1.c execution test
FAIL: gcc.dg/20000614-2.c execution test
FAIL: gcc.dg/20000724-1.c execution test
FAIL: gcc.dg/20000807-1.c (test for excess errors)
FAIL: gcc.dg/991214-1.c (test for excess errors)
FAIL: gcc.dg/format-va-1.c wrong type in format warning (test for bogus messages, line 11)
FAIL: gcc.dg/format-va-1.c format error (test for warnings, line 11)
FAIL: gcc.dg/noreturn-1.c this function should not get any warnings (test for bogus messages, line 52)
FAIL: gcc.dg/noreturn-1.c detect return from tail call (test for warnings, line 59)
FAIL: gcc.dg/noreturn-2.c noreturn does return (test for bogus messages, line 12)
FAIL: gcc.dg/return-type-2.c warning for falling off end of non-void function (test for bogus messages, line 24)
FAIL: gcc.dg/return-type-2.c warning for falling off end of non-void function (test for bogus messages, line 42)

		=== gcc Summary ===

# of expected passes		13946
# of unexpected failures	32
# of expected failures		80
# of unresolved testcases	1
# of unsupported tests		18
/home/gnu/work/GNU/egcs-20000914-i586-redhat6-linux-gnu/gcc/xgcc version 2.96 20000914 (experimental)

		=== g++ tests ===


Running target unix
FAIL: g++.ext/instantiate1.C not instantiated (test for errors, line 18)
FAIL: g++.ext/instantiate1.C not instantiated (test for errors, line 20)
FAIL: g++.other/decl5.C caused compiler crash
FAIL: g++.other/loop2.C caused compiler crash

		=== g++ Summary ===

# of expected passes		5956
# of unexpected failures	4
# of expected failures		93
# of untested testcases		7
/home/gnu/work/GNU/egcs-20000914-i586-redhat6-linux-gnu/gcc/testsuite/../g++ version 2.96 20000914 (experimental)

		=== g77 tests ===


Running target unix
FAIL: g77.f-torture/execute/short.f execution,  -Os 

		=== g77 Summary ===

# of expected passes		980
# of unexpected failures	1
# of expected failures		2
		=== objc tests ===


Running target unix

		=== objc Summary ===

# of expected passes		44
/home/gnu/work/GNU/egcs-20000914-i586-redhat6-linux-gnu/gcc/xgcc version 2.96 20000914 (experimental)


Counting all warnings,
there are 435 warnings in stage3 of this bootstrap.

Number of warnings per file:
    194	cc1plus
     64	../../../../../egcs-20000914/libg++/etc/benchmarks/Int.h
     64	../../../../../egcs-20000914/libg++/etc/benchmarks/Char.h
     33	../../egcs-20000914/gcc/combine.c
     17	../../egcs-20000914/gcc/expr.c
     10	../../egcs-20000914/gcc/reg-stack.c
     10	../../egcs-20000914/gcc/cse.c
      6	../../egcs-20000914/gcc/loop.c
      4	../../../egcs-20000914/gcc/java/jcf-reader.c
      4	../../../../egcs-20000914/libg++/src/AllocRing.cc
      3	../../egcs-20000914/gcc/final.c
      2	../../egcs-20000914/gcc/reload.c
      2	../../egcs-20000914/gcc/libgcc2.c
      2	../../egcs-20000914/gcc/gcc.c
      2	../../egcs-20000914/gcc/function.c
      2	../../egcs-20000914/gcc/fold-const.c
      2	../../egcs-20000914/gcc/cpplex.c
      2	../../egcs-20000914/gcc/alias.c
      1	cc1
      1	../../egcs-20000914/gcc/print-rtl.c
      1	../../egcs-20000914/gcc/java/jvspec.c
      1	../../egcs-20000914/gcc/gcse.c
      1	../../egcs-20000914/gcc/f/lang-specs.h
      1	../../egcs-20000914/gcc/expmed.c
      1	../../egcs-20000914/gcc/dwarfout.c
      1	../../egcs-20000914/gcc/config/i386/i386.c
      1	../../egcs-20000914/gcc/c-lex.c
      1	../../../egcs-20000914/gcc/java/jcf-parse.c
      1	../../../egcs-20000914/gcc/cp/error.c
      1	../../../egcs-20000914/gcc/cp/errfn.c

Number of warning types:
    194	-fomit-frame-pointer is incompatible with the exception 
     65	comparison between signed and unsigned
     64	the named return value extension is 
     64	Please see the documentation for 
     10	signed and unsigned type in conditional expression
     10	`???' might be used uninitialized in this function
      4	string length `???' is greater than the minimum length `???' ISO C89 is required to support
      4	deleting `???' is undefined
      4	`???' defined but not used
      3	function declaration isn't a prototype
      3	assignment discards qualifiers from pointer target type
      2	unused parameter `???'
      2	traditional C rejects the 'u' suffix
      1	pointer targets in passing arg ??? of `???' differ in signedness
      1	passing arg ??? of `???' discards qualifiers from pointer target type
      1	no previous prototype for `???'
      1	initialization discards qualifiers from pointer target type
      1	function macro strcmp must be used with arguments in traditional C
      1	-fomit-frame-pointer is incompatible with the exception handling mechanism on this target; disabling it


More information about the Gcc-testresults mailing list