Results for 2.96 20000911 (experimental) testsuite on alpha-unknown-linux-gnu

Alexandre Oliva oliva@lsd.ic.unicamp.br
Wed Sep 13 20:31:00 GMT 2000


Native configuration is alpha-unknown-linux-gnu

		=== binutils tests ===


Running target unix

		=== binutils Summary ===

# of expected passes		25
# of expected failures		1
		=== g++ tests ===


Running target unix
FAIL: g++.eh/badalloc1.C  Execution test
FAIL: g++.law/cvt2.C (test for excess errors)
FAIL: g++.law/virtual3.C (test for excess errors)
FAIL: g++.other/crash18.C caused compiler crash
FAIL: g++.other/loop2.C caused compiler crash
FAIL: g++.robertl/eb21.C (test for excess errors)
FAIL: g++.robertl/eb77.C (test for excess errors)

		=== g++ Summary ===

# of expected passes		5992
# of unexpected failures	7
# of expected failures		99
# of untested testcases		18
/l/tmp/egcs/gcc/testsuite/../g++ version 2.96 20000911 (experimental)

		=== g77 tests ===


Running target unix

		=== g77 Summary ===

# of expected passes		983
		=== gas tests ===


Running target unix
FAIL: vtable inherit0
FAIL: vtable entry1

		=== gas Summary ===

# of expected passes		62
# of unexpected failures	2
		=== gcc tests ===


Running target unix
FAIL: gcc.c-torture/compile/920501-18.c,  -O3 -fssa  
FAIL: gcc.c-torture/execute/20000801-1.c execution,  -O2 
FAIL: gcc.c-torture/execute/20000801-1.c execution,  -O3 -fomit-frame-pointer 
FAIL: gcc.c-torture/execute/20000801-1.c execution,  -O3 -fomit-frame-pointer -funroll-loops 
FAIL: gcc.c-torture/execute/20000801-1.c execution,  -O3 -fomit-frame-pointer -funroll-all-loops -finline-functions 
FAIL: gcc.c-torture/execute/20000801-1.c execution,  -O3 -g 
FAIL: gcc.c-torture/execute/20000801-1.c execution,  -Os 
FAIL: gcc.c-torture/execute/20000801-2.c execution,  -O3 -fomit-frame-pointer -funroll-all-loops -finline-functions 
FAIL: gcc.c-torture/execute/20000818-1.c compilation,  -O3 -fomit-frame-pointer -funroll-all-loops -finline-functions 
FAIL: gcc.c-torture/execute/20000906-1.c compilation,  -O0 
FAIL: gcc.c-torture/execute/20000906-1.c compilation,  -O1 
FAIL: gcc.c-torture/execute/20000906-1.c compilation,  -O2 
FAIL: gcc.c-torture/execute/20000906-1.c compilation,  -O3 -fomit-frame-pointer 
FAIL: gcc.c-torture/execute/20000906-1.c compilation,  -O3 -fomit-frame-pointer -funroll-loops 
FAIL: gcc.c-torture/execute/20000906-1.c compilation,  -O3 -fomit-frame-pointer -funroll-all-loops -finline-functions 
FAIL: gcc.c-torture/execute/20000906-1.c compilation,  -O3 -g 
FAIL: gcc.c-torture/execute/20000906-1.c compilation,  -O3 -fssa 
FAIL: gcc.c-torture/execute/20000906-1.c compilation,  -Os 
FAIL: gcc.c-torture/execute/ieee/20000320-1.c execution,  -O0 
FAIL: gcc.c-torture/execute/ieee/20000320-1.c execution,  -O1 
FAIL: gcc.c-torture/execute/ieee/20000320-1.c execution,  -O2 
FAIL: gcc.c-torture/execute/ieee/20000320-1.c execution,  -O3 -fomit-frame-pointer 
FAIL: gcc.c-torture/execute/ieee/20000320-1.c execution,  -O3 -g 
FAIL: gcc.c-torture/execute/ieee/20000320-1.c execution,  -O3 -fssa 
FAIL: gcc.c-torture/execute/ieee/20000320-1.c execution,  -Os 
FAIL: gcc.c-torture/execute/ieee/fp-cmp-2.c execution,  -O0 
FAIL: gcc.c-torture/execute/ieee/fp-cmp-2.c execution,  -O1 
FAIL: gcc.c-torture/execute/ieee/fp-cmp-2.c execution,  -O2 
FAIL: gcc.c-torture/execute/ieee/fp-cmp-2.c execution,  -O3 -fomit-frame-pointer 
FAIL: gcc.c-torture/execute/ieee/fp-cmp-2.c execution,  -O3 -fomit-frame-pointer -funroll-loops 
FAIL: gcc.c-torture/execute/ieee/fp-cmp-2.c execution,  -O3 -fomit-frame-pointer -funroll-all-loops -finline-functions 
FAIL: gcc.c-torture/execute/ieee/fp-cmp-2.c execution,  -O3 -g 
FAIL: gcc.c-torture/execute/ieee/fp-cmp-2.c execution,  -O3 -fssa 
FAIL: gcc.c-torture/execute/ieee/fp-cmp-2.c execution,  -Os 
FAIL: gcc.c-torture/execute/ieee/fp-cmp-4.c execution,  -O0 
FAIL: gcc.c-torture/execute/ieee/fp-cmp-4.c execution,  -O1 
FAIL: gcc.c-torture/execute/ieee/fp-cmp-4.c execution,  -O2 
FAIL: gcc.c-torture/execute/ieee/fp-cmp-4.c execution,  -O3 -fomit-frame-pointer 
FAIL: gcc.c-torture/execute/ieee/fp-cmp-4.c execution,  -O3 -fomit-frame-pointer -funroll-loops 
FAIL: gcc.c-torture/execute/ieee/fp-cmp-4.c execution,  -O3 -fomit-frame-pointer -funroll-all-loops -finline-functions 
FAIL: gcc.c-torture/execute/ieee/fp-cmp-4.c execution,  -O3 -g 
FAIL: gcc.c-torture/execute/ieee/fp-cmp-4.c execution,  -O3 -fssa 
FAIL: gcc.c-torture/execute/ieee/fp-cmp-4.c execution,  -Os 
FAIL: gcc.c-torture/execute/ieee/hugeval.c execution,  -O0 
FAIL: gcc.c-torture/execute/ieee/mzero2.c execution,  -O0 
FAIL: gcc.c-torture/execute/ieee/mzero2.c execution,  -O1 
FAIL: gcc.c-torture/execute/ieee/mzero2.c execution,  -O2 
FAIL: gcc.c-torture/execute/ieee/mzero2.c execution,  -O3 -fomit-frame-pointer 
FAIL: gcc.c-torture/execute/ieee/mzero2.c execution,  -O3 -g 
FAIL: gcc.c-torture/execute/ieee/mzero2.c execution,  -O3 -fssa 
FAIL: gcc.c-torture/execute/ieee/mzero2.c execution,  -Os 
XPASS: gcc.c-torture/execute/memcheck/blkarg.c execution,  -O0 
XPASS: gcc.c-torture/execute/memcheck/blkarg.c execution,  -O1 
XPASS: gcc.c-torture/execute/memcheck/blkarg.c execution,  -O2 
XPASS: gcc.c-torture/execute/memcheck/blkarg.c execution,  -Os 
FAIL: gcc.dg/c99-array-nonobj-1.c func [] arg (test for errors, line 26)
FAIL: gcc.dg/c99-array-nonobj-1.c (test for excess errors)
FAIL: gcc.dg/noreturn-1.c this function should not get any warnings (test for bogus messages, line 52)
FAIL: gcc.dg/noreturn-1.c detect return from tail call (test for warnings, line 59)

		=== gcc Summary ===

# of expected passes		13842
# of unexpected failures	55
# of unexpected successes	4
# of expected failures		71
# of unresolved testcases	10
# of unsupported tests		43
/l/tmp/egcs/gcc/xgcc version 2.96 20000911 (experimental)

		=== ld tests ===


Running target unix
FAIL: selective3

		=== ld Summary ===

# of expected passes		44
# of unexpected failures	1
# of expected failures		2
# of unresolved testcases	1
		=== libg++ tests ===


Running target unix
FAIL: tBag.cc compilation
FAIL: tBitSet.cc compilation
FAIL: tBitString.cc compilation
FAIL: tDeque.cc compilation
FAIL: tFile.cc compilation
FAIL: tFix.cc compilation
FAIL: tFix16.cc compilation
FAIL: tFix24.cc compilation
FAIL: tGetOpt.cc compilation
FAIL: tInteger.cc compilation
FAIL: tLList.cc compilation
FAIL: tList.cc compilation
FAIL: tMap.cc compilation
FAIL: tObstack.cc compilation
FAIL: tPQ.cc compilation
FAIL: tPlex.cc compilation
FAIL: tQueue.cc compilation
FAIL: tRandom.cc compilation
FAIL: tRational.cc compilation
FAIL: tSet.cc compilation
FAIL: tStack.cc compilation
FAIL: tString.cc compilation
FAIL: tVec.cc compilation
FAIL: tiLList.cc compilation

		=== libg++ Summary ===

# of unexpected failures	24
# of expected failures		48
		=== libio tests ===


Running target unix
FAIL: tFile.cc compilation 
FAIL: tFile.cc compilation -b0
FAIL: tFile.cc compilation -b3
FAIL: tiomisc.cc compilation 

		=== libio Summary ===

# of expected passes		28
# of unexpected failures	4
# of expected failures		8
		=== libstdc++ tests ===


Running target unix

		=== libstdc++ Summary ===

# of expected passes		30
		=== objc tests ===


Running target unix

		=== objc Summary ===

# of expected passes		44
/l/tmp/egcs/gcc/xgcc version 2.96 20000911 (experimental)


Compiler version: 2.96 20000911 (experimental) 
Platform: alpha-unknown-linux-gnu

BOOT_CFLAGS: -g -O9 -W -Wall

Counting all warnings,
there are 71 warnings in stage3 of this bootstrap.

Number of warnings per file:
      9	/home/lsd/oliva/src/egcs/gcc/reload.c
      8	/home/lsd/oliva/src/egcs/gcc/sdbout.c
      6	/home/lsd/oliva/src/egcs/gcc/loop.c
      6	/home/lsd/oliva/src/egcs/gcc/combine.c
      5	/home/lsd/oliva/src/egcs/gcc/cse.c
      4	/usr/include/bits/mathinline.h
      4	/home/lsd/oliva/src/egcs/gcc/libgcc2.c
      3	/home/lsd/oliva/src/egcs/gcc/config/alpha/alpha.c
      2	/home/lsd/oliva/src/egcs/gcc/java/jcf-reader.c
      2	/home/lsd/oliva/src/egcs/gcc/gcc.c
      2	/home/lsd/oliva/src/egcs/gcc/expr.c
      2	/home/lsd/oliva/src/egcs/gcc/cpplex.c
      1	cxxmain.c
      1	/home/lsd/oliva/src/egcs/gcc/tradcpp.c
      1	/home/lsd/oliva/src/egcs/gcc/rtl.c
      1	/home/lsd/oliva/src/egcs/gcc/regclass.c
      1	/home/lsd/oliva/src/egcs/gcc/java/jvspec.c
      1	/home/lsd/oliva/src/egcs/gcc/java/jcf-write.c
      1	/home/lsd/oliva/src/egcs/gcc/gcse.c
      1	/home/lsd/oliva/src/egcs/gcc/fold-const.c
      1	/home/lsd/oliva/src/egcs/gcc/final.c
      1	/home/lsd/oliva/src/egcs/gcc/f/lang-specs.h
      1	/home/lsd/oliva/src/egcs/gcc/errors.c
      1	/home/lsd/oliva/src/egcs/gcc/diagnostic.c
      1	/home/lsd/oliva/src/egcs/gcc/cppexp.c
      1	/home/lsd/oliva/src/egcs/gcc/cp/spew.c
      1	/home/lsd/oliva/src/egcs/gcc/cp/error.c
      1	/home/lsd/oliva/src/egcs/gcc/cp/errfn.c
      1	/home/lsd/oliva/src/egcs/gcc/collect2.c
      1	/home/lsd/oliva/src/egcs/gcc/c-lex.c

Number of warning types:
     12	signed and unsigned type in conditional expression
     11	comparison between signed and unsigned
     10	`???' might be used uninitialized in this function
      6	no previous prototype for `???'
      6	`noreturn' function does return
      5	initialization discards qualifiers from pointer target type
      4	function declaration isn't a prototype
      3	traditional C rejects the 'u' suffix
      3	string length `???' is greater than the minimum length `???' ISO C89 is required to support
      3	assignment discards qualifiers from pointer target type
      2	`???' defined but not used
      1	unused parameter `???'
      1	traditional C rejects string concatenation
      1	pointer targets in passing arg ??? of `???' differ in signedness
      1	overflow in implicit constant conversion
      1	function macro strcmp must be used with arguments in traditional C
      1	`long' switch expression not converted to `int' in ISO C


More information about the Gcc-testresults mailing list