Results for 2.96 20000912 (experimental) testsuite on i686-pc-linux-gnu
Theodore Papadopoulo
Theodore.Papadopoulo@sophia.inria.fr
Wed Sep 13 13:32:00 GMT 2000
Native configuration is i686-pc-linux-gnu
=== gcc tests ===
Running target unix
FAIL: gcc.c-torture/execute/20000225-1.c execution, -O2
FAIL: gcc.c-torture/execute/20000225-1.c execution, -O3 -fomit-frame-pointer
FAIL: gcc.c-torture/execute/20000225-1.c execution, -O3 -fomit-frame-pointer -funroll-loops
FAIL: gcc.c-torture/execute/20000225-1.c execution, -O3 -fomit-frame-pointer -funroll-all-loops -finline-functions
FAIL: gcc.c-torture/execute/20000225-1.c execution, -O3 -g
FAIL: gcc.c-torture/execute/20000225-1.c execution, -O3 -fssa
FAIL: gcc.c-torture/execute/20000225-1.c execution, -Os
FAIL: gcc.c-torture/execute/20000731-2.c execution, -O3 -fomit-frame-pointer -funroll-all-loops -finline-functions
FAIL: gcc.c-torture/execute/20000801-1.c execution, -O2
FAIL: gcc.c-torture/execute/20000801-1.c execution, -O3 -fomit-frame-pointer
FAIL: gcc.c-torture/execute/20000801-1.c execution, -O3 -fomit-frame-pointer -funroll-loops
FAIL: gcc.c-torture/execute/20000801-1.c execution, -O3 -fomit-frame-pointer -funroll-all-loops -finline-functions
FAIL: gcc.c-torture/execute/20000801-1.c execution, -O3 -g
FAIL: gcc.c-torture/execute/20000801-1.c execution, -Os
FAIL: gcc.c-torture/execute/20000801-2.c execution, -O3 -fomit-frame-pointer -funroll-all-loops -finline-functions
FAIL: gcc.c-torture/execute/20000818-1.c compilation, -O3 -fomit-frame-pointer -funroll-all-loops -finline-functions
FAIL: gcc.c-torture/execute/960608-1.c execution, -O3 -fomit-frame-pointer
FAIL: gcc.c-torture/execute/960608-1.c execution, -O3 -g
FAIL: gcc.c-torture/execute/960608-1.c execution, -O3 -fssa
FAIL: gcc.c-torture/execute/widechar-2.c execution, -O0
FAIL: gcc.c-torture/execute/widechar-2.c execution, -O1
FAIL: gcc.c-torture/execute/widechar-2.c execution, -O2
FAIL: gcc.c-torture/execute/widechar-2.c execution, -O3 -fomit-frame-pointer
FAIL: gcc.c-torture/execute/widechar-2.c execution, -O3 -g
FAIL: gcc.c-torture/execute/widechar-2.c execution, -O3 -fssa
FAIL: gcc.c-torture/execute/widechar-2.c execution, -Os
FAIL: gcc.dg/cpp/tr-paste.c (test for excess errors)
FAIL: gcc.dg/20000503-1.c (test for excess errors)
FAIL: gcc.dg/20000614-1.c execution test
FAIL: gcc.dg/20000614-2.c execution test
FAIL: gcc.dg/20000724-1.c execution test
FAIL: gcc.dg/20000807-1.c (test for excess errors)
FAIL: gcc.dg/991214-1.c (test for excess errors)
FAIL: gcc.dg/c99-array-nonobj-1.c func [] arg (test for errors, line 26)
FAIL: gcc.dg/c99-array-nonobj-1.c (test for excess errors)
FAIL: gcc.dg/format-va-1.c wrong type in format warning (test for bogus messages, line 11)
FAIL: gcc.dg/format-va-1.c format error (test for warnings, line 11)
FAIL: gcc.dg/noreturn-1.c this function should not get any warnings (test for bogus messages, line 52)
FAIL: gcc.dg/noreturn-1.c detect return from tail call (test for warnings, line 59)
FAIL: gcc.dg/noreturn-2.c noreturn does return (test for bogus messages, line 12)
FAIL: gcc.dg/return-type-2.c warning for falling off end of non-void function (test for bogus messages, line 24)
FAIL: gcc.dg/return-type-2.c warning for falling off end of non-void function (test for bogus messages, line 42)
=== gcc Summary ===
# of expected passes 13936
# of unexpected failures 42
# of expected failures 80
# of unresolved testcases 1
# of unsupported tests 18
/0/robotvis/papadop/src/Compiles/gcc-linux/gcc/xgcc version 2.96 20000912 (experimental)
=== g++ tests ===
Running target unix
FAIL: g++.brendan/err-msg3.C (test for excess errors)
FAIL: g++.ext/instantiate1.C not instantiated (test for errors, line 18)
FAIL: g++.ext/instantiate1.C not instantiated (test for errors, line 20)
FAIL: g++.law/code-gen5.C (test for excess errors)
FAIL: g++.law/ctors10.C (test for excess errors)
FAIL: g++.law/ctors17.C (test for excess errors)
FAIL: g++.law/cvt2.C (test for excess errors)
FAIL: g++.law/virtual3.C (test for excess errors)
FAIL: g++.law/weak.C (test for excess errors)
FAIL: g++.mike/p755.C Execution test
FAIL: g++.mike/p755a.C Execution test
FAIL: g++.mike/p9706.C Execution test
FAIL: g++.ns/new1.C (test for excess errors)
FAIL: g++.other/crash20.C (test for excess errors)
FAIL: g++.other/headers1.C (test for excess errors)
FAIL: g++.other/loop2.C caused compiler crash
FAIL: g++.other/null2.C (test for excess errors)
FAIL: g++.pt/ttp62.C (test for excess errors)
FAIL: g++.robertl/eb124.C (test for excess errors)
FAIL: g++.robertl/eb28.C (test for excess errors)
FAIL: g++.robertl/eb29.C (test for excess errors)
FAIL: g++.robertl/eb30.C (test for excess errors)
FAIL: g++.robertl/eb33.C (test for excess errors)
FAIL: g++.robertl/eb43.C (test for excess errors)
FAIL: g++.robertl/eb44.C (test for excess errors)
XPASS: g++.robertl/eb55.C (test for excess errors)
FAIL: g++.robertl/eb77.C (test for excess errors)
=== g++ Summary ===
# of expected passes 5984
# of unexpected failures 26
# of unexpected successes 1
# of expected failures 103
# of untested testcases 8
/0/robotvis/papadop/src/Compiles/gcc-linux/gcc/testsuite/../g++ version 2.96 20000912 (experimental)
=== g77 tests ===
Running target unix
FAIL: g77.f-torture/compile/20000629-1.f, -O2 -fomit-frame-pointer -finline-functions -funroll-loops
FAIL: g77.f-torture/compile/20000629-1.f, -O2 -fomit-frame-pointer -finline-functions -funroll-all-loops
FAIL: g77.f-torture/execute/short.f execution, -Os
=== g77 Summary ===
# of expected passes 980
# of unexpected failures 3
=== objc tests ===
Running target unix
=== objc Summary ===
# of expected passes 44
/0/robotvis/papadop/src/Compiles/gcc-linux/gcc/xgcc version 2.96 20000912 (experimental)
Compiler version: 2.96 20000912 (experimental)
Platform: i686-pc-linux-gnu
configure flags: --host=i686-pc-linux-gnu --enable-libstdcxx-v3 --enable-c-cpplib --prefix=/net/home/robotvis/gnu/egcs --with-gnu-as --with-gnu-ld --with-as=/net/home/robotvis/gnu/binutils/bin/as --with-ld=/net/home/robotvis/gnu/binutils/bin/ld
Counting all warnings,
there are 115 warnings in stage3 of this bootstrap.
Number of warnings per file:
33 ../../../Cvs/gcc/gcc/combine.c
17 ../../../Cvs/gcc/gcc/expr.c
12 ../../../../Cvs/gcc/gcc/cp/error.c
10 ../../../Cvs/gcc/gcc/reg-stack.c
10 ../../../Cvs/gcc/gcc/cse.c
6 ../../../Cvs/gcc/gcc/loop.c
4 ../../../../Cvs/gcc/gcc/java/jcf-reader.c
2 ../../../Cvs/gcc/gcc/reload.c
2 ../../../Cvs/gcc/gcc/libgcc2.c
2 ../../../Cvs/gcc/gcc/gcc.c
2 ../../../Cvs/gcc/gcc/function.c
2 ../../../Cvs/gcc/gcc/fold-const.c
2 ../../../Cvs/gcc/gcc/cpplex.c
2 ../../../Cvs/gcc/gcc/alias.c
1 ../../../Cvs/gcc/gcc/java/jvspec.c
1 ../../../Cvs/gcc/gcc/gcse.c
1 ../../../Cvs/gcc/gcc/final.c
1 ../../../Cvs/gcc/gcc/f/lang-specs.h
1 ../../../Cvs/gcc/gcc/expmed.c
1 ../../../Cvs/gcc/gcc/dwarfout.c
1 ../../../Cvs/gcc/gcc/config/i386/i386.c
1 ../../../Cvs/gcc/gcc/c-lex.c
1 ../../../../Cvs/gcc/gcc/cp/errfn.c
Number of warning types:
65 comparison between signed and unsigned
11 initialization from incompatible pointer type
10 signed and unsigned type in conditional expression
10 \`???' might be used uninitialized in this function
4 string length \`???' is greater than the minimum length \`???' ISO C89 is required to support
4 \`???' defined but not used
3 function declaration isn't a prototype
2 unused parameter \`???'
2 traditional C rejects the 'u' suffix
1 pointer targets in passing arg ??? of \`???' differ in signedness
1 passing arg ??? of \`???' discards qualifiers from pointer target type
1 no previous prototype for \`???'
1 function macro strcmp must be used with arguments in traditional C
More information about the Gcc-testresults
mailing list