Results for 2.96 20000911 (experimental) testsuite on i586-pc-linux-gnu

Alexandre Oliva oliva@lsd.ic.unicamp.br
Wed Sep 13 10:03:00 GMT 2000


Native configuration is i586-pc-linux-gnu

		=== binutils tests ===


Running target unix

		=== binutils Summary ===

# of expected passes		26
		=== g++ tests ===


Running target unix
FAIL: g++.ext/instantiate1.C not instantiated (test for errors, line 18)
FAIL: g++.ext/instantiate1.C not instantiated (test for errors, line 20)
FAIL: g++.other/loop2.C caused compiler crash

		=== g++ Summary ===

# of expected passes		6015
# of unexpected failures	3
# of expected failures		95
# of untested testcases		8
/l/tmp/egcs/gcc/testsuite/../g++ version 2.96 20000911 (experimental)

		=== g77 tests ===


Running target unix
FAIL: g77.f-torture/compile/20000629-1.f,  -O2 -fomit-frame-pointer -finline-functions -funroll-loops  
FAIL: g77.f-torture/compile/20000629-1.f,  -O2 -fomit-frame-pointer -finline-functions -funroll-all-loops  
FAIL: g77.f-torture/execute/short.f execution,  -Os 

		=== g77 Summary ===

# of expected passes		980
# of unexpected failures	3
		=== gas tests ===


Running target unix

		=== gas Summary ===

# of expected passes		78
		=== gcc tests ===


Running target unix
FAIL: gcc.c-torture/execute/20000225-1.c execution,  -O2 
FAIL: gcc.c-torture/execute/20000225-1.c execution,  -O3 -fomit-frame-pointer 
FAIL: gcc.c-torture/execute/20000225-1.c execution,  -O3 -fomit-frame-pointer -funroll-loops 
FAIL: gcc.c-torture/execute/20000225-1.c execution,  -O3 -fomit-frame-pointer -funroll-all-loops -finline-functions 
FAIL: gcc.c-torture/execute/20000225-1.c execution,  -O3 -g 
FAIL: gcc.c-torture/execute/20000225-1.c execution,  -O3 -fssa 
FAIL: gcc.c-torture/execute/20000225-1.c execution,  -Os 
FAIL: gcc.c-torture/execute/20000731-2.c execution,  -O3 -fomit-frame-pointer -funroll-all-loops -finline-functions 
FAIL: gcc.c-torture/execute/20000801-1.c execution,  -O2 
FAIL: gcc.c-torture/execute/20000801-1.c execution,  -O3 -fomit-frame-pointer 
FAIL: gcc.c-torture/execute/20000801-1.c execution,  -O3 -fomit-frame-pointer -funroll-loops 
FAIL: gcc.c-torture/execute/20000801-1.c execution,  -O3 -fomit-frame-pointer -funroll-all-loops -finline-functions 
FAIL: gcc.c-torture/execute/20000801-1.c execution,  -O3 -g 
FAIL: gcc.c-torture/execute/20000801-1.c execution,  -Os 
FAIL: gcc.c-torture/execute/20000801-2.c execution,  -O3 -fomit-frame-pointer -funroll-all-loops -finline-functions 
FAIL: gcc.c-torture/execute/20000818-1.c compilation,  -O3 -fomit-frame-pointer -funroll-all-loops -finline-functions 
FAIL: gcc.c-torture/execute/960608-1.c execution,  -O3 -fomit-frame-pointer 
FAIL: gcc.c-torture/execute/960608-1.c execution,  -O3 -g 
FAIL: gcc.c-torture/execute/960608-1.c execution,  -O3 -fssa 
FAIL: gcc.dg/20000503-1.c (test for excess errors)
FAIL: gcc.dg/20000609-1.c execution test
FAIL: gcc.dg/20000614-1.c execution test
FAIL: gcc.dg/20000614-2.c execution test
FAIL: gcc.dg/20000724-1.c execution test
FAIL: gcc.dg/20000807-1.c (test for excess errors)
FAIL: gcc.dg/991214-1.c (test for excess errors)
FAIL: gcc.dg/c99-array-nonobj-1.c func [] arg (test for errors, line 26)
FAIL: gcc.dg/c99-array-nonobj-1.c (test for excess errors)
FAIL: gcc.dg/format-va-1.c wrong type in format warning (test for bogus messages, line 11)
FAIL: gcc.dg/format-va-1.c format error (test for warnings, line 11)
FAIL: gcc.dg/noreturn-1.c this function should not get any warnings (test for bogus messages, line 52)
FAIL: gcc.dg/noreturn-1.c detect return from tail call (test for warnings, line 59)
FAIL: gcc.dg/noreturn-2.c noreturn does return (test for bogus messages, line 12)
FAIL: gcc.dg/return-type-2.c warning for falling off end of non-void function (test for bogus messages, line 24)
FAIL: gcc.dg/return-type-2.c warning for falling off end of non-void function (test for bogus messages, line 42)

		=== gcc Summary ===

# of expected passes		13916
# of unexpected failures	35
# of expected failures		78
# of unresolved testcases	1
# of unsupported tests		18
/l/tmp/egcs/gcc/xgcc version 2.96 20000911 (experimental)

		=== ld tests ===


Running target unix

		=== ld Summary ===

# of expected passes		94
# of expected failures		10
		=== libg++ tests ===


Running target unix
FAIL: tBitString.cc compilation
FAIL: tFix.cc compilation
FAIL: tInteger.cc compilation
FAIL: tRandom.cc execution
FAIL: tRational.cc compilation
FAIL: tString.cc compilation

		=== libg++ Summary ===

# of expected passes		55
# of unexpected failures	6
# of expected failures		11
		=== libio tests ===


Running target unix

		=== libio Summary ===

# of expected passes		40
		=== libjava tests ===


Running target unix
FAIL: G19990217_01 compilation from source
FAIL: G19990217_01 compilation from bytecode
FAIL: G19990217_01 -O compilation from bytecode
FAIL: BlankFinal byte compilation
FAIL: BlankFinal -O compilation from source
FAIL: BlankFinal byte compilation
FAIL: Case compilation from source
FAIL: Case compilation from bytecode
FAIL: Case -O compilation from bytecode
FAIL: G19990210_1 compilation from bytecode
FAIL: G19990210_1 -O compilation from bytecode
FAIL: G19990210_2 compilation from bytecode
FAIL: G19990210_2 -O compilation from bytecode
FAIL: G19990210_3 compilation from bytecode
FAIL: G19990210_3 -O compilation from bytecode
FAIL: OperatorBenchmark compilation from bytecode
FAIL: OperatorBenchmark -O compilation from bytecode
FAIL: G19990217_02 compilation from bytecode
FAIL: G19990217_02 -O compilation from bytecode
FAIL: G19990225_01 compilation from bytecode
FAIL: G19990225_01 -O compilation from bytecode
XPASS: MethodFailure4 compilation from source
FAIL: N19990310_01 compilation from source
FAIL: N19990310_01 compilation from bytecode
FAIL: N19990310_01 -O compilation from bytecode
FAIL: N19990317 compilation from bytecode
FAIL: N19990317 -O compilation from bytecode
FAIL: assignment compilation from bytecode
FAIL: assignment -O compilation from bytecode
XPASS: PR124 compilation from source
FAIL: PR129_B compilation from source
FAIL: PR129_B compilation from bytecode
FAIL: PR129_B -O compilation from bytecode
XPASS: PR140 compilation from source
FAIL: PR206 compilation from source
FAIL: PR206 compilation from bytecode
FAIL: PR206 -O compilation from bytecode
FAIL: PR207 compilation from bytecode
FAIL: PR207 -O compilation from bytecode
FAIL: PR208 byte compilation
FAIL: PR208 -O compilation from source
FAIL: PR208 byte compilation
FAIL: PR209 compilation from source
FAIL: PR209 compilation from bytecode
FAIL: PR209 -O compilation from bytecode
XPASS: PR224 compilation from source
FAIL: PR232 compilation from source
FAIL: PR232 compilation from bytecode
FAIL: PR232 -O compilation from bytecode
FAIL: PR232B compilation from bytecode
FAIL: PR232B -O compilation from bytecode
FAIL: PR234 compilation from bytecode
FAIL: PR234 -O compilation from bytecode
FAIL: PR235 compilation from bytecode
FAIL: PR235 -O compilation from bytecode
FAIL: PR238 compilation from bytecode
FAIL: PR238 -O compilation from bytecode
FAIL: Semi compilation from bytecode
FAIL: Semi -O compilation from bytecode
FAIL: Statics compilation from bytecode
FAIL: Statics -O compilation from bytecode
FAIL: Twice compilation from bytecode
FAIL: Twice -O compilation from bytecode
FAIL: Where compilation from bytecode
FAIL: Where -O compilation from bytecode
FAIL: assignment_2 compilation from bytecode
FAIL: assignment_2 -O compilation from bytecode
XPASS: block compilation from source
FAIL: comment compilation from source
FAIL: comment compilation from bytecode
FAIL: comment -O compilation from bytecode
FAIL: euc_comment1 compilation from bytecode
FAIL: euc_comment1 -O compilation from bytecode
FAIL: euc_comment2 compilation from bytecode
FAIL: euc_comment2 -O compilation from bytecode
FAIL: euc_comment3 compilation from bytecode
FAIL: euc_comment3 -O compilation from bytecode
FAIL: iface compilation from bytecode
FAIL: iface -O compilation from bytecode
FAIL: inner_1 compilation from bytecode
FAIL: inner_1 -O compilation from bytecode
FAIL: inner_data byte compilation
FAIL: inner_data -O compilation from source
FAIL: inner_data byte compilation
FAIL: inner_inherit compilation from source
FAIL: inner_inherit compilation from bytecode
FAIL: inner_inherit -O compilation from bytecode
FAIL: inner_priv compilation from bytecode
FAIL: inner_priv -O compilation from bytecode
FAIL: inner_pub compilation from bytecode
FAIL: inner_pub -O compilation from bytecode
FAIL: not_a_redef compilation from bytecode
FAIL: not_a_redef -O compilation from bytecode
FAIL: perc compilation from bytecode
FAIL: perc -O compilation from bytecode
FAIL: plusplus compilation from bytecode
FAIL: plusplus -O compilation from bytecode
FAIL: pr172 compilation from bytecode
FAIL: pr172 -O compilation from bytecode
FAIL: pr174 compilation from bytecode
FAIL: pr174 -O compilation from bytecode
FAIL: pr176 compilation from bytecode
FAIL: pr176 -O compilation from bytecode
XPASS: redef1 compilation from source
FAIL: sjis_comment1 compilation from source
FAIL: sjis_comment1 compilation from bytecode
FAIL: sjis_comment1 -O compilation from bytecode
FAIL: sjis_comment2 compilation from bytecode
FAIL: sjis_comment2 -O compilation from bytecode
FAIL: sjis_comment3 compilation from bytecode
FAIL: sjis_comment3 -O compilation from bytecode
XPASS: static_1 compilation from source
FAIL: static_2 compilation from source
FAIL: static_2 compilation from bytecode
FAIL: static_2 -O compilation from bytecode
FAIL: static_3 compilation from bytecode
FAIL: static_3 -O compilation from bytecode
XPASS: static_init compilation from source
FAIL: static_inner compilation from source
FAIL: static_inner compilation from bytecode
FAIL: static_inner -O compilation from bytecode
FAIL: static_init2 compilation from bytecode
FAIL: static_init2 -O compilation from bytecode
FAIL: PR295 -O compilation from source
FAIL: abstr compilation from source
FAIL: abstr compilation from bytecode
FAIL: abstr -O compilation from bytecode
FAIL: Array_1 compilation from bytecode
FAIL: Array_1 -O compilation from source
FAIL: Array_1 -O compilation from bytecode
FAIL: Array_2 compilation from source
FAIL: Array_2 compilation from bytecode
FAIL: Array_2 -O compilation from source
FAIL: Array_2 -O compilation from bytecode
FAIL: Class_1 compilation from source
FAIL: Class_1 -O compilation from source
FAIL: Divide_1 compilation from source
FAIL: Divide_1 compilation from bytecode
FAIL: Divide_1 -O compilation from source
FAIL: Divide_1 -O compilation from bytecode
FAIL: Final compilation from source
FAIL: Final compilation from bytecode
FAIL: Final -O compilation from source
FAIL: Final -O compilation from bytecode
FAIL: Float_1 compilation from source
FAIL: Float_1 compilation from bytecode
FAIL: Float_1 -O compilation from source
FAIL: Float_1 -O compilation from bytecode
FAIL: G19990301_01 compilation from source
FAIL: G19990301_01 compilation from bytecode
FAIL: G19990301_01 -O compilation from source
FAIL: G19990301_01 -O compilation from bytecode
FAIL: G19990302_02 compilation from source
FAIL: G19990302_02 compilation from bytecode
FAIL: G19990302_02 -O compilation from source
FAIL: G19990302_02 -O compilation from bytecode
FAIL: G19990303_01 compilation from source
FAIL: G19990303_01 compilation from bytecode
FAIL: G19990303_01 -O compilation from source
FAIL: G19990303_01 -O compilation from bytecode
FAIL: G19990303_02 compilation from source
FAIL: G19990303_02 compilation from bytecode
FAIL: G19990303_02 -O compilation from source
FAIL: G19990303_02 -O compilation from bytecode
FAIL: G19990304_01 compilation from source
FAIL: G19990304_01 compilation from bytecode
FAIL: G19990304_01 -O compilation from source
FAIL: G19990304_01 -O compilation from bytecode
FAIL: G19990310_01 compilation from source
FAIL: G19990310_01 compilation from bytecode
FAIL: G19990310_01 -O compilation from source
FAIL: G19990310_01 -O compilation from bytecode
FAIL: PR55 compilation from source
FAIL: PR55 compilation from bytecode
FAIL: PR55 -O compilation from source
FAIL: PR55 -O compilation from bytecode
FAIL: InterfaceDispatch compilation from source
FAIL: InterfaceDispatch compilation from bytecode
FAIL: InterfaceDispatch -O compilation from source
FAIL: InterfaceDispatch -O compilation from bytecode
FAIL: Invoke_1 compilation from source
FAIL: Invoke_1 compilation from bytecode
FAIL: Invoke_1 -O compilation from source
FAIL: Invoke_1 -O compilation from bytecode
FAIL: Invoke_2 compilation from source
FAIL: Invoke_2 compilation from bytecode
FAIL: Invoke_2 -O compilation from source
FAIL: Invoke_2 -O compilation from bytecode
FAIL: N19990310_02 compilation from source
FAIL: N19990310_02 compilation from bytecode
FAIL: N19990310_02 -O compilation from source
FAIL: N19990310_02 -O compilation from bytecode
FAIL: N19990310_3 compilation from source
FAIL: N19990310_3 compilation from bytecode
FAIL: N19990310_3 -O compilation from source
FAIL: N19990310_3 -O compilation from bytecode
FAIL: N19990310_4 compilation from source
FAIL: N19990310_4 compilation from bytecode
FAIL: N19990310_4 -O compilation from source
FAIL: N19990310_4 -O compilation from bytecode
FAIL: N19990310_5 compilation from source
FAIL: N19990310_5 compilation from bytecode
FAIL: N19990310_5 -O compilation from source
FAIL: N19990310_5 -O compilation from bytecode
FAIL: PR141 compilation from source
FAIL: PR141 compilation from bytecode
FAIL: PR141 -O compilation from source
FAIL: PR141 -O compilation from bytecode
FAIL: PR160 compilation from source
FAIL: PR160 compilation from bytecode
FAIL: PR160 -O compilation from source
FAIL: PR160 -O compilation from bytecode
FAIL: PR162 compilation from source
FAIL: PR162 compilation from bytecode
FAIL: PR162 -O compilation from source
FAIL: PR162 -O compilation from bytecode
FAIL: PR218 compilation from source
FAIL: PR218 compilation from bytecode
FAIL: PR218 -O compilation from source
FAIL: PR218 -O compilation from bytecode
FAIL: PR242 compilation from source
FAIL: PR242 compilation from bytecode
FAIL: PR242 -O compilation from source
FAIL: PR242 -O compilation from bytecode
FAIL: PR56 compilation from source
FAIL: PR56 compilation from bytecode
FAIL: PR56 -O compilation from source
FAIL: PR56 -O compilation from bytecode
FAIL: Primes compilation from source
FAIL: Primes compilation from bytecode
FAIL: Primes -O compilation from source
FAIL: Primes -O compilation from bytecode
FAIL: Shazam compilation from source
FAIL: Shazam compilation from bytecode
FAIL: Shazam -O compilation from source
FAIL: Shazam -O compilation from bytecode
FAIL: StringBuffer_1 compilation from source
FAIL: StringBuffer_1 compilation from bytecode
FAIL: StringBuffer_1 -O compilation from source
FAIL: StringBuffer_1 -O compilation from bytecode
FAIL: Synch compilation from source
FAIL: Synch compilation from bytecode
FAIL: Synch -O compilation from source
FAIL: Synch -O compilation from bytecode
FAIL: Thread_1 compilation from source
FAIL: Thread_1 compilation from bytecode
FAIL: Thread_1 -O compilation from source
FAIL: Thread_1 -O compilation from bytecode
FAIL: Thread_Alive compilation from source
FAIL: Thread_Alive compilation from bytecode
FAIL: Thread_Alive -O compilation from source
FAIL: Thread_Alive -O compilation from bytecode
FAIL: Thread_Interrupt compilation from source
FAIL: Thread_Interrupt compilation from bytecode
FAIL: Thread_Interrupt -O compilation from source
FAIL: Thread_Interrupt -O compilation from bytecode
FAIL: Thread_Join compilation from source
FAIL: Thread_Join compilation from bytecode
FAIL: Thread_Join -O compilation from source
FAIL: Thread_Join -O compilation from bytecode
FAIL: Thread_Monitor compilation from source
FAIL: Thread_Monitor compilation from bytecode
FAIL: Thread_Monitor -O compilation from source
FAIL: Thread_Monitor -O compilation from bytecode
FAIL: Thread_Sleep compilation from source
FAIL: Thread_Sleep compilation from bytecode
FAIL: Thread_Sleep -O compilation from source
FAIL: Thread_Sleep -O compilation from bytecode
FAIL: Thread_Wait compilation from source
FAIL: Thread_Wait compilation from bytecode
FAIL: Thread_Wait -O compilation from source
FAIL: Thread_Wait -O compilation from bytecode
FAIL: Thread_Wait_2 compilation from source
FAIL: Thread_Wait_2 compilation from bytecode
FAIL: Thread_Wait_2 -O compilation from source
FAIL: Thread_Wait_2 -O compilation from bytecode
FAIL: anfi compilation from source
FAIL: anfi compilation from bytecode
FAIL: anfi -O compilation from source
FAIL: anfi -O compilation from bytecode
FAIL: Thread_Wait_Interrupt compilation from source
FAIL: Thread_Wait_Interrupt compilation from bytecode
FAIL: Thread_Wait_Interrupt -O compilation from source
FAIL: Thread_Wait_Interrupt -O compilation from bytecode
FAIL: Throw_1 compilation from source
FAIL: Throw_1 compilation from bytecode
FAIL: Throw_1 -O compilation from source
FAIL: Throw_1 -O compilation from bytecode
FAIL: anon compilation from source
FAIL: anon compilation from bytecode
FAIL: anon -O compilation from source
FAIL: anon -O compilation from bytecode
FAIL: anon2 compilation from source
FAIL: anon2 compilation from bytecode
FAIL: anon2 -O compilation from source
FAIL: anon2 -O compilation from bytecode
FAIL: anon3 compilation from source
FAIL: anon3 compilation from bytecode
FAIL: anon3 -O compilation from source
FAIL: anon3 -O compilation from bytecode
FAIL: anon4 compilation from source
FAIL: anon4 compilation from bytecode
FAIL: anon4 -O compilation from source
FAIL: anon4 -O compilation from bytecode
FAIL: anonarray compilation from source
FAIL: anonarray compilation from bytecode
FAIL: anonarray -O compilation from source
FAIL: anonarray -O compilation from bytecode
FAIL: anonarray2 compilation from source
FAIL: anonarray2 compilation from bytecode
FAIL: anonarray2 -O compilation from source
FAIL: anonarray2 -O compilation from bytecode
FAIL: anonarray3 compilation from source
FAIL: anonarray3 compilation from bytecode
FAIL: anonarray3 -O compilation from source
FAIL: anonarray3 -O compilation from bytecode
FAIL: direct_read compilation from source
FAIL: direct_read compilation from bytecode
FAIL: direct_read -O compilation from source
FAIL: direct_read -O compilation from bytecode
FAIL: direct_write compilation from source
FAIL: direct_write compilation from bytecode
FAIL: direct_write -O compilation from source
FAIL: direct_write -O compilation from bytecode
FAIL: err1 compilation from source
FAIL: err1 compilation from bytecode
FAIL: err1 -O compilation from source
FAIL: err1 -O compilation from bytecode
FAIL: err10 compilation from source
FAIL: err10 compilation from bytecode
FAIL: err10 -O compilation from source
FAIL: err10 -O compilation from bytecode
FAIL: err11 compilation from source
FAIL: err11 compilation from bytecode
FAIL: err11 -O compilation from source
FAIL: err11 -O compilation from bytecode
FAIL: err12 compilation from source
FAIL: err12 compilation from bytecode
FAIL: err12 -O compilation from source
FAIL: err12 -O compilation from bytecode
FAIL: err13 compilation from source
FAIL: err13 compilation from bytecode
FAIL: err13 -O compilation from source
FAIL: err13 -O compilation from bytecode
FAIL: err2 compilation from source
FAIL: err2 compilation from bytecode
FAIL: err2 -O compilation from source
FAIL: err2 -O compilation from bytecode
FAIL: err3 compilation from source
FAIL: err3 compilation from bytecode
FAIL: err3 -O compilation from source
FAIL: err3 -O compilation from bytecode
FAIL: err4 compilation from source
FAIL: err4 compilation from bytecode
FAIL: err4 -O compilation from source
FAIL: err4 -O compilation from bytecode
FAIL: err5 compilation from source
FAIL: err5 compilation from bytecode
FAIL: err5 -O compilation from source
FAIL: err5 -O compilation from bytecode
FAIL: err6 compilation from source
FAIL: err6 compilation from bytecode
FAIL: err6 -O compilation from source
FAIL: err6 -O compilation from bytecode
FAIL: err7 compilation from source
FAIL: err7 compilation from bytecode
FAIL: err7 -O compilation from source
FAIL: err7 -O compilation from bytecode
FAIL: err8 compilation from source
FAIL: err8 compilation from bytecode
FAIL: err8 -O compilation from source
FAIL: err8 -O compilation from bytecode
FAIL: err9 compilation from source
FAIL: err9 compilation from bytecode
FAIL: err9 -O compilation from source
FAIL: err9 -O compilation from bytecode
FAIL: final_inner compilation from source
FAIL: final_inner compilation from bytecode
FAIL: final_inner -O compilation from source
FAIL: final_inner -O compilation from bytecode
FAIL: final_int compilation from source
FAIL: final_int compilation from bytecode
FAIL: final_int -O compilation from source
FAIL: final_int -O compilation from bytecode
FAIL: indirect compilation from source
FAIL: indirect compilation from bytecode
FAIL: indirect -O compilation from source
FAIL: indirect -O compilation from bytecode
FAIL: final_static_and_friend compilation from source
FAIL: final_static_and_friend compilation from bytecode
FAIL: final_static_and_friend -O compilation from source
FAIL: final_static_and_friend -O compilation from bytecode
FAIL: indirect_read compilation from source
FAIL: indirect_read compilation from bytecode
FAIL: indirect_read -O compilation from source
FAIL: indirect_read -O compilation from bytecode
FAIL: indirect_write compilation from source
FAIL: indirect_write compilation from bytecode
FAIL: indirect_write -O compilation from source
FAIL: indirect_write -O compilation from bytecode
FAIL: inner1 compilation from source
FAIL: inner1 compilation from bytecode
FAIL: inner1 -O compilation from source
FAIL: inner1 -O compilation from bytecode
FAIL: inner2 compilation from source
FAIL: inner2 compilation from bytecode
FAIL: inner2 -O compilation from source
FAIL: inner2 -O compilation from bytecode
FAIL: inner3 compilation from source
FAIL: inner3 compilation from bytecode
FAIL: inner3 -O compilation from source
FAIL: inner3 -O compilation from bytecode
FAIL: inner4 compilation from source
FAIL: inner4 compilation from bytecode
FAIL: inner4 -O compilation from source
FAIL: inner4 -O compilation from bytecode
FAIL: inner_array compilation from source
FAIL: inner_array compilation from bytecode
FAIL: inner_array -O compilation from source
FAIL: inner_array -O compilation from bytecode
FAIL: inner_interface compilation from source
FAIL: inner_interface compilation from bytecode
FAIL: inner_interface -O compilation from source
FAIL: inner_interface -O compilation from bytecode
FAIL: instance compilation from source
FAIL: instance compilation from bytecode
FAIL: instance -O compilation from source
FAIL: instance -O compilation from bytecode
FAIL: instinit compilation from source
FAIL: instinit byte compilation
FAIL: instinit -O compilation from source
FAIL: instinit byte compilation
FAIL: instinit2 compilation from source
FAIL: instinit2 byte compilation
FAIL: instinit2 -O compilation from source
FAIL: instinit2 byte compilation
FAIL: klass compilation from source
FAIL: klass compilation from bytecode
FAIL: klass -O compilation from source
FAIL: klass -O compilation from bytecode
FAIL: multiple_finit compilation from source
FAIL: multiple_finit compilation from bytecode
FAIL: multiple_finit -O compilation from source
FAIL: multiple_finit -O compilation from bytecode
FAIL: nested_with_ctor compilation from source
FAIL: nested_with_ctor compilation from bytecode
FAIL: nested_with_ctor -O compilation from source
FAIL: nested_with_ctor -O compilation from bytecode
FAIL: pr109 compilation from source
FAIL: pr109 compilation from bytecode
FAIL: pr109 -O compilation from source
FAIL: pr109 -O compilation from bytecode
FAIL: pr133 compilation from source
FAIL: pr133 compilation from bytecode
FAIL: pr133 -O compilation from source
FAIL: pr133 -O compilation from bytecode
FAIL: pr179 compilation from source
FAIL: pr179 compilation from bytecode
FAIL: pr179 -O compilation from source
FAIL: pr179 -O compilation from bytecode
FAIL: pr184 compilation from source
FAIL: pr184 compilation from bytecode
FAIL: pr184 -O compilation from source
FAIL: pr184 -O compilation from bytecode
FAIL: pr83 compilation from source
FAIL: pr83 compilation from bytecode
FAIL: pr83 -O compilation from source
FAIL: pr83 -O compilation from bytecode
FAIL: private_direct_read compilation from source
FAIL: private_direct_read compilation from bytecode
FAIL: private_direct_read -O compilation from source
FAIL: private_direct_read -O compilation from bytecode
FAIL: stub compilation from source
FAIL: stub compilation from bytecode
FAIL: stub -O compilation from source
FAIL: stub -O compilation from bytecode
FAIL: search_outer compilation from source
FAIL: search_outer compilation from bytecode
FAIL: search_outer -O compilation from source
FAIL: search_outer -O compilation from bytecode
FAIL: stringconst compilation from source
FAIL: stringconst compilation from bytecode
FAIL: stringconst -O compilation from source
FAIL: stringconst -O compilation from bytecode
FAIL: test_long compilation from source
FAIL: test_long compilation from bytecode
FAIL: test_long -O compilation from source
FAIL: test_long -O compilation from bytecode
FAIL: tmi compilation from source
FAIL: tmi compilation from bytecode
FAIL: tmi -O compilation from source
FAIL: tmi -O compilation from bytecode
FAIL: tp compilation from source
FAIL: tp compilation from bytecode
FAIL: tp -O compilation from source
FAIL: tp -O compilation from bytecode
FAIL: update_outer compilation from source
FAIL: update_outer compilation from bytecode
FAIL: update_outer -O compilation from source
FAIL: update_outer -O compilation from bytecode
FAIL: PR260 compilation from source
FAIL: PR260 compilation from bytecode
FAIL: PR260 -O compilation from source
FAIL: PR260 -O compilation from bytecode
FAIL: stringconst2 compilation from source
FAIL: stringconst2 compilation from bytecode
FAIL: stringconst2 -O compilation from source
FAIL: stringconst2 -O compilation from bytecode

		=== libjava Summary ===

# of expected passes		346
# of unexpected failures	500
# of unexpected successes	8
# of expected failures		874
		=== libstdc++ tests ===


Running target unix

		=== libstdc++ Summary ===

# of expected passes		30
		=== objc tests ===


Running target unix

		=== objc Summary ===

# of expected passes		44
/l/tmp/egcs/gcc/xgcc version 2.96 20000911 (experimental)


Compiler version: 2.96 20000911 (experimental) 
Platform: i586-pc-linux-gnu

BOOT_CFLAGS: -g -O9 -W -Wall

Counting all warnings,
there are 126 warnings in stage3 of this bootstrap.

Number of warnings per file:
     33	/home/lsd/oliva/src/egcs/gcc/combine.c
     17	/home/lsd/oliva/src/egcs/gcc/expr.c
     10	/home/lsd/oliva/src/egcs/gcc/reg-stack.c
     10	/home/lsd/oliva/src/egcs/gcc/cse.c
      6	/home/lsd/oliva/src/egcs/gcc/loop.c
      4	cxxmain.c
      4	/home/lsd/oliva/src/egcs/gcc/diagnostic.c
      3	/home/lsd/oliva/src/egcs/gcc/gcc.c
      2	/home/lsd/oliva/src/egcs/gcc/tree.c
      2	/home/lsd/oliva/src/egcs/gcc/reload.c
      2	/home/lsd/oliva/src/egcs/gcc/libgcc2.c
      2	/home/lsd/oliva/src/egcs/gcc/java/jcf-reader.c
      2	/home/lsd/oliva/src/egcs/gcc/java/expr.c
      2	/home/lsd/oliva/src/egcs/gcc/gengenrtl.c
      2	/home/lsd/oliva/src/egcs/gcc/function.c
      2	/home/lsd/oliva/src/egcs/gcc/fold-const.c
      2	/home/lsd/oliva/src/egcs/gcc/cpplex.c
      2	/home/lsd/oliva/src/egcs/gcc/alias.c
      1	/home/lsd/oliva/src/egcs/gcc/varray.c
      1	/home/lsd/oliva/src/egcs/gcc/tradcpp.c
      1	/home/lsd/oliva/src/egcs/gcc/java/jvspec.c
      1	/home/lsd/oliva/src/egcs/gcc/java/jvgenmain.c
      1	/home/lsd/oliva/src/egcs/gcc/java/jcf-parse.c
      1	/home/lsd/oliva/src/egcs/gcc/java/jcf-io.c
      1	/home/lsd/oliva/src/egcs/gcc/gcse.c
      1	/home/lsd/oliva/src/egcs/gcc/final.c
      1	/home/lsd/oliva/src/egcs/gcc/f/lang-specs.h
      1	/home/lsd/oliva/src/egcs/gcc/expmed.c
      1	/home/lsd/oliva/src/egcs/gcc/emit-rtl.c
      1	/home/lsd/oliva/src/egcs/gcc/dwarfout.c
      1	/home/lsd/oliva/src/egcs/gcc/cp/typeck2.c
      1	/home/lsd/oliva/src/egcs/gcc/cp/error.c
      1	/home/lsd/oliva/src/egcs/gcc/cp/errfn.c
      1	/home/lsd/oliva/src/egcs/gcc/config/i386/i386.c
      1	/home/lsd/oliva/src/egcs/gcc/collect2.c
      1	/home/lsd/oliva/src/egcs/gcc/ch/decl.c
      1	/home/lsd/oliva/src/egcs/gcc/c-lex.c

Number of warning types:
     65	comparison between signed and unsigned
     15	`noreturn' function does return
     10	signed and unsigned type in conditional expression
     10	`???' might be used uninitialized in this function
      9	control reaches end of non-void function
      4	string length `???' is greater than the minimum length `???' ISO C89 is required to support
      3	function declaration isn't a prototype
      2	unused parameter `???'
      2	traditional C rejects the 'u' suffix
      2	`???' defined but not used
      1	pointer targets in passing arg ??? of `???' differ in signedness
      1	passing arg ??? of `???' discards qualifiers from pointer target type
      1	no previous prototype for `???'
      1	function macro strcmp must be used with arguments in traditional C


More information about the Gcc-testresults mailing list