Results for 2.96 20000911 (experimental) testsuite on alphaev6-unknown-linux-gnu
Brad Lucier
lucier@popov.math.purdue.edu
Mon Sep 11 14:09:00 GMT 2000
Native configuration is alphaev6-unknown-linux-gnu
=== libio tests ===
Running target unix
FAIL: tFile.cc compilation
FAIL: tFile.cc compilation -b0
FAIL: tFile.cc compilation -b3
FAIL: tiomisc.cc compilation
=== libio Summary ===
# of expected passes 28
# of unexpected failures 4
# of expected failures 8
=== libstdc++ tests ===
Running target unix
=== libstdc++ Summary ===
# of expected passes 30
=== gcc tests ===
Running target unix
FAIL: gcc.c-torture/compile/920501-18.c, -O3 -fssa
FAIL: gcc.c-torture/execute/20000801-1.c execution, -O2
FAIL: gcc.c-torture/execute/20000801-1.c execution, -O3 -fomit-frame-pointer
FAIL: gcc.c-torture/execute/20000801-1.c execution, -O3 -fomit-frame-pointer -funroll-loops
FAIL: gcc.c-torture/execute/20000801-1.c execution, -O3 -fomit-frame-pointer -funroll-all-loops -finline-functions
FAIL: gcc.c-torture/execute/20000801-1.c execution, -O3 -g
FAIL: gcc.c-torture/execute/20000801-1.c execution, -Os
FAIL: gcc.c-torture/execute/20000801-2.c execution, -O3 -fomit-frame-pointer -funroll-all-loops -finline-functions
FAIL: gcc.c-torture/execute/20000818-1.c compilation, -O3 -fomit-frame-pointer -funroll-all-loops -finline-functions
FAIL: gcc.c-torture/execute/20000906-1.c compilation, -O0
FAIL: gcc.c-torture/execute/20000906-1.c compilation, -O1
FAIL: gcc.c-torture/execute/20000906-1.c compilation, -O2
FAIL: gcc.c-torture/execute/20000906-1.c compilation, -O3 -fomit-frame-pointer
FAIL: gcc.c-torture/execute/20000906-1.c compilation, -O3 -fomit-frame-pointer -funroll-loops
FAIL: gcc.c-torture/execute/20000906-1.c compilation, -O3 -fomit-frame-pointer -funroll-all-loops -finline-functions
FAIL: gcc.c-torture/execute/20000906-1.c compilation, -O3 -g
FAIL: gcc.c-torture/execute/20000906-1.c compilation, -O3 -fssa
FAIL: gcc.c-torture/execute/20000906-1.c compilation, -Os
XPASS: gcc.c-torture/execute/memcheck/blkarg.c execution, -O0
XPASS: gcc.c-torture/execute/memcheck/blkarg.c execution, -O1
XPASS: gcc.c-torture/execute/memcheck/blkarg.c execution, -O2
XPASS: gcc.c-torture/execute/memcheck/blkarg.c execution, -Os
FAIL: gcc.dg/noreturn-1.c this function should not get any warnings (test for bogus messages, line 52)
FAIL: gcc.dg/noreturn-1.c detect return from tail call (test for warnings, line 59)
=== gcc Summary ===
# of expected passes 13841
# of unexpected failures 20
# of unexpected successes 4
# of expected failures 71
# of unresolved testcases 10
# of unsupported tests 42
/export/u11/lucier/programs/egcs/objdir/gcc/xgcc version 2.96 20000911 (experimental)
=== g++ tests ===
Running target unix
FAIL: g++.eh/badalloc1.C Execution test
FAIL: g++.law/cvt2.C (test for excess errors)
FAIL: g++.law/virtual3.C (test for excess errors)
FAIL: g++.other/crash18.C caused compiler crash
FAIL: g++.other/loop2.C caused compiler crash
FAIL: g++.robertl/eb21.C (test for excess errors)
FAIL: g++.robertl/eb77.C (test for excess errors)
=== g++ Summary ===
# of expected passes 5994
# of unexpected failures 7
# of expected failures 98
# of untested testcases 18
/export/u11/lucier/programs/egcs/objdir/gcc/testsuite/../g++ version 2.96 20000911 (experimental)
=== g77 tests ===
Running target unix
=== g77 Summary ===
# of expected passes 983
=== objc tests ===
Running target unix
=== objc Summary ===
# of expected passes 44
/export/u11/lucier/programs/egcs/objdir/gcc/xgcc version 2.96 20000911 (experimental)
Compiler version: 2.96 20000911 (experimental)
Platform: alphaev6-unknown-linux-gnu
configure flags: --host=alphaev6-unknown-linux-gnu --prefix=/export/u10/egcs-test --enable-checking=no
Counting all warnings,
there are 86 warnings in stage3 of this bootstrap.
Number of warnings per file:
9 ../../gcc/reload.c
8 ../../gcc/sdbout.c
6 ../../gcc/loop.c
6 ../../gcc/combine.c
5 ../../gcc/cse.c
4 /usr/include/bits/mathinline.h
4 ../../gcc/libgcc2.c
4 ../../gcc/genopinit.c
4 ../../../gcc/java/jcf-reader.c
3 /usr/include/bits/string2.h
3 ../../gcc/config/alpha/alpha.c
2 ../../gcc/genattrtab.c
2 ../../gcc/genattr.c
2 ../../gcc/gcc.c
2 ../../gcc/expr.c
2 ../../gcc/cpplex.c
2 ../../../gcc/f/fini.c
1 ../../gcc/regclass.c
1 ../../gcc/optabs.c
1 ../../gcc/java/jvspec.c
1 ../../gcc/genrecog.c
1 ../../gcc/genpeep.c
1 ../../gcc/genflags.c
1 ../../gcc/genemit.c
1 ../../gcc/gcse.c
1 ../../gcc/fold-const.c
1 ../../gcc/final.c
1 ../../gcc/f/lang-specs.h
1 ../../gcc/cppexp.c
1 ../../gcc/c-lex.c
1 ../../../gcc/java/jcf-write.c
1 ../../../gcc/intl/l10nflist.c
1 ../../../gcc/cp/spew.c
1 ../../../gcc/cp/error.c
1 ../../../gcc/cp/errfn.c
Number of warning types:
16 ISO C forbids braced-groups within expressions
15 signed and unsigned type in conditional expression
11 comparison between signed and unsigned
10 \`???' might be used uninitialized in this function
6 no previous prototype for \`???'
5 initialization discards qualifiers from pointer target type
4 function declaration isn't a prototype
4 \`???' defined but not used
3 traditional C rejects the 'u' suffix
3 string length \`???' is greater than the minimum length \`???' ISO C89 is required to support
3 assignment discards qualifiers from pointer target type
1 unused parameter \`???'
1 traditional C rejects string concatenation
1 pointer targets in passing arg ??? of \`???' differ in signedness
1 overflow in implicit constant conversion
1 function macro strcmp must be used with arguments in traditional C
1 \`long' switch expression not converted to \`int' in ISO C
More information about the Gcc-testresults
mailing list