Results for 2.96 20000904 (experimental) testsuite on mips-sgi-irix6.3

Oliva Alexandre oliva@donald.dcc.unicamp.br
Sat Sep 9 23:18:00 GMT 2000


Native configuration is mips-sgi-irix6.3

		=== binutils tests ===


Running target unix

		=== binutils Summary ===

# of expected passes		2
# of unresolved testcases	2
		=== g++ tests ===


Running target unix
FAIL: g++.dg/special/conpr-1.C execution test
FAIL: g++.dg/special/conpr-2.C execution test
FAIL: g++.dg/special/conpr-3.C execution test
FAIL: g++.dg/special/conpr-3.C execution test
FAIL: g++.ext/initp1.C  Execution test
FAIL: g++.ext/instantiate1.C not instantiated (test for errors, line 18)
FAIL: g++.ext/instantiate1.C not instantiated (test for errors, line 20)
FAIL: g++.ext/instantiate2.C not instantiated (test for errors, line 16)
FAIL: g++.ext/instantiate3.C not instantiated (test for errors, line 13)
FAIL: g++.other/crash18.C (test for excess errors)
FAIL: g++.other/incomplete.C caused compiler crash
FAIL: g++.other/loop2.C caused compiler crash
FAIL: g++.other/new3.C  Execution test
FAIL: g++.pt/crash9.C caused compiler crash

		=== g++ Summary ===

# of expected passes		5969
# of unexpected failures	14
# of expected failures		98
# of untested testcases		18
/tmp_mnt/n/test/test/build-area/mips-sgi-irix6.3/egcs/gcc/testsuite/../g++ version 2.96 20000904 (experimental)

		=== g77 tests ===


Running target unix
FAIL: g77.f-torture/execute/short.f execution,  -Os 

		=== g77 Summary ===

# of expected passes		982
# of unexpected failures	1
		=== gcc tests ===


Running target unix
FAIL: gcc.c-torture/execute/20000225-1.c execution,  -O2 
FAIL: gcc.c-torture/execute/20000225-1.c execution,  -O3 -fomit-frame-pointer 
FAIL: gcc.c-torture/execute/20000225-1.c execution,  -O3 -fomit-frame-pointer -funroll-loops 
FAIL: gcc.c-torture/execute/20000225-1.c execution,  -O3 -fomit-frame-pointer -funroll-all-loops -finline-functions 
FAIL: gcc.c-torture/execute/20000225-1.c execution,  -O3 -g 
FAIL: gcc.c-torture/execute/20000225-1.c execution,  -O3 -fssa 
FAIL: gcc.c-torture/execute/20000225-1.c execution,  -Os 
FAIL: gcc.c-torture/execute/20000801-1.c execution,  -O2 
FAIL: gcc.c-torture/execute/20000801-1.c execution,  -O3 -fomit-frame-pointer 
FAIL: gcc.c-torture/execute/20000801-1.c execution,  -O3 -fomit-frame-pointer -funroll-loops 
FAIL: gcc.c-torture/execute/20000801-1.c execution,  -O3 -fomit-frame-pointer -funroll-all-loops -finline-functions 
FAIL: gcc.c-torture/execute/20000801-1.c execution,  -O3 -g 
FAIL: gcc.c-torture/execute/20000801-1.c execution,  -Os 
FAIL: gcc.c-torture/execute/20000801-2.c execution,  -O3 -fomit-frame-pointer -funroll-all-loops -finline-functions 
FAIL: gcc.c-torture/execute/va-arg-15.c execution,  -O0 
FAIL: gcc.c-torture/execute/va-arg-15.c execution,  -O1 
FAIL: gcc.c-torture/execute/va-arg-15.c execution,  -O2 
FAIL: gcc.c-torture/execute/va-arg-15.c execution,  -O3 -fomit-frame-pointer 
FAIL: gcc.c-torture/execute/va-arg-15.c execution,  -O3 -fomit-frame-pointer -funroll-loops 
FAIL: gcc.c-torture/execute/va-arg-15.c execution,  -O3 -fomit-frame-pointer -funroll-all-loops -finline-functions 
FAIL: gcc.c-torture/execute/va-arg-15.c execution,  -O3 -g 
FAIL: gcc.c-torture/execute/va-arg-15.c execution,  -O3 -fssa 
FAIL: gcc.c-torture/execute/va-arg-15.c execution,  -Os 
FAIL: gcc.c-torture/execute/va-arg-16.c execution,  -O0 
FAIL: gcc.c-torture/execute/va-arg-16.c execution,  -O1 
FAIL: gcc.c-torture/execute/va-arg-16.c execution,  -O2 
FAIL: gcc.c-torture/execute/va-arg-16.c execution,  -O3 -fomit-frame-pointer 
FAIL: gcc.c-torture/execute/va-arg-16.c execution,  -O3 -g 
FAIL: gcc.c-torture/execute/va-arg-16.c execution,  -O3 -fssa 
FAIL: gcc.c-torture/execute/va-arg-16.c execution,  -Os 
FAIL: gcc.c-torture/execute/va-arg-17.c execution,  -O0 
FAIL: gcc.c-torture/execute/va-arg-17.c execution,  -O1 
FAIL: gcc.c-torture/execute/va-arg-17.c execution,  -O2 
FAIL: gcc.c-torture/execute/va-arg-17.c execution,  -O3 -fomit-frame-pointer 
FAIL: gcc.c-torture/execute/va-arg-17.c execution,  -O3 -g 
FAIL: gcc.c-torture/execute/va-arg-17.c execution,  -O3 -fssa 
FAIL: gcc.c-torture/execute/va-arg-17.c execution,  -Os 
FAIL: gcc.c-torture/execute/ieee/fp-cmp-4.c compilation,  -O0 
FAIL: gcc.c-torture/execute/ieee/fp-cmp-4.c compilation,  -O1 
FAIL: gcc.c-torture/execute/ieee/fp-cmp-4.c compilation,  -O2 
FAIL: gcc.c-torture/execute/ieee/fp-cmp-4.c compilation,  -O3 -fomit-frame-pointer 
FAIL: gcc.c-torture/execute/ieee/fp-cmp-4.c compilation,  -O3 -fomit-frame-pointer -funroll-loops 
FAIL: gcc.c-torture/execute/ieee/fp-cmp-4.c compilation,  -O3 -fomit-frame-pointer -funroll-all-loops -finline-functions 
FAIL: gcc.c-torture/execute/ieee/fp-cmp-4.c compilation,  -O3 -g 
FAIL: gcc.c-torture/execute/ieee/fp-cmp-4.c compilation,  -O3 -fssa 
FAIL: gcc.c-torture/execute/ieee/fp-cmp-4.c compilation,  -Os 
XPASS: gcc.c-torture/execute/memcheck/blkarg.c execution,  -O0 
XPASS: gcc.c-torture/execute/memcheck/blkarg.c execution,  -O1 
XPASS: gcc.c-torture/execute/memcheck/blkarg.c execution,  -O2 
XPASS: gcc.c-torture/execute/memcheck/blkarg.c execution,  -Os 
FAIL: gcc.dg/20000419-2.c (test for excess errors)
XPASS: gcc.dg/c99-array-nonobj-1.c func [] var (test for errors, line 23)
FAIL: gcc.dg/c99-array-nonobj-1.c (test for excess errors)
FAIL: alias-1.c
FAIL: wkali-1.c
FAIL: wkali-2b.o
FAIL: linkage.c

		=== gcc Summary ===

# of expected passes		13763
# of unexpected failures	52
# of unexpected successes	5
# of expected failures		67
# of unresolved testcases	9
# of unsupported tests		45
/tmp_mnt/n/test/test/build-area/mips-sgi-irix6.3/egcs/gcc/xgcc version 2.96 20000904 (experimental)

		=== libg++ tests ===


Running target unix

		=== libg++ Summary ===

# of expected passes		72
		=== libio tests ===


Running target unix

		=== libio Summary ===

# of expected passes		40
		=== libstdc++ tests ===


Running target unix

		=== libstdc++ Summary ===

# of expected passes		30
		=== objc tests ===


Running target unix

		=== objc Summary ===

# of expected passes		44
/tmp_mnt/n/test/test/build-area/mips-sgi-irix6.3/egcs/gcc/xgcc version 2.96 20000904 (experimental)


Compiler version: 2.96 20000904 (experimental) 
Platform: mips-sgi-irix6.3

BOOT_CFLAGS: -g -O9 -W -Wall

Counting all warnings,
there are 246 warnings in stage3 of this bootstrap.

Number of warnings per file:
     43	/home/lsd/oliva/src/egcs/include/getopt.h
     32	/home/lsd/oliva/src/egcs/gcc/combine.c
     30	/home/lsd/oliva/src/egcs/gcc/crtstuff.c
     20	Makefile
     15	/home/lsd/oliva/src/egcs/gcc/expr.c
     10	/home/lsd/oliva/src/egcs/gcc/intl/gettext.h
     10	/home/lsd/oliva/src/egcs/gcc/config/mips/mips.md
      9	/home/lsd/oliva/src/egcs/gcc/config/mips/mips.c
      7	/home/lsd/oliva/src/egcs/libjava/include/jvm.h
      7	/home/lsd/oliva/src/egcs/gcc/cse.c
      6	configure
      5	/home/lsd/oliva/src/egcs/gcc/gcc.c
      4	/home/lsd/oliva/src/egcs/librx/rx.c
      4	/home/lsd/oliva/src/egcs/libjava/jni.cc
      4	/home/lsd/oliva/src/egcs/include/md5.h
      4	/home/lsd/oliva/src/egcs/gcc/loop.c
      2	/home/lsd/oliva/src/egcs/libjava/prims.cc
      2	/home/lsd/oliva/src/egcs/libiberty/getopt.c
      2	/home/lsd/oliva/src/egcs/libg++/src/AllocRing.cc
      2	/home/lsd/oliva/src/egcs/gcc/stmt.c
      2	/home/lsd/oliva/src/egcs/gcc/libgcc2.c
      2	/home/lsd/oliva/src/egcs/gcc/java/jcf-reader.c
      2	/home/lsd/oliva/src/egcs/gcc/gcse.c
      2	/home/lsd/oliva/src/egcs/gcc/function.c
      2	/home/lsd/oliva/src/egcs/gcc/fold-const.c
      2	/home/lsd/oliva/src/egcs/gcc/cpplex.c
      2	/home/lsd/oliva/src/egcs/gcc/alias.c
      1	/home/lsd/oliva/src/egcs/libjava/name-finder.cc
      1	/home/lsd/oliva/src/egcs/libjava/exception.cc
      1	/home/lsd/oliva/src/egcs/libffi/src/mips/ffi.c
      1	/home/lsd/oliva/src/egcs/gcc/reload1.c
      1	/home/lsd/oliva/src/egcs/gcc/recog.c
      1	/home/lsd/oliva/src/egcs/gcc/local-alloc.c
      1	/home/lsd/oliva/src/egcs/gcc/java/jvspec.c
      1	/home/lsd/oliva/src/egcs/gcc/final.c
      1	/home/lsd/oliva/src/egcs/gcc/f/lang-specs.h
      1	/home/lsd/oliva/src/egcs/gcc/expmed.c
      1	/home/lsd/oliva/src/egcs/gcc/dwarf2out.c
      1	/home/lsd/oliva/src/egcs/gcc/cp/error.c
      1	/home/lsd/oliva/src/egcs/gcc/cp/errfn.c
      1	/home/lsd/oliva/src/egcs/boehm-gc/mark_rts.c

Number of warning types:
     52	comparison between signed and unsigned
     48	function declaration isn't a prototype
     30	no previous prototype for `???'
     18	signed and unsigned type in conditional expression
     16	traditional C rejects the `???' suffix
     10	unused parameter `???'
     10	overriding commands for target `???'
     10	ignoring old commands for target `???'
      9	cast from pointer to integer of different size
      7	string length `???' is greater than the minimum length `???' ISO C89 is required to support
      6	operand 1 missing mode?
      5	`???' might be used uninitialized in this function
      4	operand 0 missing mode?
      4	comparison of distinct pointer types lacks a cast
      4	array subscript has type `char'
      4	***********************************************************
      2	deleting `???' is undefined
      2	`???' defined but not used
      1	then use the most recent one - libffi-1.20.
      1	pointer targets in passing arg ??? of `???' differ in signedness
      1	function returns address of local variable
      1	alignment of `???' is greater than maximum object file alignment. Using 8.
      1	This is beta code.  If you're looking for a stable release
Alexandre Oliva   Enjoy Guarana', see http://www.ic.unicamp.br/~oliva/
Red Hat GCC Developer                  aoliva@{cygnus.com, redhat.com}
CS PhD student at IC-Unicamp        oliva@{lsd.ic.unicamp.br, gnu.org}
Free Software Evangelist    *Please* write to mailing lists, not to me


More information about the Gcc-testresults mailing list