Results for 2.96 20000906 (experimental) testsuite on i686-pc-linux-gnu
Vin Shelton
ethersoft@rcn.com
Wed Sep 6 19:04:00 GMT 2000
Native configuration is i686-pc-linux-gnu
=== libio tests ===
Running target unix
=== libio Summary ===
# of expected passes 40
=== libstdc++ tests ===
Running target unix
=== libstdc++ Summary ===
# of expected passes 30
=== objc tests ===
Running target unix
=== objc Summary ===
# of expected passes 44
/usr/local/build/egcs-2000-09-06/gcc/xgcc version 2.96 20000906 (experimental)
=== g77 tests ===
Running target unix
FAIL: g77.f-torture/compile/20000629-1.f, -O2 -fomit-frame-pointer -finline-functions -funroll-loops
FAIL: g77.f-torture/compile/20000629-1.f, -O2 -fomit-frame-pointer -finline-functions -funroll-all-loops
FAIL: g77.f-torture/execute/short.f execution, -Os
=== g77 Summary ===
# of expected passes 980
# of unexpected failures 3
=== gcc tests ===
Running target unix
FAIL: gcc.c-torture/execute/20000225-1.c execution, -O2
FAIL: gcc.c-torture/execute/20000225-1.c execution, -O3 -fomit-frame-pointer
FAIL: gcc.c-torture/execute/20000225-1.c execution, -O3 -fomit-frame-pointer -funroll-loops
FAIL: gcc.c-torture/execute/20000225-1.c execution, -O3 -fomit-frame-pointer -funroll-all-loops -finline-functions
FAIL: gcc.c-torture/execute/20000225-1.c execution, -O3 -g
FAIL: gcc.c-torture/execute/20000225-1.c execution, -O3 -fssa
FAIL: gcc.c-torture/execute/20000225-1.c execution, -Os
FAIL: gcc.c-torture/execute/20000731-2.c execution, -O3 -fomit-frame-pointer -funroll-all-loops -finline-functions
FAIL: gcc.c-torture/execute/20000801-1.c execution, -O2
FAIL: gcc.c-torture/execute/20000801-1.c execution, -O3 -fomit-frame-pointer
FAIL: gcc.c-torture/execute/20000801-1.c execution, -O3 -fomit-frame-pointer -funroll-loops
FAIL: gcc.c-torture/execute/20000801-1.c execution, -O3 -fomit-frame-pointer -funroll-all-loops -finline-functions
FAIL: gcc.c-torture/execute/20000801-1.c execution, -O3 -g
FAIL: gcc.c-torture/execute/20000801-1.c execution, -Os
FAIL: gcc.c-torture/execute/20000801-2.c execution, -O3 -fomit-frame-pointer -funroll-all-loops -finline-functions
FAIL: gcc.c-torture/execute/20000818-1.c compilation, -O3 -fomit-frame-pointer -funroll-all-loops -finline-functions
FAIL: gcc.c-torture/execute/960608-1.c execution, -O3 -fomit-frame-pointer
FAIL: gcc.c-torture/execute/960608-1.c execution, -O3 -g
FAIL: gcc.c-torture/execute/960608-1.c execution, -O3 -fssa
FAIL: gcc.dg/20000503-1.c (test for excess errors)
FAIL: gcc.dg/20000614-1.c execution test
FAIL: gcc.dg/20000614-2.c execution test
FAIL: gcc.dg/20000724-1.c execution test
FAIL: gcc.dg/20000807-1.c (test for excess errors)
FAIL: gcc.dg/991214-1.c (test for excess errors)
XPASS: gcc.dg/c99-array-nonobj-1.c func [] var (test for errors, line 23)
FAIL: gcc.dg/c99-array-nonobj-1.c (test for excess errors)
FAIL: gcc.dg/format-va-1.c wrong type in format warning (test for bogus messages, line 11)
FAIL: gcc.dg/format-va-1.c format error (test for warnings, line 11)
FAIL: gcc.dg/noreturn-1.c this function should not get any warnings (test for bogus messages, line 52)
FAIL: gcc.dg/noreturn-1.c detect return from tail call (test for warnings, line 59)
FAIL: gcc.dg/noreturn-2.c noreturn does return (test for bogus messages, line 12)
FAIL: gcc.dg/return-type-2.c warning for falling off end of non-void function (test for bogus messages, line 24)
FAIL: gcc.dg/return-type-2.c warning for falling off end of non-void function (test for bogus messages, line 42)
=== gcc Summary ===
# of expected passes 13853
# of unexpected failures 33
# of unexpected successes 1
# of expected failures 79
# of unresolved testcases 1
# of unsupported tests 18
/usr/local/build/egcs-2000-09-06/gcc/xgcc version 2.96 20000906 (experimental)
=== g++ tests ===
Running target unix
FAIL: g++.ext/instantiate1.C not instantiated (test for errors, line 18)
FAIL: g++.ext/instantiate1.C not instantiated (test for errors, line 20)
FAIL: g++.other/loop2.C caused compiler crash
=== g++ Summary ===
# of expected passes 6013
# of unexpected failures 3
# of expected failures 95
# of untested testcases 8
/usr/local/build/egcs-2000-09-06/gcc/testsuite/../g++ version 2.96 20000906 (experimental)
Compiler version: 2.96 20000906 (experimental)
Platform: i686-pc-linux-gnu
configure flags: --host=i686-pc-linux-gnu --prefix=/usr/local/egcs-2000-09-06 --without-local-prefix --disable-nls
More information about the Gcc-testresults
mailing list