Results for 2.96 20000906 (experimental) testsuite on sparc-sun-solaris2.6

Theodore Papadopoulo Theodore.Papadopoulo@sophia.inria.fr
Wed Sep 6 08:40:00 GMT 2000


Native configuration is sparc-sun-solaris2.6

		=== libio tests ===


Running target unix
FAIL: tFile.cc execution 
FAIL: tFile.cc execution -b0
FAIL: tFile.cc execution -b3
FAIL: tfformat.c execution 

		=== libio Summary ===

# of expected passes		33
# of unexpected failures	4
# of expected failures		4
		=== libstdc++ tests ===


Running target unix

		=== libstdc++ Summary ===

# of expected passes		30
		=== gcc tests ===


Running target unix
FAIL: gcc.c-torture/compile/20000606-1.c,  -O0  
FAIL: gcc.c-torture/compile/20000606-1.c,  -O1  
FAIL: gcc.c-torture/compile/20000606-1.c,  -O2  
FAIL: gcc.c-torture/compile/20000606-1.c,  -O3 -fomit-frame-pointer  
FAIL: gcc.c-torture/compile/20000606-1.c,  -O3 -g  
FAIL: gcc.c-torture/compile/20000606-1.c,  -O3 -fssa  
FAIL: gcc.c-torture/compile/20000606-1.c,  -Os  
FAIL: gcc.c-torture/execute/20000225-1.c execution,  -O2 
FAIL: gcc.c-torture/execute/20000225-1.c execution,  -O3 -fomit-frame-pointer 
FAIL: gcc.c-torture/execute/20000225-1.c execution,  -O3 -fomit-frame-pointer -funroll-loops 
FAIL: gcc.c-torture/execute/20000225-1.c execution,  -O3 -fomit-frame-pointer -funroll-all-loops -finline-functions 
FAIL: gcc.c-torture/execute/20000225-1.c execution,  -O3 -g 
FAIL: gcc.c-torture/execute/20000225-1.c execution,  -O3 -fssa 
FAIL: gcc.c-torture/execute/20000225-1.c execution,  -Os 
FAIL: gcc.c-torture/execute/20000731-2.c execution,  -O3 -fomit-frame-pointer -funroll-all-loops -finline-functions 
FAIL: gcc.c-torture/execute/20000801-1.c execution,  -O2 
FAIL: gcc.c-torture/execute/20000801-1.c execution,  -O3 -fomit-frame-pointer 
FAIL: gcc.c-torture/execute/20000801-1.c execution,  -O3 -fomit-frame-pointer -funroll-loops 
FAIL: gcc.c-torture/execute/20000801-1.c execution,  -O3 -fomit-frame-pointer -funroll-all-loops -finline-functions 
FAIL: gcc.c-torture/execute/20000801-1.c execution,  -O3 -g 
FAIL: gcc.c-torture/execute/20000801-1.c execution,  -Os 
FAIL: gcc.c-torture/execute/20000801-2.c execution,  -O3 -fomit-frame-pointer -funroll-all-loops -finline-functions 
FAIL: gcc.c-torture/execute/va-arg-12.c execution,  -O1 
FAIL: gcc.c-torture/execute/va-arg-12.c execution,  -O2 
FAIL: gcc.c-torture/execute/va-arg-12.c execution,  -O3 -fomit-frame-pointer 
FAIL: gcc.c-torture/execute/va-arg-12.c execution,  -O3 -g 
FAIL: gcc.c-torture/execute/va-arg-12.c execution,  -O3 -fssa 
FAIL: gcc.c-torture/execute/va-arg-12.c execution,  -Os 
FAIL: gcc.c-torture/execute/va-arg-15.c execution,  -O1 
FAIL: gcc.c-torture/execute/va-arg-15.c execution,  -O2 
FAIL: gcc.c-torture/execute/va-arg-15.c execution,  -O3 -fomit-frame-pointer 
FAIL: gcc.c-torture/execute/va-arg-15.c execution,  -O3 -fomit-frame-pointer -funroll-loops 
FAIL: gcc.c-torture/execute/va-arg-15.c execution,  -O3 -fomit-frame-pointer -funroll-all-loops -finline-functions 
FAIL: gcc.c-torture/execute/va-arg-15.c execution,  -O3 -g 
FAIL: gcc.c-torture/execute/va-arg-15.c execution,  -O3 -fssa 
FAIL: gcc.c-torture/execute/va-arg-15.c execution,  -Os 
FAIL: gcc.c-torture/execute/va-arg-16.c execution,  -O1 
FAIL: gcc.c-torture/execute/va-arg-16.c execution,  -O2 
FAIL: gcc.c-torture/execute/va-arg-16.c execution,  -O3 -fomit-frame-pointer 
FAIL: gcc.c-torture/execute/va-arg-16.c execution,  -O3 -g 
FAIL: gcc.c-torture/execute/va-arg-16.c execution,  -O3 -fssa 
FAIL: gcc.c-torture/execute/va-arg-16.c execution,  -Os 
FAIL: gcc.c-torture/execute/va-arg-20.c execution,  -O1 
FAIL: gcc.c-torture/execute/va-arg-20.c execution,  -O2 
FAIL: gcc.c-torture/execute/va-arg-20.c execution,  -Os 
FAIL: gcc.dg/cpp/if-2.c wide charconst recognition (test for bogus messages, line 9)
XPASS: gcc.dg/c99-array-nonobj-1.c func [] var (test for errors, line 23)
FAIL: gcc.dg/c99-array-nonobj-1.c (test for excess errors)
FAIL: gcc.dg/format-va-1.c wrong type in format warning (test for bogus messages, line 11)
FAIL: gcc.dg/format-va-1.c format error (test for warnings, line 11)
FAIL: gcc.dg/noreturn-1.c this function should not get any warnings (test for bogus messages, line 52)
FAIL: gcc.dg/noreturn-1.c detect return from tail call (test for warnings, line 59)
FAIL: gcc.dg/noreturn-2.c noreturn does return (test for bogus messages, line 12)
FAIL: gcc.dg/return-type-2.c warning for falling off end of non-void function (test for bogus messages, line 24)
FAIL: gcc.dg/return-type-2.c warning for falling off end of non-void function (test for bogus messages, line 42)

		=== gcc Summary ===

# of expected passes		13793
# of unexpected failures	54
# of unexpected successes	1
# of expected failures		71
# of unsupported tests		43
/u/atlantis/1/egcs/egcs-solaris/gcc/xgcc version 2.96 20000906 (experimental)

		=== g++ tests ===


Running target unix
FAIL: g++.ext/instantiate1.C not instantiated (test for errors, line 18)
FAIL: g++.ext/instantiate1.C not instantiated (test for errors, line 20)
FAIL: g++.other/loop2.C caused compiler crash

		=== g++ Summary ===

# of expected passes		6002
# of unexpected failures	3
# of expected failures		94
# of untested testcases		16
/u/atlantis/1/egcs/egcs-solaris/gcc/testsuite/../g++ version 2.96 20000906 (experimental)

		=== g77 tests ===


Running target unix

		=== g77 Summary ===

# of expected passes		983
		=== objc tests ===


Running target unix
FAIL: objc/execute/bf-1.m compilation,  -O 
FAIL: objc/execute/bf-10.m compilation,  -O 
FAIL: objc/execute/bf-11.m compilation,  -O 
FAIL: objc/execute/bf-12.m compilation,  -O 
FAIL: objc/execute/bf-13.m compilation,  -O 
FAIL: objc/execute/bf-14.m compilation,  -O 
FAIL: objc/execute/bf-15.m compilation,  -O 
FAIL: objc/execute/bf-16.m compilation,  -O 
FAIL: objc/execute/bf-17.m compilation,  -O 
FAIL: objc/execute/bf-18.m compilation,  -O 
FAIL: objc/execute/bf-19.m compilation,  -O 
FAIL: objc/execute/bf-2.m compilation,  -O 
FAIL: objc/execute/bf-20.m compilation,  -O 
FAIL: objc/execute/bf-3.m compilation,  -O 
FAIL: objc/execute/bf-4.m compilation,  -O 
FAIL: objc/execute/bf-5.m compilation,  -O 
FAIL: objc/execute/bf-6.m compilation,  -O 
FAIL: objc/execute/bf-7.m compilation,  -O 
FAIL: objc/execute/bf-8.m compilation,  -O 
FAIL: objc/execute/bf-9.m compilation,  -O 
FAIL: objc/execute/string1.m compilation,  -O 
FAIL: objc/execute/string2.m compilation,  -O 

		=== objc Summary ===

# of unexpected failures	22
# of untested testcases		22
/u/atlantis/1/egcs/egcs-solaris/gcc/xgcc version 2.96 20000906 (experimental)


Compiler version: 2.96 20000906 (experimental) 
Platform: sparc-sun-solaris2.6
configure flags: --host=sparc-sun-solaris2.6 --srcdir=../egcs --prefix=/net/home/robotvis/gnu/egcs --enable-threads=posix --with-gnu-as --with-gnu-ld --with-as=/net/home/robotvis/gnu/binutils/bin/as --with-ld=/net/home/robotvis/gnu/binutils/bin/ld
Counting all warnings,
there are 113 warnings in stage3 of this bootstrap.

Number of warnings per file:
  32 ../../egcs/gcc/combine.c
  15 ../../egcs/gcc/expr.c
  11 ../../egcs/gcc/cse.c
   9 ../../egcs/gcc/dwarf2out.c
   6 ../../egcs/gcc/libgcc2.c
   6 ../../egcs/gcc/frame-dwarf2.c
   4 ../../egcs/gcc/loop.c
   4 ../../egcs/gcc/config/sparc/sparc.c
   4 ../../../egcs/gcc/java/jcf-reader.c
   3 ../../egcs/gcc/gcc.c
   2 ../../egcs/gcc/reload1.c
   2 ../../egcs/gcc/function.c
   2 ../../egcs/gcc/fold-const.c
   2 ../../egcs/gcc/cpplex.c
   2 ../../egcs/gcc/alias.c
   1 ../../egcs/gcc/java/jvspec.c
   1 ../../egcs/gcc/gcse.c
   1 ../../egcs/gcc/flow.c
   1 ../../egcs/gcc/final.c
   1 ../../egcs/gcc/f/lang-specs.h
   1 ../../egcs/gcc/expmed.c
   1 ../../egcs/gcc/dwarfout.c
   1 ../../../egcs/gcc/cp/error.c
   1 ../../../egcs/gcc/cp/errfn.c

Number of warning types:
  53 comparison between signed and unsigned
  16 signed and unsigned type in conditional expression
   8 control reaches end of non-void function
   8 \`???' might be used uninitialized in this function
   5 string length \`???' is greater than the minimum length \`???' ISO C89 is required to support
   5 (near initialization for \`???')
   4 \`???' defined but not used
   3 missing braces around initializer
   3 function declaration isn't a prototype
   2 traditional C rejects the \`???' suffix
   2 missing initializer
   1 unused parameter \`???'
   1 pointer targets in passing arg ??? of \`???' differ in signedness
   1 passing arg ??? of \`???' discards qualifiers from pointer target type
   1 implicit declaration of function \`???'


More information about the Gcc-testresults mailing list