Results for 2.96 20000904 (experimental) testsuite on alphaev56-dec-osf4.0d
Alexandre Oliva
oliva@lbi.ic.unicamp.br
Wed Sep 6 06:05:00 GMT 2000
Native configuration is alphaev56-dec-osf4.0d
=== binutils tests ===
Running target unix
FAIL: strip with saving a symbol
FAIL: run stripped executable with saving a symbol
=== binutils Summary ===
# of expected passes 20
# of unexpected failures 2
# of expected failures 4
=== g++ tests ===
Running target unix
FAIL: g++.eh/badalloc1.C Execution test
FAIL: g++.ext/instantiate1.C not instantiated (test for errors, line 18)
FAIL: g++.ext/instantiate1.C not instantiated (test for errors, line 20)
FAIL: g++.ext/instantiate2.C not instantiated (test for errors, line 16)
FAIL: g++.ext/instantiate3.C not instantiated (test for errors, line 13)
FAIL: g++.other/crash18.C caused compiler crash
FAIL: g++.other/loop2.C caused compiler crash
FAIL: g++.pt/static8.C (test for excess errors)
=== g++ Summary ===
# of expected passes 5976
# of unexpected failures 8
# of expected failures 100
# of untested testcases 18
/usr/local/tmp/egcs/gcc/testsuite/../g++ version 2.96 20000904 (experimental)
=== g77 tests ===
Running target unix
=== g77 Summary ===
# of expected passes 983
=== gcc tests ===
Running target unix
FAIL: gcc.c-torture/compile/920501-18.c, -O3 -fssa
FAIL: gcc.c-torture/execute/20000801-1.c execution, -O2
FAIL: gcc.c-torture/execute/20000801-1.c execution, -O3 -fomit-frame-pointer
FAIL: gcc.c-torture/execute/20000801-1.c execution, -O3 -fomit-frame-pointer -funroll-loops
FAIL: gcc.c-torture/execute/20000801-1.c execution, -O3 -fomit-frame-pointer -funroll-all-loops -finline-functions
FAIL: gcc.c-torture/execute/20000801-1.c execution, -O3 -g
FAIL: gcc.c-torture/execute/20000801-1.c execution, -Os
FAIL: gcc.c-torture/execute/20000801-2.c execution, -O3 -fomit-frame-pointer -funroll-all-loops -finline-functions
FAIL: gcc.c-torture/execute/20000818-1.c compilation, -O3 -fomit-frame-pointer -funroll-all-loops -finline-functions
FAIL: gcc.c-torture/execute/ieee/20000320-1.c execution, -O0
FAIL: gcc.c-torture/execute/ieee/20000320-1.c execution, -O1
FAIL: gcc.c-torture/execute/ieee/20000320-1.c execution, -O2
FAIL: gcc.c-torture/execute/ieee/20000320-1.c execution, -O3 -fomit-frame-pointer
FAIL: gcc.c-torture/execute/ieee/20000320-1.c execution, -O3 -g
FAIL: gcc.c-torture/execute/ieee/20000320-1.c execution, -O3 -fssa
FAIL: gcc.c-torture/execute/ieee/20000320-1.c execution, -Os
FAIL: gcc.c-torture/execute/ieee/fp-cmp-2.c execution, -O0
FAIL: gcc.c-torture/execute/ieee/fp-cmp-2.c execution, -O1
FAIL: gcc.c-torture/execute/ieee/fp-cmp-2.c execution, -O2
FAIL: gcc.c-torture/execute/ieee/fp-cmp-2.c execution, -O3 -fomit-frame-pointer
FAIL: gcc.c-torture/execute/ieee/fp-cmp-2.c execution, -O3 -fomit-frame-pointer -funroll-loops
FAIL: gcc.c-torture/execute/ieee/fp-cmp-2.c execution, -O3 -fomit-frame-pointer -funroll-all-loops -finline-functions
FAIL: gcc.c-torture/execute/ieee/fp-cmp-2.c execution, -O3 -g
FAIL: gcc.c-torture/execute/ieee/fp-cmp-2.c execution, -O3 -fssa
FAIL: gcc.c-torture/execute/ieee/fp-cmp-2.c execution, -Os
FAIL: gcc.c-torture/execute/ieee/fp-cmp-4.c execution, -O0
FAIL: gcc.c-torture/execute/ieee/fp-cmp-4.c execution, -O1
FAIL: gcc.c-torture/execute/ieee/fp-cmp-4.c execution, -O2
FAIL: gcc.c-torture/execute/ieee/fp-cmp-4.c execution, -O3 -fomit-frame-pointer
FAIL: gcc.c-torture/execute/ieee/fp-cmp-4.c execution, -O3 -fomit-frame-pointer -funroll-loops
FAIL: gcc.c-torture/execute/ieee/fp-cmp-4.c execution, -O3 -fomit-frame-pointer -funroll-all-loops -finline-functions
FAIL: gcc.c-torture/execute/ieee/fp-cmp-4.c execution, -O3 -g
FAIL: gcc.c-torture/execute/ieee/fp-cmp-4.c execution, -O3 -fssa
FAIL: gcc.c-torture/execute/ieee/fp-cmp-4.c execution, -Os
FAIL: gcc.c-torture/execute/ieee/hugeval.c execution, -O0
FAIL: gcc.c-torture/execute/ieee/hugeval.c execution, -O1
FAIL: gcc.c-torture/execute/ieee/hugeval.c execution, -O2
FAIL: gcc.c-torture/execute/ieee/hugeval.c execution, -O3 -fomit-frame-pointer
FAIL: gcc.c-torture/execute/ieee/hugeval.c execution, -O3 -g
FAIL: gcc.c-torture/execute/ieee/hugeval.c execution, -O3 -fssa
FAIL: gcc.c-torture/execute/ieee/hugeval.c execution, -Os
FAIL: gcc.c-torture/execute/ieee/mzero2.c execution, -O0
FAIL: gcc.c-torture/execute/ieee/mzero2.c execution, -O1
FAIL: gcc.c-torture/execute/ieee/mzero2.c execution, -O2
FAIL: gcc.c-torture/execute/ieee/mzero2.c execution, -O3 -fomit-frame-pointer
FAIL: gcc.c-torture/execute/ieee/mzero2.c execution, -O3 -g
FAIL: gcc.c-torture/execute/ieee/mzero2.c execution, -O3 -fssa
FAIL: gcc.c-torture/execute/ieee/mzero2.c execution, -Os
XPASS: gcc.c-torture/execute/memcheck/blkarg.c execution, -O0
XPASS: gcc.c-torture/execute/memcheck/blkarg.c execution, -O1
XPASS: gcc.c-torture/execute/memcheck/blkarg.c execution, -O2
XPASS: gcc.c-torture/execute/memcheck/blkarg.c execution, -Os
FAIL: gcc.dg/20000419-2.c (test for excess errors)
XPASS: gcc.dg/c99-array-nonobj-1.c func [] var (test for errors, line 23)
FAIL: gcc.dg/c99-array-nonobj-1.c (test for excess errors)
FAIL: gcc.dg/noreturn-1.c this function should not get any warnings (test for bogus messages, line 52)
FAIL: gcc.dg/noreturn-1.c detect return from tail call (test for warnings, line 59)
FAIL: gcc.dg/wtr-int-type-1.c integer constant (test for warnings, line 14)
FAIL: gcc.dg/wtr-int-type-1.c integer constant (test for warnings, line 15)
FAIL: gcc.dg/wtr-int-type-1.c decimal constant (test for warnings, line 23)
FAIL: gcc.dg/special/weak-1.c (test for excess errors)
FAIL: gcc.dg/special/weak-2.c (test for excess errors)
FAIL: wkali-2a.o
=== gcc Summary ===
# of expected passes 13759
# of unexpected failures 58
# of unexpected successes 5
# of expected failures 72
# of unresolved testcases 1
# of unsupported tests 45
/usr/local/tmp/egcs/gcc/xgcc version 2.96 20000904 (experimental)
=== libg++ tests ===
Running target unix
FAIL: tBag.cc compilation
FAIL: tDeque.cc compilation
FAIL: tMap.cc compilation
FAIL: tPQ.cc compilation
FAIL: tPlex.cc compilation
FAIL: tQueue.cc compilation
FAIL: tSet.cc compilation
FAIL: tStack.cc compilation
=== libg++ Summary ===
# of expected passes 48
# of unexpected failures 8
# of expected failures 16
=== libio tests ===
Running target unix
=== libio Summary ===
# of expected passes 40
=== libstdc++ tests ===
Running target unix
=== libstdc++ Summary ===
# of expected passes 30
=== objc tests ===
Running target unix
=== objc Summary ===
# of expected passes 44
/usr/local/tmp/egcs/gcc/xgcc version 2.96 20000904 (experimental)
Compiler version: 2.96 20000904 (experimental)
Platform: alphaev56-dec-osf4.0d
BOOT_CFLAGS: -g -O9 -W -Wall
Counting all warnings,
there are 299 warnings in stage3 of this bootstrap.
Number of warnings per file:
43 /home/lsd/oliva/src/egcs/include/getopt.h
40 /home/lsd/oliva/src/egcs/librx/rx.c
22 Makefile
19 /home/lsd/oliva/src/egcs/libjava/java/lang/mprec.c
16 /home/lsd/oliva/src/egcs/gcc/cpphash.h
12 configure
10 /home/lsd/oliva/src/egcs/gcc/mips-tfile.c
10 /home/lsd/oliva/src/egcs/gcc/intl/gettext.h
8 /home/lsd/oliva/src/egcs/librx/rx.h
8 /home/lsd/oliva/src/egcs/libjava/gnu/gcj/convert/natIconv.cc
8 /home/lsd/oliva/src/egcs/libiberty/sort.c
8 /home/lsd/oliva/src/egcs/gcc/sdbout.c
7 /home/lsd/oliva/src/egcs/gcc/reload.c
6 /home/lsd/oliva/src/egcs/include/md5.h
6 /home/lsd/oliva/src/egcs/gcc/combine.c
5 /home/lsd/oliva/src/egcs/gcc/libgcc2.c
4 /usr/include/alloca.h
4 /home/lsd/oliva/src/egcs/libjava/jni.cc
4 /home/lsd/oliva/src/egcs/libjava/java/lang/natClassLoader.cc
4 /home/lsd/oliva/src/egcs/libiberty/getopt.c
4 /home/lsd/oliva/src/egcs/libg++/src/AllocRing.cc
4 /home/lsd/oliva/src/egcs/gcc/loop.c
4 /home/lsd/oliva/src/egcs/gcc/cpplex.c
3 /home/lsd/oliva/src/egcs/libjava/java/lang/dtoa.c
3 /home/lsd/oliva/src/egcs/gcc/config/alpha/alpha.c
2 /home/lsd/oliva/src/egcs/libjava/prims.cc
2 /home/lsd/oliva/src/egcs/libjava/java/net/natPlainDatagramSocketImpl.cc
2 /home/lsd/oliva/src/egcs/gcc/java/jcf-reader.c
2 /home/lsd/oliva/src/egcs/gcc/gcse.c
2 /home/lsd/oliva/src/egcs/gcc/expr.c
2 /home/lsd/oliva/src/egcs/gcc/cppinit.c
2 /home/lsd/oliva/src/egcs/gcc/collect2.c
2 /home/lsd/oliva/src/egcs/boehm-gc/mark_rts.c
1 cxxmain.c
1 /home/lsd/oliva/src/egcs/libjava/java/lang/natSystem.cc
1 /home/lsd/oliva/src/egcs/libjava/gnu/gcj/runtime/natFirstThread.cc
1 /home/lsd/oliva/src/egcs/libjava/gnu/gcj/io/shs.cc
1 /home/lsd/oliva/src/egcs/libjava/exception.cc
1 /home/lsd/oliva/src/egcs/gcc/tradcpp.c
1 /home/lsd/oliva/src/egcs/gcc/rtl.c
1 /home/lsd/oliva/src/egcs/gcc/regclass.c
1 /home/lsd/oliva/src/egcs/gcc/mips-tdump.c
1 /home/lsd/oliva/src/egcs/gcc/java/jvspec.c
1 /home/lsd/oliva/src/egcs/gcc/java/jcf-write.c
1 /home/lsd/oliva/src/egcs/gcc/gcc.c
1 /home/lsd/oliva/src/egcs/gcc/fold-const.c
1 /home/lsd/oliva/src/egcs/gcc/final.c
1 /home/lsd/oliva/src/egcs/gcc/f/lang-specs.h
1 /home/lsd/oliva/src/egcs/gcc/errors.c
1 /home/lsd/oliva/src/egcs/gcc/diagnostic.c
1 /home/lsd/oliva/src/egcs/gcc/cse.c
1 /home/lsd/oliva/src/egcs/gcc/cppexp.c
1 /home/lsd/oliva/src/egcs/gcc/cp/error.c
1 /home/lsd/oliva/src/egcs/gcc/cp/errfn.c
Number of warning types:
50 function declaration isn't a prototype
45 traditional C rejects the `???' suffix
36 cast to pointer from integer of different size
18 unused parameter `???'
12 suggest parentheses around + or - inside shift
12 signed and unsigned type in conditional expression
11 overriding commands for target `???'
11 ignoring old commands for target `???'
9 comparison between signed and unsigned
9 `noreturn' function does return
8 comparison of distinct pointer types lacks a cast
8 ***********************************************************
7 ??? format, ??? arg (arg ???)
6 implicit declaration of function `???'
5 initialization discards qualifiers from pointer target type
4 suggest parentheses around assignment used as truth value
4 deleting `???' is undefined
4 cast from pointer to integer of different size
3 unused parameter `java::lang::String
3 suggest parentheses around arithmetic in operand of |
3 string length `???' is greater than the minimum length `???' ISO C89 is required to support
3 assignment discards qualifiers from pointer target type
3 `???' might be used uninitialized in this function
2 width of integer constant changes with -traditional
2 unused parameter `JArray<jchar>
2 then use the most recent one - libffi-1.20.
2 new declaration `???'
2 label `???' defined but
2 function returns address of local variable
2 ambiguates built-in declaration `void
2 `???' defined but not used
2 This is beta code. If you're looking for a stable release
1 unused variable `???'
1 unused parameter `JArray<jbyte> *data
1 pointer targets in passing arg ??? of `???' differ in signedness
1 no previous prototype for `???'
1 ignoring pragma:
1 `long' switch expression not converted to `int' in ISO C
1 `???' declared `static' but
More information about the Gcc-testresults
mailing list