Results for 2.96 20000904 (experimental) testsuite on i386-unknown-freebsd3.0
Alexandre Oliva
oliva@moab.cs.utah.edu
Wed Sep 6 06:02:00 GMT 2000
Native configuration is i386-unknown-freebsd3.0
=== binutils tests ===
Running target unix
=== binutils Summary ===
# of expected passes 26
=== g++ tests ===
Running target unix
FAIL: g++.benjamin/15071.C Execution test
FAIL: g++.ext/instantiate1.C not instantiated (test for errors, line 18)
FAIL: g++.ext/instantiate1.C not instantiated (test for errors, line 20)
FAIL: g++.jason/2371.C Execution test
FAIL: g++.jason/template24.C Execution test
FAIL: g++.jason/typeid1.C Execution test
FAIL: g++.law/arg8.C Execution test
FAIL: g++.law/virtual3.C Execution test
FAIL: g++.mike/eh2.C Execution test
FAIL: g++.mike/p6610a.C Execution test
FAIL: g++.other/loop2.C caused compiler crash
FAIL: g++.robertl/eb115.C Execution test
FAIL: g++.robertl/eb118.C Execution test
FAIL: g++.robertl/eb27.C Execution test
FAIL: g++.robertl/eb41.C Execution test
FAIL: g++.robertl/eb46.C Execution test
FAIL: g++.robertl/eb54.C Execution test
FAIL: g++.robertl/eb77.C Execution test
=== g++ Summary ===
# of expected passes 5978
# of unexpected failures 18
# of expected failures 94
# of untested testcases 14
/foo/z/oliva/egcs/gcc/testsuite/../g++ version 2.96 20000904 (experimental)
=== g77 tests ===
Running target unix
FAIL: g77.f-torture/compile/20000629-1.f, -O2 -fomit-frame-pointer -finline-functions -funroll-loops
FAIL: g77.f-torture/compile/20000629-1.f, -O2 -fomit-frame-pointer -finline-functions -funroll-all-loops
FAIL: g77.f-torture/execute/short.f execution, -Os
=== g77 Summary ===
# of expected passes 980
# of unexpected failures 3
=== gas tests ===
Running target unix
=== gas Summary ===
# of expected passes 70
=== gcc tests ===
Running target unix
FAIL: gcc.c-torture/execute/20000225-1.c execution, -O2
FAIL: gcc.c-torture/execute/20000225-1.c execution, -O3 -fomit-frame-pointer
FAIL: gcc.c-torture/execute/20000225-1.c execution, -O3 -fomit-frame-pointer -funroll-loops
FAIL: gcc.c-torture/execute/20000225-1.c execution, -O3 -fomit-frame-pointer -funroll-all-loops -finline-functions
FAIL: gcc.c-torture/execute/20000225-1.c execution, -O3 -g
FAIL: gcc.c-torture/execute/20000225-1.c execution, -O3 -fssa
FAIL: gcc.c-torture/execute/20000225-1.c execution, -Os
FAIL: gcc.c-torture/execute/20000731-2.c execution, -O3 -fomit-frame-pointer -funroll-all-loops -finline-functions
FAIL: gcc.c-torture/execute/20000801-1.c execution, -O2
FAIL: gcc.c-torture/execute/20000801-1.c execution, -O3 -fomit-frame-pointer
FAIL: gcc.c-torture/execute/20000801-1.c execution, -O3 -fomit-frame-pointer -funroll-loops
FAIL: gcc.c-torture/execute/20000801-1.c execution, -O3 -fomit-frame-pointer -funroll-all-loops -finline-functions
FAIL: gcc.c-torture/execute/20000801-1.c execution, -O3 -g
FAIL: gcc.c-torture/execute/20000801-1.c execution, -Os
FAIL: gcc.c-torture/execute/20000801-2.c execution, -O3 -fomit-frame-pointer -funroll-all-loops -finline-functions
FAIL: gcc.c-torture/execute/20000818-1.c compilation, -O3 -fomit-frame-pointer -funroll-all-loops -finline-functions
FAIL: gcc.c-torture/execute/960608-1.c execution, -O3 -fomit-frame-pointer
FAIL: gcc.c-torture/execute/960608-1.c execution, -O3 -g
FAIL: gcc.c-torture/execute/960608-1.c execution, -O3 -fssa
XPASS: gcc.c-torture/execute/ieee/mzero2.c execution, -O0
XPASS: gcc.c-torture/execute/ieee/mzero2.c execution, -O1
XPASS: gcc.c-torture/execute/ieee/mzero2.c execution, -O2
XPASS: gcc.c-torture/execute/ieee/mzero2.c execution, -O3 -fomit-frame-pointer
XPASS: gcc.c-torture/execute/ieee/mzero2.c execution, -O3 -g
XPASS: gcc.c-torture/execute/ieee/mzero2.c execution, -O3 -fssa
XPASS: gcc.c-torture/execute/ieee/mzero2.c execution, -Os
XPASS: gcc.c-torture/execute/ieee/rbug.c execution, -O3 -fomit-frame-pointer
XPASS: gcc.c-torture/execute/ieee/rbug.c execution, -O3 -g
XPASS: gcc.c-torture/execute/ieee/rbug.c execution, -O3 -fssa
FAIL: gcc.dg/20000614-1.c execution test
FAIL: gcc.dg/20000807-1.c (test for excess errors)
FAIL: gcc.dg/991209-1.c (test for excess errors)
FAIL: gcc.dg/991214-1.c (test for excess errors)
XPASS: gcc.dg/c99-array-nonobj-1.c func [] var (test for errors, line 23)
FAIL: gcc.dg/c99-array-nonobj-1.c (test for excess errors)
FAIL: gcc.dg/format-va-1.c wrong type in format warning (test for bogus messages, line 11)
FAIL: gcc.dg/format-va-1.c format error (test for warnings, line 11)
FAIL: gcc.dg/noreturn-1.c this function should not get any warnings (test for bogus messages, line 52)
FAIL: gcc.dg/noreturn-1.c detect return from tail call (test for warnings, line 59)
FAIL: gcc.dg/noreturn-2.c noreturn does return (test for bogus messages, line 12)
FAIL: gcc.dg/return-type-2.c warning for falling off end of non-void function (test for bogus messages, line 24)
FAIL: gcc.dg/return-type-2.c warning for falling off end of non-void function (test for bogus messages, line 42)
FAIL: gcc.dg/special/gcsec-1.c execution test
=== gcc Summary ===
# of expected passes 13821
# of unexpected failures 32
# of unexpected successes 11
# of expected failures 82
# of unresolved testcases 1
# of unsupported tests 19
/foo/z/oliva/egcs/gcc/xgcc version 2.96 20000904 (experimental)
=== ld tests ===
Running target unix
FAIL: bootstrap
FAIL: bootstrap with strip
FAIL: bootstrap with --static
FAIL: bootstrap with --traditional-format
FAIL: bootstrap with --no-keep-memory
FAIL: cdtest
FAIL: cdtest with -Ur
=== ld Summary ===
# of expected passes 18
# of unexpected failures 7
=== libg++ tests ===
Running target unix
FAIL: tBitSet.cc execution
FAIL: tInteger.cc execution
FAIL: tBitString.cc execution
FAIL: tFile.cc execution
FAIL: tFix.cc execution
FAIL: tFix16.cc execution
FAIL: tFix24.cc execution
FAIL: tObstack.cc execution
FAIL: tQueue.cc execution
FAIL: tRandom.cc execution
FAIL: tRational.cc execution
FAIL: tString.cc execution
=== libg++ Summary ===
# of expected passes 48
# of unexpected failures 12
# of expected failures 12
=== libio tests ===
Running target unix
FAIL: hounddog.cc execution
FAIL: hounddog.cc execution -b0
FAIL: hounddog.cc execution -b2
FAIL: putbackdog.cc execution
FAIL: putbackdog.cc execution -b0
FAIL: putbackdog.cc execution -b2
FAIL: tFile.cc execution
FAIL: tFile.cc execution -b0
FAIL: tFile.cc execution -b3
FAIL: tiomanip.cc execution
FAIL: tiomisc.cc execution
=== libio Summary ===
# of expected passes 18
# of unexpected failures 11
# of expected failures 11
=== libstdc++ tests ===
Running target unix
FAIL: tcomplex.cc execution
FAIL: tcomplex.cc -O execution
FAIL: tlist.cc execution
FAIL: tlist.cc -O execution
FAIL: tmap.cc execution
FAIL: tmap.cc -O execution
FAIL: tstring.cc execution
FAIL: tstring.cc -O execution
FAIL: tvector.cc execution
FAIL: tvector.cc -O execution
=== libstdc++ Summary ===
# of expected passes 10
# of unexpected failures 10
# of expected failures 10
=== objc tests ===
Running target unix
FAIL: objc/execute/bf-1.m compilation, -O
FAIL: objc/execute/bf-10.m compilation, -O
FAIL: objc/execute/bf-11.m compilation, -O
FAIL: objc/execute/bf-12.m compilation, -O
FAIL: objc/execute/bf-13.m compilation, -O
FAIL: objc/execute/bf-14.m compilation, -O
FAIL: objc/execute/bf-15.m compilation, -O
FAIL: objc/execute/bf-16.m compilation, -O
FAIL: objc/execute/bf-17.m compilation, -O
FAIL: objc/execute/bf-18.m compilation, -O
FAIL: objc/execute/bf-19.m compilation, -O
FAIL: objc/execute/bf-2.m compilation, -O
FAIL: objc/execute/bf-20.m compilation, -O
FAIL: objc/execute/bf-3.m compilation, -O
FAIL: objc/execute/bf-4.m compilation, -O
FAIL: objc/execute/bf-5.m compilation, -O
FAIL: objc/execute/bf-6.m compilation, -O
FAIL: objc/execute/bf-7.m compilation, -O
FAIL: objc/execute/bf-8.m compilation, -O
FAIL: objc/execute/bf-9.m compilation, -O
FAIL: objc/execute/string1.m compilation, -O
FAIL: objc/execute/string2.m compilation, -O
=== objc Summary ===
# of unexpected failures 22
# of untested testcases 22
/foo/z/oliva/egcs/gcc/xgcc version 2.96 20000904 (experimental)
Compiler version: 2.96 20000904 (experimental)
Platform: i386-unknown-freebsd3.0
BOOT_CFLAGS: -g -O9 -W -Wall
Counting all warnings,
there are 202 warnings in stage3 of this bootstrap.
Number of warnings per file:
33 /home/css/guest/oliva/src/egcs/gcc/combine.c
26 Makefile
17 /home/css/guest/oliva/src/egcs/gcc/expr.c
13 /home/css/guest/oliva/src/egcs/gcc/libgcc2.c
10 /home/css/guest/oliva/src/egcs/gcc/reg-stack.c
10 /home/css/guest/oliva/src/egcs/gcc/intl/gettext.h
6 configure
6 /home/css/guest/oliva/src/egcs/libjava/include/jvm.h
6 /home/css/guest/oliva/src/egcs/include/md5.h
6 /home/css/guest/oliva/src/egcs/gcc/cse.c
4 cxxmain.c
4 /home/css/guest/oliva/src/egcs/librx/rx.c
4 /home/css/guest/oliva/src/egcs/libiberty/getopt.c
4 /home/css/guest/oliva/src/egcs/libg++/src/AllocRing.cc
4 /home/css/guest/oliva/src/egcs/gcc/loop.c
4 /home/css/guest/oliva/src/egcs/gcc/frame-dwarf2.c
4 /home/css/guest/oliva/src/egcs/gcc/diagnostic.c
3 /home/css/guest/oliva/src/egcs/gcc/gcc.c
2 /home/css/guest/oliva/src/egcs/libiberty/strerror.c
2 /home/css/guest/oliva/src/egcs/gcc/tree.c
2 /home/css/guest/oliva/src/egcs/gcc/java/jcf-reader.c
2 /home/css/guest/oliva/src/egcs/gcc/java/expr.c
2 /home/css/guest/oliva/src/egcs/gcc/gengenrtl.c
2 /home/css/guest/oliva/src/egcs/gcc/gcse.c
2 /home/css/guest/oliva/src/egcs/gcc/function.c
2 /home/css/guest/oliva/src/egcs/gcc/fold-const.c
2 /home/css/guest/oliva/src/egcs/gcc/cpplex.c
2 /home/css/guest/oliva/src/egcs/gcc/alias.c
1 /home/css/guest/oliva/src/egcs/libf2c/libI77/open.c
1 /home/css/guest/oliva/src/egcs/gcc/varray.c
1 /home/css/guest/oliva/src/egcs/gcc/tradcpp.c
1 /home/css/guest/oliva/src/egcs/gcc/java/jvspec.c
1 /home/css/guest/oliva/src/egcs/gcc/java/jvgenmain.c
1 /home/css/guest/oliva/src/egcs/gcc/java/jcf-parse.c
1 /home/css/guest/oliva/src/egcs/gcc/java/jcf-io.c
1 /home/css/guest/oliva/src/egcs/gcc/final.c
1 /home/css/guest/oliva/src/egcs/gcc/f/lang-specs.h
1 /home/css/guest/oliva/src/egcs/gcc/expmed.c
1 /home/css/guest/oliva/src/egcs/gcc/emit-rtl.c
1 /home/css/guest/oliva/src/egcs/gcc/dwarfout.c
1 /home/css/guest/oliva/src/egcs/gcc/cp/typeck2.c
1 /home/css/guest/oliva/src/egcs/gcc/cp/error.c
1 /home/css/guest/oliva/src/egcs/gcc/cp/errfn.c
1 /home/css/guest/oliva/src/egcs/gcc/collect2.c
1 /home/css/guest/oliva/src/egcs/gcc/ch/decl.c
1 /home/css/guest/oliva/src/egcs/boehm-gc/mark_rts.c
Number of warning types:
63 comparison between signed and unsigned
20 `noreturn' function does return
18 traditional C rejects the `???' suffix
13 overriding commands for target `???'
13 ignoring old commands for target `???'
10 signed and unsigned type in conditional expression
10 control reaches end of non-void function
9 implicit declaration of function `???'
6 cast from pointer to integer of different
5 unused parameter `???'
5 function declaration isn't a prototype
4 string length `???' is greater than the minimum length `???' ISO C89 is required to support
4 deleting `???' is undefined
4 comparison of distinct pointer types lacks a cast
4 ***********************************************************
3 `???' might be used uninitialized in this function
2 type qualifiers for `???' conflict with previous decl
2 `???' defined but not used
1 then use the most recent one - libffi-1.20.
1 pointer targets in passing arg ??? of `???' differ in signedness
1 passing arg ??? of `???' discards qualifiers from pointer target type
1 no previous prototype for `???'
1 function returns address of local variable
1 assignment makes pointer from integer without a cast
1 This is beta code. If you're looking for a stable release
More information about the Gcc-testresults
mailing list