Results for 2.96 20000904 (experimental) testsuite on mips-sgi-irix6.5

Billinghurst, David (CRTS) David.Billinghurst@riotinto.com
Mon Sep 4 22:15:00 GMT 2000


Native configuration is mips-sgi-irix6.5

		=== objc tests ===


Running target unix

		=== objc Summary for unix ===

# of expected passes		44

Running target unix/-mabi=64

		=== objc Summary for unix/-mabi=64 ===

# of expected passes		44

		=== objc Summary ===

# of expected passes		88
/exd4/billingd/obj/egcs-20000904-parallel/gcc/xgcc version 2.96 20000904
(experimental)

		=== gcc tests ===


Running target unix
FAIL: gcc.c-torture/execute/20000225-1.c execution,  -O2 
FAIL: gcc.c-torture/execute/20000225-1.c execution,  -O3
-fomit-frame-pointer 
FAIL: gcc.c-torture/execute/20000225-1.c execution,  -O3
-fomit-frame-pointer -funroll-loops 
FAIL: gcc.c-torture/execute/20000225-1.c execution,  -O3
-fomit-frame-pointer -funroll-all-loops -finline-functions 
FAIL: gcc.c-torture/execute/20000225-1.c execution,  -O3 -g 
FAIL: gcc.c-torture/execute/20000225-1.c execution,  -O3 -fssa 
FAIL: gcc.c-torture/execute/20000225-1.c execution,  -Os 
FAIL: gcc.c-torture/execute/20000801-1.c execution,  -O2 
FAIL: gcc.c-torture/execute/20000801-1.c execution,  -O3
-fomit-frame-pointer 
FAIL: gcc.c-torture/execute/20000801-1.c execution,  -O3
-fomit-frame-pointer -funroll-loops 
FAIL: gcc.c-torture/execute/20000801-1.c execution,  -O3
-fomit-frame-pointer -funroll-all-loops -finline-functions 
FAIL: gcc.c-torture/execute/20000801-1.c execution,  -O3 -g 
FAIL: gcc.c-torture/execute/20000801-1.c execution,  -Os 
FAIL: gcc.c-torture/execute/20000801-2.c execution,  -O3
-fomit-frame-pointer -funroll-all-loops -finline-functions 
FAIL: gcc.c-torture/execute/va-arg-15.c execution,  -O0 
FAIL: gcc.c-torture/execute/va-arg-15.c execution,  -O1 
FAIL: gcc.c-torture/execute/va-arg-15.c execution,  -O2 
FAIL: gcc.c-torture/execute/va-arg-15.c execution,  -O3 -fomit-frame-pointer

FAIL: gcc.c-torture/execute/va-arg-15.c execution,  -O3 -fomit-frame-pointer
-funroll-loops 
FAIL: gcc.c-torture/execute/va-arg-15.c execution,  -O3 -fomit-frame-pointer
-funroll-all-loops -finline-functions 
FAIL: gcc.c-torture/execute/va-arg-15.c execution,  -O3 -g 
FAIL: gcc.c-torture/execute/va-arg-15.c execution,  -O3 -fssa 
FAIL: gcc.c-torture/execute/va-arg-15.c execution,  -Os 
FAIL: gcc.c-torture/execute/va-arg-16.c execution,  -O0 
FAIL: gcc.c-torture/execute/va-arg-16.c execution,  -O1 
FAIL: gcc.c-torture/execute/va-arg-16.c execution,  -O2 
FAIL: gcc.c-torture/execute/va-arg-16.c execution,  -O3 -fomit-frame-pointer

FAIL: gcc.c-torture/execute/va-arg-16.c execution,  -O3 -g 
FAIL: gcc.c-torture/execute/va-arg-16.c execution,  -O3 -fssa 
FAIL: gcc.c-torture/execute/va-arg-16.c execution,  -Os 
FAIL: gcc.c-torture/execute/va-arg-17.c execution,  -O0 
FAIL: gcc.c-torture/execute/va-arg-17.c execution,  -O1 
FAIL: gcc.c-torture/execute/va-arg-17.c execution,  -O2 
FAIL: gcc.c-torture/execute/va-arg-17.c execution,  -O3 -fomit-frame-pointer

FAIL: gcc.c-torture/execute/va-arg-17.c execution,  -O3 -g 
FAIL: gcc.c-torture/execute/va-arg-17.c execution,  -O3 -fssa 
FAIL: gcc.c-torture/execute/va-arg-17.c execution,  -Os 
FAIL: gcc.c-torture/execute/ieee/20000320-1.c execution,  -O0 
FAIL: gcc.c-torture/execute/ieee/20000320-1.c execution,  -O1 
FAIL: gcc.c-torture/execute/ieee/20000320-1.c execution,  -O2 
FAIL: gcc.c-torture/execute/ieee/20000320-1.c execution,  -O3
-fomit-frame-pointer 
FAIL: gcc.c-torture/execute/ieee/20000320-1.c execution,  -O3 -g 
FAIL: gcc.c-torture/execute/ieee/20000320-1.c execution,  -O3 -fssa 
FAIL: gcc.c-torture/execute/ieee/20000320-1.c execution,  -Os 
FAIL: gcc.c-torture/execute/ieee/fp-cmp-4.c compilation,  -O0 
FAIL: gcc.c-torture/execute/ieee/fp-cmp-4.c compilation,  -O1 
FAIL: gcc.c-torture/execute/ieee/fp-cmp-4.c compilation,  -O2 
FAIL: gcc.c-torture/execute/ieee/fp-cmp-4.c compilation,  -O3
-fomit-frame-pointer 
FAIL: gcc.c-torture/execute/ieee/fp-cmp-4.c compilation,  -O3
-fomit-frame-pointer -funroll-loops 
FAIL: gcc.c-torture/execute/ieee/fp-cmp-4.c compilation,  -O3
-fomit-frame-pointer -funroll-all-loops -finline-functions 
FAIL: gcc.c-torture/execute/ieee/fp-cmp-4.c compilation,  -O3 -g 
FAIL: gcc.c-torture/execute/ieee/fp-cmp-4.c compilation,  -O3 -fssa 
FAIL: gcc.c-torture/execute/ieee/fp-cmp-4.c compilation,  -Os 
XPASS: gcc.c-torture/execute/memcheck/blkarg.c execution,  -O0 
XPASS: gcc.c-torture/execute/memcheck/blkarg.c execution,  -O1 
XPASS: gcc.c-torture/execute/memcheck/blkarg.c execution,  -O2 
XPASS: gcc.c-torture/execute/memcheck/blkarg.c execution,  -Os 
FAIL: gcc.dg/20000419-2.c (test for excess errors)
XPASS: gcc.dg/c99-array-nonobj-1.c func [] var (test for errors, line 23)
FAIL: gcc.dg/c99-array-nonobj-1.c (test for excess errors)
FAIL: alias-1.c
FAIL: wkali-1.c
FAIL: wkali-2b.o

		=== gcc Summary for unix ===

# of expected passes		13757
# of unexpected failures	58
# of unexpected successes	5
# of expected failures		67
# of unresolved testcases	9
# of unsupported tests		45

Running target unix/-mabi=64
FAIL: gcc.c-torture/execute/20000225-1.c execution,  -O2 
FAIL: gcc.c-torture/execute/20000225-1.c execution,  -O3
-fomit-frame-pointer 
FAIL: gcc.c-torture/execute/20000225-1.c execution,  -O3
-fomit-frame-pointer -funroll-loops 
FAIL: gcc.c-torture/execute/20000225-1.c execution,  -O3
-fomit-frame-pointer -funroll-all-loops -finline-functions 
FAIL: gcc.c-torture/execute/20000225-1.c execution,  -O3 -g 
FAIL: gcc.c-torture/execute/20000225-1.c execution,  -O3 -fssa 
FAIL: gcc.c-torture/execute/20000225-1.c execution,  -Os 
FAIL: gcc.c-torture/execute/20000731-2.c execution,  -O3
-fomit-frame-pointer -funroll-all-loops -finline-functions 
FAIL: gcc.c-torture/execute/20000801-1.c execution,  -O2 
FAIL: gcc.c-torture/execute/20000801-1.c execution,  -O3
-fomit-frame-pointer 
FAIL: gcc.c-torture/execute/20000801-1.c execution,  -O3
-fomit-frame-pointer -funroll-loops 
FAIL: gcc.c-torture/execute/20000801-1.c execution,  -O3
-fomit-frame-pointer -funroll-all-loops -finline-functions 
FAIL: gcc.c-torture/execute/20000801-1.c execution,  -O3 -g 
FAIL: gcc.c-torture/execute/20000801-1.c execution,  -Os 
FAIL: gcc.c-torture/execute/20000801-2.c execution,  -O3
-fomit-frame-pointer -funroll-all-loops -finline-functions 
FAIL: gcc.c-torture/execute/991014-1.c compilation,  -O0 
FAIL: gcc.c-torture/execute/991014-1.c compilation,  -O1 
FAIL: gcc.c-torture/execute/991014-1.c compilation,  -O2 
FAIL: gcc.c-torture/execute/991014-1.c compilation,  -O3
-fomit-frame-pointer 
FAIL: gcc.c-torture/execute/991014-1.c compilation,  -O3 -g 
FAIL: gcc.c-torture/execute/991014-1.c compilation,  -O3 -fssa 
FAIL: gcc.c-torture/execute/991014-1.c compilation,  -Os 
FAIL: gcc.c-torture/execute/divconst-2.c execution,  -O1 
FAIL: gcc.c-torture/execute/divconst-2.c execution,  -O2 
FAIL: gcc.c-torture/execute/divconst-2.c execution,  -Os 
FAIL: gcc.c-torture/execute/va-arg-15.c execution,  -O0 
FAIL: gcc.c-torture/execute/va-arg-15.c execution,  -O1 
FAIL: gcc.c-torture/execute/va-arg-15.c execution,  -O2 
FAIL: gcc.c-torture/execute/va-arg-15.c execution,  -O3 -fomit-frame-pointer

FAIL: gcc.c-torture/execute/va-arg-15.c execution,  -O3 -fomit-frame-pointer
-funroll-loops 
FAIL: gcc.c-torture/execute/va-arg-15.c execution,  -O3 -fomit-frame-pointer
-funroll-all-loops -finline-functions 
FAIL: gcc.c-torture/execute/va-arg-15.c execution,  -O3 -g 
FAIL: gcc.c-torture/execute/va-arg-15.c execution,  -O3 -fssa 
FAIL: gcc.c-torture/execute/va-arg-15.c execution,  -Os 
FAIL: gcc.c-torture/execute/va-arg-16.c execution,  -O0 
FAIL: gcc.c-torture/execute/va-arg-16.c execution,  -O1 
FAIL: gcc.c-torture/execute/va-arg-16.c execution,  -O2 
FAIL: gcc.c-torture/execute/va-arg-16.c execution,  -O3 -fomit-frame-pointer

FAIL: gcc.c-torture/execute/va-arg-16.c execution,  -O3 -g 
FAIL: gcc.c-torture/execute/va-arg-16.c execution,  -O3 -fssa 
FAIL: gcc.c-torture/execute/va-arg-16.c execution,  -Os 
FAIL: gcc.c-torture/execute/va-arg-17.c execution,  -O0 
FAIL: gcc.c-torture/execute/va-arg-17.c execution,  -O1 
FAIL: gcc.c-torture/execute/va-arg-17.c execution,  -O2 
FAIL: gcc.c-torture/execute/va-arg-17.c execution,  -O3 -fomit-frame-pointer

FAIL: gcc.c-torture/execute/va-arg-17.c execution,  -O3 -g 
FAIL: gcc.c-torture/execute/va-arg-17.c execution,  -O3 -fssa 
FAIL: gcc.c-torture/execute/va-arg-17.c execution,  -Os 
FAIL: gcc.c-torture/execute/ieee/20000320-1.c execution,  -O0 
FAIL: gcc.c-torture/execute/ieee/20000320-1.c execution,  -O1 
FAIL: gcc.c-torture/execute/ieee/20000320-1.c execution,  -O2 
FAIL: gcc.c-torture/execute/ieee/20000320-1.c execution,  -O3
-fomit-frame-pointer 
FAIL: gcc.c-torture/execute/ieee/20000320-1.c execution,  -O3 -g 
FAIL: gcc.c-torture/execute/ieee/20000320-1.c execution,  -O3 -fssa 
FAIL: gcc.c-torture/execute/ieee/20000320-1.c execution,  -Os 
FAIL: gcc.c-torture/execute/ieee/fp-cmp-4.c compilation,  -O0 
FAIL: gcc.c-torture/execute/ieee/fp-cmp-4.c compilation,  -O1 
FAIL: gcc.c-torture/execute/ieee/fp-cmp-4.c compilation,  -O2 
FAIL: gcc.c-torture/execute/ieee/fp-cmp-4.c compilation,  -O3
-fomit-frame-pointer 
FAIL: gcc.c-torture/execute/ieee/fp-cmp-4.c compilation,  -O3
-fomit-frame-pointer -funroll-loops 
FAIL: gcc.c-torture/execute/ieee/fp-cmp-4.c compilation,  -O3
-fomit-frame-pointer -funroll-all-loops -finline-functions 
FAIL: gcc.c-torture/execute/ieee/fp-cmp-4.c compilation,  -O3 -g 
FAIL: gcc.c-torture/execute/ieee/fp-cmp-4.c compilation,  -O3 -fssa 
FAIL: gcc.c-torture/execute/ieee/fp-cmp-4.c compilation,  -Os 
XPASS: gcc.c-torture/execute/memcheck/blkarg.c execution,  -O0 
XPASS: gcc.c-torture/execute/memcheck/blkarg.c execution,  -O1 
XPASS: gcc.c-torture/execute/memcheck/blkarg.c execution,  -O2 
XPASS: gcc.c-torture/execute/memcheck/blkarg.c execution,  -Os 
FAIL: gcc.dg/20000419-2.c (test for excess errors)
XPASS: gcc.dg/c99-array-nonobj-1.c func [] var (test for errors, line 23)
FAIL: gcc.dg/c99-array-nonobj-1.c (test for excess errors)
FAIL: gcc.dg/wtr-int-type-1.c integer constant (test for warnings, line 14)
FAIL: gcc.dg/wtr-int-type-1.c integer constant (test for warnings, line 15)
FAIL: gcc.dg/wtr-int-type-1.c decimal constant (test for warnings, line 23)
FAIL: alias-1.c
FAIL: wkali-1.c
FAIL: wkali-2b.o
FAIL: linkage.c

		=== gcc Summary for unix/-mabi=64 ===

# of expected passes		13735
# of unexpected failures	73
# of unexpected successes	5
# of expected failures		67
# of unresolved testcases	16
# of unsupported tests		45

		=== gcc Summary ===

# of expected passes		27492
# of unexpected failures	131
# of unexpected successes	10
# of expected failures		134
# of unresolved testcases	25
# of unsupported tests		90
/exd4/billingd/obj/egcs-20000904-parallel/gcc/xgcc version 2.96 20000904
(experimental)

		=== g77 tests ===


Running target unix
FAIL: g77.f-torture/execute/short.f execution,  -Os 

		=== g77 Summary for unix ===

# of expected passes		982
# of unexpected failures	1

Running target unix/-mabi=64
FAIL: g77.f-torture/execute/short.f execution,  -Os 

		=== g77 Summary for unix/-mabi=64 ===

# of expected passes		982
# of unexpected failures	1

		=== g77 Summary ===

# of expected passes		1964
# of unexpected failures	2
		=== g++ tests ===


Running target unix
FAIL: g++.dg/special/conpr-1.C execution test
FAIL: g++.dg/special/conpr-2.C execution test
FAIL: g++.dg/special/conpr-3.C execution test
FAIL: g++.dg/special/conpr-3.C execution test
FAIL: g++.ext/initp1.C  Execution test
FAIL: g++.ext/instantiate1.C not instantiated (test for errors, line 18)
FAIL: g++.ext/instantiate1.C not instantiated (test for errors, line 20)
FAIL: g++.ext/instantiate2.C not instantiated (test for errors, line 16)
FAIL: g++.ext/instantiate3.C not instantiated (test for errors, line 13)
FAIL: g++.other/crash18.C (test for excess errors)
FAIL: g++.other/incomplete.C caused compiler crash
FAIL: g++.other/loop2.C caused compiler crash
FAIL: g++.pt/crash9.C caused compiler crash

		=== g++ Summary for unix ===

# of expected passes		5970
# of unexpected failures	13
# of expected failures		98
# of untested testcases		18

Running target unix/-mabi=64
FAIL: g++.dg/special/conpr-1.C execution test
FAIL: g++.dg/special/conpr-2.C execution test
FAIL: g++.dg/special/conpr-3.C execution test
FAIL: g++.dg/special/conpr-3.C execution test
FAIL: g++.eh/badalloc1.C  Execution test
FAIL: g++.ext/initp1.C  Execution test
FAIL: g++.ext/instantiate1.C not instantiated (test for errors, line 18)
FAIL: g++.ext/instantiate1.C not instantiated (test for errors, line 20)
FAIL: g++.ext/instantiate2.C not instantiated (test for errors, line 16)
FAIL: g++.ext/instantiate3.C not instantiated (test for errors, line 13)
FAIL: g++.other/crash18.C (test for excess errors)
FAIL: g++.other/incomplete.C caused compiler crash
FAIL: g++.other/loop2.C caused compiler crash
FAIL: g++.pt/crash9.C caused compiler crash

		=== g++ Summary for unix/-mabi=64 ===

# of expected passes		5969
# of unexpected failures	14
# of expected failures		98
# of untested testcases		18

		=== g++ Summary ===

# of expected passes		11939
# of unexpected failures	27
# of expected failures		196
# of untested testcases		36
/exd4/billingd/obj/egcs-20000904-parallel/gcc/testsuite/../g++ version 2.96
20000904 (experimental)

		=== libstdc++ tests ===


Running target unix-mabi=64
		=== libio tests ===


Running target unix-mabi=64

Compiler version: 2.96 20000904 (experimental) 
Platform: mips-sgi-irix6.5
configure flags: --host=mips-sgi-irix6.5 --enable-shared --enable-haifa
--enable-pthreads --prefix=/exd4/billingd/tmp/egcs-20000904
Counting all warnings,
there are 171 warnings in stage3 of this bootstrap.

Number of warnings per file:
  43 /exd4/billingd/src/egcs-20000904/include/getopt.h
  32 /exd4/billingd/src/egcs-20000904/gcc/combine.c
  15 /exd4/billingd/src/egcs-20000904/gcc/expr.c
  10 /exd4/billingd/src/egcs-20000904/gcc/intl/gettext.h
  10 /exd4/billingd/src/egcs-20000904/gcc/config/mips/mips.md
   9 /exd4/billingd/src/egcs-20000904/gcc/config/mips/mips.c
   7 /exd4/billingd/src/egcs-20000904/gcc/cse.c
   6 /exd4/billingd/src/egcs-20000904/gcc/crtstuff.c
   5 /exd4/billingd/src/egcs-20000904/gcc/gcc.c
   4 /exd4/billingd/src/egcs-20000904/gcc/loop.c
   4 /exd4/billingd/src/egcs-20000904/gcc/java/jcf-reader.c
   2 /exd4/billingd/src/egcs-20000904/include/md5.h
   2 /exd4/billingd/src/egcs-20000904/gcc/stmt.c
   2 /exd4/billingd/src/egcs-20000904/gcc/libgcc2.c
   2 /exd4/billingd/src/egcs-20000904/gcc/gcse.c
   2 /exd4/billingd/src/egcs-20000904/gcc/function.c
   2 /exd4/billingd/src/egcs-20000904/gcc/fold-const.c
   2 /exd4/billingd/src/egcs-20000904/gcc/cpplex.c
   2 /exd4/billingd/src/egcs-20000904/gcc/alias.c
   1 /exd4/billingd/src/egcs-20000904/gcc/reload1.c
   1 /exd4/billingd/src/egcs-20000904/gcc/recog.c
   1 /exd4/billingd/src/egcs-20000904/gcc/local-alloc.c
   1 /exd4/billingd/src/egcs-20000904/gcc/java/jvspec.c
   1 /exd4/billingd/src/egcs-20000904/gcc/f/lang-specs.h
   1 /exd4/billingd/src/egcs-20000904/gcc/final.c
   1 /exd4/billingd/src/egcs-20000904/gcc/expmed.c
   1 /exd4/billingd/src/egcs-20000904/gcc/dwarf2out.c
   1 /exd4/billingd/src/egcs-20000904/gcc/cp/error.c
   1 /exd4/billingd/src/egcs-20000904/gcc/cp/errfn.c

Number of warning types:
  52 comparison between signed and unsigned
  48 function declaration isn't a prototype
  18 signed and unsigned type in conditional expression
  14 traditional C rejects the \`???' suffix
   7 string length \`???' is greater than the minimum length \`???' ISO C89
is required to support
   6 operand 1 missing mode?
   6 no previous prototype for \`???'
   5 \`???' might be used uninitialized in this function
   4 \`???' defined but not used
   4 operand 0 missing mode?
   4 array subscript has type \`char'
   1 unused parameter \`???'
   1 pointer targets in passing arg ??? of \`???' differ in signedness
   1 alignment of \`???' is greater than maximum object file alignment.
Using 8.



More information about the Gcc-testresults mailing list