Results for 2.96 20000904 (experimental) testsuite on i586-pc-linux-gnu

Andris Pavenis andris@hal.astr.lu.lv
Mon Sep 4 22:13:00 GMT 2000


Source:   gcc mainline from CVS (last updated 2000 Sep 05  01:01  +0200)
System:   Linux kernel 2.4.0-test7
          glibc-2.1.3
          binutils-2.10.0.24
Addons:   libg++-2.8.1.3-20000816

Native configuration is i586-pc-linux-gnu

		=== libio tests ===


Running target unix
FAIL: hounddog.cc execution 
FAIL: hounddog.cc execution -b0
FAIL: hounddog.cc execution -b2
FAIL: putbackdog.cc execution 
FAIL: putbackdog.cc execution -b0
FAIL: putbackdog.cc execution -b2
FAIL: tFile.cc execution 
FAIL: tFile.cc execution -b0
FAIL: tFile.cc execution -b3
FAIL: tiomanip.cc output 
FAIL: tiomisc.cc execution 

		=== libio Summary ===

# of expected passes		19
# of unexpected failures	11
# of expected failures		10
		=== libstdc++ tests ===


Running target unix
FAIL: tcomplex.cc execution
FAIL: tcomplex.cc -O execution
FAIL: tlist.cc output
FAIL: tlist.cc -O output
FAIL: tmap.cc output
FAIL: tmap.cc -O output
FAIL: tstring.cc execution
FAIL: tstring.cc -O execution
FAIL: tvector.cc output
FAIL: tvector.cc -O output

		=== libstdc++ Summary ===

# of expected passes		16
# of unexpected failures	10
# of expected failures		4
		=== libg++ tests ===


Running target unix
FAIL: tBag.cc output
FAIL: tBitSet.cc execution
FAIL: tBitString.cc execution
FAIL: tRational.cc execution
FAIL: tDeque.cc output
FAIL: tFile.cc execution
FAIL: tFix.cc execution
FAIL: tFix16.cc execution
FAIL: tFix24.cc execution
FAIL: tGetOpt.cc execution
FAIL: tInteger.cc execution
FAIL: tLList.cc output
FAIL: tList.cc output
FAIL: tMap.cc output
FAIL: tObstack.cc execution
FAIL: tPQ.cc output
FAIL: tPlex.cc output
FAIL: tQueue.cc output
FAIL: tRandom.cc execution
FAIL: tSet.cc output
FAIL: tStack.cc output
FAIL: tString.cc execution
FAIL: tVec.cc output
FAIL: tiLList.cc execution

		=== libg++ Summary ===

# of expected passes		35
# of unexpected failures	24
# of expected failures		13
		=== gcc tests ===


Running target unix
FAIL: gcc.c-torture/execute/20000225-1.c execution,  -O2 
FAIL: gcc.c-torture/execute/20000225-1.c execution,  -O3 -fomit-frame-pointer 
FAIL: gcc.c-torture/execute/20000225-1.c execution,  -O3 -fomit-frame-pointer -funroll-loops 
FAIL: gcc.c-torture/execute/20000225-1.c execution,  -O3 -fomit-frame-pointer -funroll-all-loops -finline-functions 
FAIL: gcc.c-torture/execute/20000225-1.c execution,  -O3 -g 
FAIL: gcc.c-torture/execute/20000225-1.c execution,  -O3 -fssa 
FAIL: gcc.c-torture/execute/20000225-1.c execution,  -Os 
FAIL: gcc.c-torture/execute/20000731-2.c execution,  -O3 -fomit-frame-pointer -funroll-all-loops -finline-functions 
FAIL: gcc.c-torture/execute/20000801-1.c execution,  -O2 
FAIL: gcc.c-torture/execute/20000801-1.c execution,  -O3 -fomit-frame-pointer 
FAIL: gcc.c-torture/execute/20000801-1.c execution,  -O3 -fomit-frame-pointer -funroll-loops 
FAIL: gcc.c-torture/execute/20000801-1.c execution,  -O3 -fomit-frame-pointer -funroll-all-loops -finline-functions 
FAIL: gcc.c-torture/execute/20000801-1.c execution,  -O3 -g 
FAIL: gcc.c-torture/execute/20000801-1.c execution,  -Os 
FAIL: gcc.c-torture/execute/20000801-2.c execution,  -O3 -fomit-frame-pointer -funroll-all-loops -finline-functions 
FAIL: gcc.c-torture/execute/20000818-1.c compilation,  -O3 -fomit-frame-pointer -funroll-all-loops -finline-functions 
FAIL: gcc.c-torture/execute/960608-1.c execution,  -O3 -fomit-frame-pointer 
FAIL: gcc.c-torture/execute/960608-1.c execution,  -O3 -g 
FAIL: gcc.c-torture/execute/960608-1.c execution,  -O3 -fssa 
FAIL: gcc.dg/20000503-1.c (test for excess errors)
FAIL: gcc.dg/20000609-1.c execution test
FAIL: gcc.dg/20000614-1.c execution test
FAIL: gcc.dg/20000614-2.c execution test
FAIL: gcc.dg/20000724-1.c execution test
FAIL: gcc.dg/20000807-1.c (test for excess errors)
FAIL: gcc.dg/991214-1.c (test for excess errors)
XPASS: gcc.dg/c99-array-nonobj-1.c func [] var (test for errors, line 23)
FAIL: gcc.dg/c99-array-nonobj-1.c (test for excess errors)
FAIL: gcc.dg/format-va-1.c wrong type in format warning (test for bogus messages, line 11)
FAIL: gcc.dg/format-va-1.c format error (test for warnings, line 11)
FAIL: gcc.dg/noreturn-1.c this function should not get any warnings (test for bogus messages, line 52)
FAIL: gcc.dg/noreturn-1.c detect return from tail call (test for warnings, line 59)
FAIL: gcc.dg/noreturn-2.c noreturn does return (test for bogus messages, line 12)
FAIL: gcc.dg/return-type-2.c warning for falling off end of non-void function (test for bogus messages, line 24)
FAIL: gcc.dg/return-type-2.c warning for falling off end of non-void function (test for bogus messages, line 42)
FAIL: gcc.misc-tests/mg.c

		=== gcc Summary ===

# of expected passes		12635
# of unexpected failures	35
# of unexpected successes	1
# of expected failures		78
# of unresolved testcases	1
# of unsupported tests		18
/disk2/cvs/egcs-curr/build/build.lnx/gcc/xgcc version 2.96 20000904 (experimental)

		=== g++ tests ===


Running target unix
FAIL: g++.brendan/code-gen1.C  Execution test
FAIL: g++.brendan/code-gen2.C  Execution test
FAIL: g++.brendan/code-gen3.C  Execution test
FAIL: g++.brendan/code-gen4.C  Execution test
FAIL: g++.brendan/code-gen6.C  Execution test
FAIL: g++.brendan/copy1.C  Execution test
FAIL: g++.brendan/copy2.C  Execution test
FAIL: g++.brendan/copy3.C  Execution test
FAIL: g++.brendan/copy4.C  Execution test
FAIL: g++.brendan/copy5.C  Execution test
FAIL: g++.brendan/copy6.C  Execution test
FAIL: g++.brendan/copy7.C  Execution test
FAIL: g++.brendan/copy8.C  Execution test
FAIL: g++.brendan/ctors1.C  Execution test
FAIL: g++.brendan/ctors2.C  Execution test
FAIL: g++.brendan/delete2.C  Execution test
FAIL: g++.brendan/dtors1.C  Execution test
FAIL: g++.brendan/dtors2.C  Execution test
FAIL: g++.brendan/dtors3.C  Execution test
FAIL: g++.brendan/eh1.C  Execution test
FAIL: g++.brendan/groff1.C  Execution test
FAIL: g++.brendan/init3.C  Execution test
FAIL: g++.brendan/misc7.C  Execution test
FAIL: g++.brendan/nest21.C  Execution test
FAIL: g++.brendan/new2.C  Execution test
FAIL: g++.brendan/new3.C  Execution test
FAIL: g++.brendan/operators5.C  Execution test
FAIL: g++.brendan/overload2.C  Execution test
FAIL: g++.brendan/overload7.C  Execution test
FAIL: g++.brendan/redecl2.C  Execution test
FAIL: g++.brendan/reference1.C  Execution test
FAIL: g++.brendan/sizeof5.C  Execution test
FAIL: g++.brendan/template22.C  Execution test
FAIL: g++.brendan/template24.C  Execution test
FAIL: g++.brendan/template3.C  Execution test
FAIL: g++.brendan/vtables1.C  Execution test
FAIL: g++.eh/badalloc1.C  Execution test
FAIL: g++.eh/catch11.C  Execution test
FAIL: g++.eh/catch12.C  Execution test
FAIL: g++.eh/catch3.C  Execution test
FAIL: g++.eh/catch3p.C  Execution test
FAIL: g++.eh/catch4.C  Execution test
FAIL: g++.eh/catch4p.C  Execution test
FAIL: g++.eh/catch5.C  Execution test
FAIL: g++.eh/catch5p.C  Execution test
FAIL: g++.eh/catch6.C  Execution test
FAIL: g++.eh/catch6p.C  Execution test
FAIL: g++.eh/catch7.C  Execution test
FAIL: g++.eh/catch7p.C  Execution test
FAIL: g++.eh/catch8.C  Execution test
FAIL: g++.eh/catch8p.C  Execution test
FAIL: g++.eh/catch9.C  Execution test
FAIL: g++.eh/catch9p.C  Execution test
FAIL: g++.eh/catchptr1.C  Execution test
FAIL: g++.eh/cleanup1.C  Execution test
FAIL: g++.eh/cleanup2.C  Execution test
FAIL: g++.eh/flow1.C  Execution test
FAIL: g++.eh/fntry1.C  Execution test
FAIL: g++.eh/new1.C  Execution test
FAIL: g++.eh/new2.C  Execution test
FAIL: g++.eh/pdel1.C  Execution test
FAIL: g++.eh/pdel2.C  Execution test
FAIL: g++.eh/ptr1.C  Execution test
FAIL: g++.eh/rethrow1.C  Execution test
FAIL: g++.eh/rethrow2.C  Execution test
FAIL: g++.eh/rethrow3.C  Execution test
FAIL: g++.eh/rethrow4.C  Execution test
FAIL: g++.eh/rethrow5.C  Execution test
FAIL: g++.eh/rethrow6.C  Execution test
FAIL: g++.eh/spec1.C  Execution test
FAIL: g++.eh/spec2.C  Execution test
FAIL: g++.eh/spec3.C  Execution test
FAIL: g++.eh/spec4.C  Execution test
FAIL: g++.eh/tmpl1.C  Execution test
FAIL: g++.eh/unwind1.C  Execution test
FAIL: g++.eh/vbase1.C  Execution test
FAIL: g++.eh/vbase2.C  Execution test
FAIL: g++.eh/vbase4.C  Execution test
FAIL: g++.ext/default.C  Execution test
FAIL: g++.ext/instantiate1.C not instantiated (test for errors, line 18)
FAIL: g++.ext/instantiate1.C not instantiated (test for errors, line 20)
FAIL: g++.ext/pretty2.C  Execution test
FAIL: g++.ext/pretty3.C  Execution test
FAIL: g++.jason/cleanup.C  Execution test
FAIL: g++.jason/cond2.C  Execution test
FAIL: g++.jason/conversion6.C  Execution test
FAIL: g++.jason/dcast3.C  Execution test
FAIL: g++.jason/defctor.C  Execution test
FAIL: g++.jason/groff1.C  Execution test
FAIL: g++.jason/inline3.C  Execution test
FAIL: g++.jason/opeq5.C  Execution test
FAIL: g++.jason/parse10.C  Execution test
FAIL: g++.jason/static1.C  Execution test
FAIL: g++.jason/template26.C  Execution test
FAIL: g++.jason/template41.C  Execution test
FAIL: g++.jason/temporary3.C  Execution test
FAIL: g++.jason/temporary8.C  Execution test
FAIL: g++.jason/typeid2.C  Execution test
FAIL: g++.law/arg7.C  Execution test
FAIL: g++.law/arg8.C  Execution test
FAIL: g++.law/arm13.C  Execution test
FAIL: g++.law/arm15.C  Execution test
FAIL: g++.law/arm4.C  Execution test
FAIL: g++.law/arm5.C  Execution test
FAIL: g++.law/arm7.C  Execution test
FAIL: g++.law/array1.C  Execution test
FAIL: g++.law/bit-fields2.C  Execution test
FAIL: g++.law/builtin1.C  Execution test
FAIL: g++.law/code-gen1.C  Execution test
FAIL: g++.law/code-gen2.C  Execution test
FAIL: g++.law/code-gen4.C  Execution test
FAIL: g++.law/code-gen5.C  Execution test
FAIL: g++.law/copy1.C  Execution test
FAIL: g++.law/ctors12.C  Execution test
FAIL: g++.law/ctors15.C  Execution test
FAIL: g++.law/ctors16.C  Execution test
FAIL: g++.law/ctors2.C  Execution test
FAIL: g++.law/ctors4.C  Execution test
FAIL: g++.law/ctors8.C  Execution test
FAIL: g++.law/cvt12.C  Execution test
FAIL: g++.law/cvt2.C  Execution test
FAIL: g++.law/cvt4.C  Execution test
FAIL: g++.law/cvt7.C  Execution test
FAIL: g++.law/dtors2.C  Execution test
FAIL: g++.law/dtors3.C  Execution test
FAIL: g++.law/dtors4.C  Execution test
FAIL: g++.law/dtors5.C  Execution test
FAIL: g++.law/enum9.C  Execution test
FAIL: g++.law/global-init1.C  Execution test
FAIL: g++.law/init11.C  Execution test
FAIL: g++.law/init14.C  Execution test
FAIL: g++.law/init9.C  Execution test
FAIL: g++.law/inline4.C  Execution test
FAIL: g++.law/operators15.C  Execution test
FAIL: g++.law/operators16.C  Execution test
FAIL: g++.law/operators23.C  Execution test
FAIL: g++.law/operators27.C  Execution test
FAIL: g++.law/operators30.C  Execution test
FAIL: g++.law/operators8.C  Execution test
FAIL: g++.law/profile1.C  Execution test
FAIL: g++.law/refs1.C  Execution test
FAIL: g++.law/scope2.C  Execution test
FAIL: g++.law/temps2.C  Execution test
FAIL: g++.law/temps3.C  Execution test
FAIL: g++.law/temps5.C  Execution test
FAIL: g++.law/temps6.C  Execution test
FAIL: g++.law/virtual2.C  Execution test
FAIL: g++.law/virtual3.C  Execution test
FAIL: g++.law/virtual4.C  Execution test
FAIL: g++.law/vtable3.C  Execution test
FAIL: g++.martin/new1.C  Execution test
FAIL: g++.mike/asm2.C  Execution test
FAIL: g++.mike/dyncast1.C  Execution test
FAIL: g++.mike/dyncast2.C  Execution test
FAIL: g++.mike/dyncast3.C  Execution test
FAIL: g++.mike/dyncast7.C  Execution test
FAIL: g++.mike/dyncast8.C  Execution test
FAIL: g++.mike/dyncast9.C  Execution test
FAIL: g++.mike/eh10.C  Execution test
FAIL: g++.mike/eh12.C  Execution test
FAIL: g++.mike/eh14.C  Execution test
FAIL: g++.mike/eh16.C  Execution test
FAIL: g++.mike/eh17.C  Execution test
FAIL: g++.mike/eh18.C  Execution test
FAIL: g++.mike/eh2.C  Execution test
FAIL: g++.mike/eh21.C  Execution test
FAIL: g++.mike/eh23.C  Execution test
FAIL: g++.mike/eh24.C  Execution test
FAIL: g++.mike/eh25.C  Execution test
FAIL: g++.mike/eh26.C  Execution test
FAIL: g++.mike/eh27.C  Execution test
FAIL: g++.mike/eh28.C  Execution test
FAIL: g++.mike/eh29.C  Execution test
FAIL: g++.mike/eh3.C  Execution test
FAIL: g++.mike/eh31.C  Execution test
FAIL: g++.mike/eh33.C  Execution test
FAIL: g++.mike/eh34.C  Execution test
FAIL: g++.mike/eh35.C  Execution test
FAIL: g++.mike/eh36.C  Execution test
FAIL: g++.mike/eh37.C  Execution test
FAIL: g++.mike/eh38.C  Execution test
FAIL: g++.mike/eh39.C  Execution test
FAIL: g++.mike/eh40.C  Execution test
FAIL: g++.mike/eh41.C  Execution test
FAIL: g++.mike/eh42.C  Execution test
FAIL: g++.mike/eh44.C  Execution test
FAIL: g++.mike/eh47.C  Execution test
FAIL: g++.mike/eh48.C  Execution test
FAIL: g++.mike/eh49.C  Execution test
FAIL: g++.mike/eh5.C  Execution test
FAIL: g++.mike/eh50.C  Execution test
FAIL: g++.mike/eh51.C  Execution test
FAIL: g++.mike/eh55.C  Execution test
FAIL: g++.mike/eh6.C  Execution test
FAIL: g++.mike/eh8.C  Execution test
FAIL: g++.mike/misc1.C  Execution test
FAIL: g++.mike/misc13.C  Execution test
FAIL: g++.mike/misc14.C  Execution test
FAIL: g++.mike/net16.C  Execution test
FAIL: g++.mike/net17.C  Execution test
FAIL: g++.mike/net21.C  Execution test
FAIL: g++.mike/net26.C  Execution test
FAIL: g++.mike/net35.C  Execution test
FAIL: g++.mike/offset1.C  Execution test
FAIL: g++.mike/p11667.C  Execution test
FAIL: g++.mike/p1248.C  Execution test
FAIL: g++.mike/p1567.C  Execution test
FAIL: g++.mike/p16146.C  Execution test
FAIL: g++.mike/p1862.C  Execution test
FAIL: g++.mike/p2846.C  Execution test
FAIL: g++.mike/p2846a.C  Execution test
FAIL: g++.mike/p2846b.C  Execution test
FAIL: g++.mike/p2960.C  Execution test
FAIL: g++.mike/p3060d.C  Execution test
FAIL: g++.mike/p3068.C  Execution test
FAIL: g++.mike/p3139.C  Execution test
FAIL: g++.mike/p3570.C  Execution test
FAIL: g++.mike/p3579.C  Execution test
FAIL: g++.mike/p3708.C  Execution test
FAIL: g++.mike/p3708a.C  Execution test
FAIL: g++.mike/p3708b.C  Execution test
FAIL: g++.mike/p786.C  Execution test
FAIL: g++.mike/p789.C  Execution test
FAIL: g++.mike/p789a.C  Execution test
FAIL: g++.mike/p7912.C  Execution test
FAIL: g++.mike/p9706.C  Execution test
FAIL: g++.mike/pmf2.C  Execution test
FAIL: g++.mike/temp.C  Execution test
FAIL: g++.mike/thunk2.C  Execution test
FAIL: g++.niklas/t140.C  Execution test
FAIL: g++.other/array1.C  Execution test
FAIL: g++.other/dyncast1.C  Execution test
FAIL: g++.other/dyncast2.C  Execution test
FAIL: g++.other/dyncast3.C  Execution test
FAIL: g++.other/dyncast4.C  Execution test
FAIL: g++.other/dyncast5.C  Execution test
FAIL: g++.other/dyncast6.C  Execution test
FAIL: g++.other/init11.C  Execution test
FAIL: g++.other/init7.C  Execution test
FAIL: g++.other/loop2.C caused compiler crash
FAIL: g++.other/rtti1.C  Execution test
FAIL: g++.other/rtti2.C  Execution test
FAIL: g++.other/rtti3.C  Execution test
FAIL: g++.other/rtti4.C  Execution test
FAIL: g++.other/rttid3.C  Execution test
FAIL: g++.other/rttid4.C  Execution test
FAIL: g++.other/singleton.C  Execution test
FAIL: g++.other/temporary1.C  Execution test
FAIL: g++.other/vbase2.C  Execution test
FAIL: g++.other/virtual8.C  Execution test
FAIL: g++.other/vtbl2.C  Execution test
FAIL: g++.pt/fntry1.C  Execution test
FAIL: g++.pt/memclass4.C  Execution test
FAIL: g++.pt/t16.C  Execution test
FAIL: g++.pt/t39.C  Execution test
FAIL: g++.pt/tiemann2.C  Execution test
FAIL: g++.robertl/eb31.C  Execution test
FAIL: g++.robertl/eb33.C  Execution test
FAIL: g++.robertl/eb41.C  Execution test
FAIL: g++.robertl/eb46.C  Execution test
FAIL: g++.robertl/eb50.C  Execution test
FAIL: g++.robertl/eb54.C  Execution test
FAIL: g++.robertl/eb63.C  Execution test
FAIL: g++.robertl/eb66.C  Execution test
FAIL: g++.robertl/eb77.C  Execution test
FAIL: g++.robertl/eb88.C  Execution test
FAIL: g++.robertl/eh990323-1.C  Execution test
FAIL: g++.robertl/eh990323-2.C  Execution test
FAIL: g++.robertl/eh990323-3.C  Execution test
FAIL: g++.robertl/eh990323-4.C  Execution test
FAIL: g++.robertl/eh990323-5.C  Execution test
FAIL: g++.robertl/ice990323-2.C  Execution test

		=== g++ Summary ===

# of expected passes		5732
# of unexpected failures	272
# of expected failures		95
# of untested testcases		8
/disk2/cvs/egcs-curr/build/build.lnx/gcc/testsuite/../g++ version 2.96 20000904 (experimental)

		=== g77 tests ===


Running target unix
FAIL: g77.f-torture/compile/20000629-1.f,  -O2 -fomit-frame-pointer -finline-functions -funroll-loops  
FAIL: g77.f-torture/compile/20000629-1.f,  -O2 -fomit-frame-pointer -finline-functions -funroll-all-loops  
FAIL: g77.f-torture/execute/short.f execution,  -Os 

		=== g77 Summary ===

# of expected passes		980
# of unexpected failures	3
		=== objc tests ===


Running target unix

		=== objc Summary ===

# of expected passes		44
/disk2/cvs/egcs-curr/build/build.lnx/gcc/xgcc version 2.96 20000904 (experimental)


Compiler version: 2.96 20000904 (experimental) 
Platform: i586-pc-linux-gnu
configure flags: --host=i586-pc-linux-gnu --enable-shared --with-gnu-ld --verbose

Counting all warnings,
there are 107 warnings in stage3 of this bootstrap.

Number of warnings per file:
     33	../../egcs/gcc/combine.c
     17	../../egcs/gcc/expr.c
     10	../../egcs/gcc/reg-stack.c
     10	../../../egcs/gcc/intl/gettext.h
      6	../../egcs/gcc/cse.c
      4	../../egcs/gcc/loop.c
      4	../../../egcs/gcc/java/jcf-reader.c
      2	../../egcs/include/md5.h
      2	../../egcs/gcc/libgcc2.c
      2	../../egcs/gcc/gcse.c
      2	../../egcs/gcc/gcc.c
      2	../../egcs/gcc/function.c
      2	../../egcs/gcc/fold-const.c
      2	../../egcs/gcc/cpplex.c
      2	../../egcs/gcc/alias.c
      1	../../egcs/gcc/java/jvspec.c
      1	../../egcs/gcc/final.c
      1	../../egcs/gcc/f/lang-specs.h
      1	../../egcs/gcc/expmed.c
      1	../../egcs/gcc/dwarfout.c
      1	../../../egcs/gcc/cp/error.c
      1	../../../egcs/gcc/cp/errfn.c

Number of warning types:
     63	comparison between signed and unsigned
     14	traditional C rejects the `???' suffix
     10	signed and unsigned type in conditional expression
      5	function declaration isn't a prototype
      4	string length `???' is greater than the minimum length `???' ISO C89 is required to support
      4	`???' defined but not used
      3	`???' might be used uninitialized in this function
      1	unused parameter `???'
      1	pointer targets in passing arg ??? of `???' differ in signedness
      1	passing arg ??? of `???' discards qualifiers from pointer target type
      1	no previous prototype for `???'


More information about the Gcc-testresults mailing list