Results for 2.97 20001024 (experimental) testsuite on i686-pc-linux-gnu
Kaveh R. Ghazi
ghazi@caip.rutgers.edu
Wed Oct 25 07:19:00 GMT 2000
Native configuration is i686-pc-linux-gnu
=== libio tests ===
Running target unix/-fPIC
=== libio Summary for unix/-fPIC ===
# of expected passes 40
Running target unix/-fpic
=== libio Summary for unix/-fpic ===
# of expected passes 40
Running target unix
=== libio Summary for unix ===
# of expected passes 40
=== libio Summary ===
# of expected passes 120
=== libstdc++ tests ===
Running target unix/-fPIC
=== libstdc++ Summary for unix/-fPIC ===
# of expected passes 30
Running target unix/-fpic
=== libstdc++ Summary for unix/-fpic ===
# of expected passes 30
Running target unix
=== libstdc++ Summary for unix ===
# of expected passes 30
=== libstdc++ Summary ===
# of expected passes 90
=== gcc tests ===
Running target unix/-fPIC
FAIL: gcc.c-torture/compile/20000804-1.c, -O0
FAIL: gcc.c-torture/execute/20000205-1.c execution, -O1
FAIL: gcc.c-torture/execute/20000205-1.c execution, -O2
FAIL: gcc.c-torture/execute/20000205-1.c execution, -O3 -fomit-frame-pointer
FAIL: gcc.c-torture/execute/20000205-1.c execution, -O3 -fomit-frame-pointer -funroll-loops
FAIL: gcc.c-torture/execute/20000205-1.c execution, -O3 -fomit-frame-pointer -funroll-all-loops -finline-functions
FAIL: gcc.c-torture/execute/20000205-1.c execution, -O3 -g
FAIL: gcc.c-torture/execute/20000205-1.c execution, -O3 -fssa
FAIL: gcc.c-torture/execute/20000205-1.c execution, -Os
FAIL: gcc.c-torture/execute/20001009-1.c execution, -O1
FAIL: gcc.c-torture/execute/20001009-1.c execution, -O2
FAIL: gcc.c-torture/execute/20001009-1.c execution, -O3 -fomit-frame-pointer
FAIL: gcc.c-torture/execute/20001009-1.c execution, -O3 -g
FAIL: gcc.c-torture/execute/20001009-1.c execution, -O3 -fssa
FAIL: gcc.c-torture/execute/20001009-1.c execution, -Os
FAIL: gcc.c-torture/execute/20001009-2.c execution, -O0
FAIL: gcc.c-torture/execute/20001009-2.c execution, -O1
FAIL: gcc.c-torture/execute/20001009-2.c execution, -O2
FAIL: gcc.c-torture/execute/20001009-2.c execution, -O3 -fomit-frame-pointer
FAIL: gcc.c-torture/execute/20001009-2.c execution, -O3 -fomit-frame-pointer -funroll-loops
FAIL: gcc.c-torture/execute/20001009-2.c execution, -O3 -fomit-frame-pointer -funroll-all-loops -finline-functions
FAIL: gcc.c-torture/execute/20001009-2.c execution, -O3 -g
FAIL: gcc.c-torture/execute/20001009-2.c execution, -O3 -fssa
FAIL: gcc.c-torture/execute/20001009-2.c execution, -Os
FAIL: gcc.c-torture/execute/20001011-1.c execution, -O0
FAIL: gcc.c-torture/execute/20001011-1.c execution, -O1
FAIL: gcc.c-torture/execute/20001011-1.c execution, -O2
FAIL: gcc.c-torture/execute/20001011-1.c execution, -O3 -fomit-frame-pointer
FAIL: gcc.c-torture/execute/20001011-1.c execution, -O3 -g
FAIL: gcc.c-torture/execute/20001011-1.c execution, -O3 -fssa
FAIL: gcc.c-torture/execute/20001011-1.c execution, -Os
FAIL: gcc.c-torture/execute/990127-2.c execution, -O3 -fomit-frame-pointer
FAIL: gcc.c-torture/execute/990127-2.c execution, -O3 -g
FAIL: gcc.c-torture/execute/990127-2.c execution, -O3 -fssa
FAIL: gcc.c-torture/execute/conversion.c execution, -O3 -fomit-frame-pointer
FAIL: gcc.c-torture/execute/conversion.c execution, -O3 -g
FAIL: gcc.c-torture/execute/conversion.c execution, -O3 -fssa
FAIL: gcc.dg/20000503-1.c (test for excess errors)
FAIL: gcc.dg/20000614-1.c execution test
FAIL: gcc.dg/20000614-2.c execution test
FAIL: gcc.dg/20000724-1.c execution test
FAIL: gcc.dg/991214-1.c (test for excess errors)
FAIL: gcc.dg/asm-names.c (test for excess errors)
FAIL: gcc.dg/c99-array-nonobj-1.c (test for excess errors)
FAIL: gcc.dg/format-va-1.c wrong type in format warning (test for bogus messages, line 11)
FAIL: gcc.dg/format-va-1.c format error (test for warnings, line 11)
FAIL: gcc.dg/sequence-pt-1.c bogus sequence point warning (test for bogus messages, line 49)
=== gcc Summary for unix/-fPIC ===
# of expected passes 14191
# of unexpected failures 47
# of expected failures 86
# of unsupported tests 22
Running target unix/-fpic
FAIL: gcc.c-torture/compile/20000804-1.c, -O0
FAIL: gcc.c-torture/execute/20000205-1.c execution, -O1
FAIL: gcc.c-torture/execute/20000205-1.c execution, -O2
FAIL: gcc.c-torture/execute/20000205-1.c execution, -O3 -fomit-frame-pointer
FAIL: gcc.c-torture/execute/20000205-1.c execution, -O3 -fomit-frame-pointer -funroll-loops
FAIL: gcc.c-torture/execute/20000205-1.c execution, -O3 -fomit-frame-pointer -funroll-all-loops -finline-functions
FAIL: gcc.c-torture/execute/20000205-1.c execution, -O3 -g
FAIL: gcc.c-torture/execute/20000205-1.c execution, -O3 -fssa
FAIL: gcc.c-torture/execute/20000205-1.c execution, -Os
FAIL: gcc.c-torture/execute/20001009-1.c execution, -O1
FAIL: gcc.c-torture/execute/20001009-1.c execution, -O2
FAIL: gcc.c-torture/execute/20001009-1.c execution, -O3 -fomit-frame-pointer
FAIL: gcc.c-torture/execute/20001009-1.c execution, -O3 -g
FAIL: gcc.c-torture/execute/20001009-1.c execution, -O3 -fssa
FAIL: gcc.c-torture/execute/20001009-1.c execution, -Os
FAIL: gcc.c-torture/execute/20001009-2.c execution, -O0
FAIL: gcc.c-torture/execute/20001009-2.c execution, -O1
FAIL: gcc.c-torture/execute/20001009-2.c execution, -O2
FAIL: gcc.c-torture/execute/20001009-2.c execution, -O3 -fomit-frame-pointer
FAIL: gcc.c-torture/execute/20001009-2.c execution, -O3 -fomit-frame-pointer -funroll-loops
FAIL: gcc.c-torture/execute/20001009-2.c execution, -O3 -fomit-frame-pointer -funroll-all-loops -finline-functions
FAIL: gcc.c-torture/execute/20001009-2.c execution, -O3 -g
FAIL: gcc.c-torture/execute/20001009-2.c execution, -O3 -fssa
FAIL: gcc.c-torture/execute/20001009-2.c execution, -Os
FAIL: gcc.c-torture/execute/20001011-1.c execution, -O0
FAIL: gcc.c-torture/execute/20001011-1.c execution, -O1
FAIL: gcc.c-torture/execute/20001011-1.c execution, -O2
FAIL: gcc.c-torture/execute/20001011-1.c execution, -O3 -fomit-frame-pointer
FAIL: gcc.c-torture/execute/20001011-1.c execution, -O3 -g
FAIL: gcc.c-torture/execute/20001011-1.c execution, -O3 -fssa
FAIL: gcc.c-torture/execute/20001011-1.c execution, -Os
FAIL: gcc.c-torture/execute/990127-2.c execution, -O3 -fomit-frame-pointer
FAIL: gcc.c-torture/execute/990127-2.c execution, -O3 -g
FAIL: gcc.c-torture/execute/990127-2.c execution, -O3 -fssa
FAIL: gcc.c-torture/execute/conversion.c execution, -O3 -fomit-frame-pointer
FAIL: gcc.c-torture/execute/conversion.c execution, -O3 -g
FAIL: gcc.c-torture/execute/conversion.c execution, -O3 -fssa
FAIL: gcc.dg/20000503-1.c (test for excess errors)
FAIL: gcc.dg/20000614-1.c execution test
FAIL: gcc.dg/20000614-2.c execution test
FAIL: gcc.dg/20000724-1.c execution test
FAIL: gcc.dg/991214-1.c (test for excess errors)
FAIL: gcc.dg/asm-names.c (test for excess errors)
FAIL: gcc.dg/c99-array-nonobj-1.c (test for excess errors)
FAIL: gcc.dg/format-va-1.c wrong type in format warning (test for bogus messages, line 11)
FAIL: gcc.dg/format-va-1.c format error (test for warnings, line 11)
FAIL: gcc.dg/sequence-pt-1.c bogus sequence point warning (test for bogus messages, line 49)
=== gcc Summary for unix/-fpic ===
# of expected passes 14191
# of unexpected failures 47
# of expected failures 86
# of unsupported tests 22
Running target unix
FAIL: gcc.c-torture/execute/20001009-1.c execution, -O1
FAIL: gcc.c-torture/execute/20001009-1.c execution, -O2
FAIL: gcc.c-torture/execute/20001009-1.c execution, -O3 -fomit-frame-pointer
FAIL: gcc.c-torture/execute/20001009-1.c execution, -O3 -g
FAIL: gcc.c-torture/execute/20001009-1.c execution, -O3 -fssa
FAIL: gcc.c-torture/execute/20001009-1.c execution, -Os
FAIL: gcc.c-torture/execute/20001009-2.c execution, -O0
FAIL: gcc.c-torture/execute/20001009-2.c execution, -O1
FAIL: gcc.c-torture/execute/20001009-2.c execution, -O2
FAIL: gcc.c-torture/execute/20001009-2.c execution, -O3 -fomit-frame-pointer
FAIL: gcc.c-torture/execute/20001009-2.c execution, -O3 -fomit-frame-pointer -funroll-loops
FAIL: gcc.c-torture/execute/20001009-2.c execution, -O3 -fomit-frame-pointer -funroll-all-loops -finline-functions
FAIL: gcc.c-torture/execute/20001009-2.c execution, -O3 -g
FAIL: gcc.c-torture/execute/20001009-2.c execution, -O3 -fssa
FAIL: gcc.c-torture/execute/20001009-2.c execution, -Os
FAIL: gcc.c-torture/execute/20001011-1.c execution, -O0
FAIL: gcc.c-torture/execute/20001011-1.c execution, -O1
FAIL: gcc.c-torture/execute/20001011-1.c execution, -O2
FAIL: gcc.c-torture/execute/20001011-1.c execution, -O3 -fomit-frame-pointer
FAIL: gcc.c-torture/execute/20001011-1.c execution, -O3 -g
FAIL: gcc.c-torture/execute/20001011-1.c execution, -O3 -fssa
FAIL: gcc.c-torture/execute/20001011-1.c execution, -Os
FAIL: gcc.c-torture/execute/loop-2b.c execution, -O2
FAIL: gcc.dg/20000503-1.c (test for excess errors)
FAIL: gcc.dg/20000614-1.c execution test
FAIL: gcc.dg/20000614-2.c execution test
FAIL: gcc.dg/20000724-1.c execution test
FAIL: gcc.dg/991214-1.c (test for excess errors)
FAIL: gcc.dg/c99-array-nonobj-1.c (test for excess errors)
FAIL: gcc.dg/format-va-1.c wrong type in format warning (test for bogus messages, line 11)
FAIL: gcc.dg/format-va-1.c format error (test for warnings, line 11)
FAIL: gcc.dg/sequence-pt-1.c bogus sequence point warning (test for bogus messages, line 49)
FAIL: gcc.dg/special/weak-1.c execution test
=== gcc Summary for unix ===
# of expected passes 14205
# of unexpected failures 33
# of expected failures 86
# of unsupported tests 22
=== gcc Summary ===
# of expected passes 42587
# of unexpected failures 127
# of expected failures 258
# of unsupported tests 66
/home/ghazi/gcc-testing/test/gcc/xgcc version 2.97 20001024 (experimental)
=== g++ tests ===
Running target unix/-fPIC
FAIL: g++.dg/special/conpr-1.C execution test
FAIL: g++.dg/special/conpr-2.C execution test
FAIL: g++.dg/special/conpr-3.C execution test
FAIL: g++.dg/special/conpr-3.C execution test
FAIL: g++.ext/initp1.C Execution test
FAIL: g++.other/crash18.C (test for excess errors)
FAIL: g++.other/loop2.C caused compiler crash
FAIL: g++.pt/asm1.C (test for excess errors)
FAIL: g++.pt/asm2.C (test for excess errors)
=== g++ Summary for unix/-fPIC ===
# of expected passes 6046
# of unexpected failures 9
# of expected failures 94
# of untested testcases 8
Running target unix/-fpic
FAIL: g++.dg/special/conpr-1.C execution test
FAIL: g++.dg/special/conpr-2.C execution test
FAIL: g++.dg/special/conpr-3.C execution test
FAIL: g++.dg/special/conpr-3.C execution test
FAIL: g++.ext/initp1.C Execution test
FAIL: g++.other/crash18.C (test for excess errors)
FAIL: g++.other/loop2.C caused compiler crash
FAIL: g++.pt/asm1.C (test for excess errors)
FAIL: g++.pt/asm2.C (test for excess errors)
=== g++ Summary for unix/-fpic ===
# of expected passes 6046
# of unexpected failures 9
# of expected failures 94
# of untested testcases 8
Running target unix
FAIL: g++.dg/special/conpr-1.C execution test
FAIL: g++.dg/special/conpr-2.C execution test
FAIL: g++.dg/special/conpr-3.C execution test
FAIL: g++.dg/special/conpr-3.C execution test
FAIL: g++.ext/initp1.C Execution test
FAIL: g++.ext/instantiate1.C not instantiated (test for errors, line 18)
FAIL: g++.ext/instantiate1.C not instantiated (test for errors, line 20)
FAIL: g++.other/crash18.C (test for excess errors)
FAIL: g++.other/loop2.C caused compiler crash
=== g++ Summary for unix ===
# of expected passes 6046
# of unexpected failures 9
# of expected failures 94
# of untested testcases 8
=== g++ Summary ===
# of expected passes 18138
# of unexpected failures 27
# of expected failures 282
# of untested testcases 24
/home/ghazi/gcc-testing/test/gcc/testsuite/../g++ version 2.97 20001024 (experimental)
=== g77 tests ===
Running target unix/-fPIC
=== g77 Summary for unix/-fPIC ===
# of expected passes 992
Running target unix/-fpic
=== g77 Summary for unix/-fpic ===
# of expected passes 992
Running target unix
FAIL: g77.f-torture/execute/short.f execution, -Os
=== g77 Summary for unix ===
# of expected passes 991
# of unexpected failures 1
=== g77 Summary ===
# of expected passes 2975
# of unexpected failures 1
=== objc tests ===
Running target unix/-fPIC
FAIL: objc/execute/np-1.m compilation, -O
FAIL: objc/execute/np-2.m compilation, -O
=== objc Summary for unix/-fPIC ===
# of expected passes 44
# of unexpected failures 2
# of untested testcases 2
Running target unix/-fpic
FAIL: objc/execute/np-1.m compilation, -O
FAIL: objc/execute/np-2.m compilation, -O
=== objc Summary for unix/-fpic ===
# of expected passes 44
# of unexpected failures 2
# of untested testcases 2
Running target unix
FAIL: objc/execute/np-1.m compilation, -O
FAIL: objc/execute/np-2.m compilation, -O
=== objc Summary for unix ===
# of expected passes 44
# of unexpected failures 2
# of untested testcases 2
=== objc Summary ===
# of expected passes 132
# of unexpected failures 6
# of untested testcases 6
/home/ghazi/gcc-testing/test/gcc/xgcc version 2.97 20001024 (experimental)
Compiler version: 2.97 20001024 (experimental)
Platform: i686-pc-linux-gnu
configure flags: --host=i686-pc-linux-gnu --verbose
BOOT_CFLAGS=-g -O2 -W -Wall -Wtraditional -Wstrict-prototypes -Wmissing-prototypes -Wmissing-declarations -Wwrite-strings -Wmissing-noreturn -Wcast-qual -Wbad-function-cast -Wpointer-arith -Wfloat-equal -Wformat=2
More information about the Gcc-testresults
mailing list