Results for 2.97 20001023 (experimental) testsuite on sparc-sun-solaris2.6
Alexandre Oliva
oliva@ic.unicamp.br
Wed Oct 25 00:53:00 GMT 2000
Native configuration is sparc-sun-solaris2.6
=== binutils tests ===
Running target unix
=== binutils Summary ===
# of expected passes 26
=== g++ tests ===
Running target unix
FAIL: g++.ext/instantiate1.C not instantiated (test for errors, line 18)
FAIL: g++.ext/instantiate1.C not instantiated (test for errors, line 20)
FAIL: g++.other/loop2.C caused compiler crash
=== g++ Summary ===
# of expected passes 6039
# of unexpected failures 3
# of expected failures 93
# of untested testcases 16
/tmp/egcs/gcc/testsuite/../g++ version 2.97 20001023 (experimental)
=== g77 tests ===
Running target unix
=== g77 Summary ===
# of expected passes 992
=== gas tests ===
Running target unix
=== gas Summary ===
# of expected passes 73
=== gcc tests ===
Running target unix
FAIL: gcc.c-torture/compile/20000606-1.c, -O0
FAIL: gcc.c-torture/compile/20000606-1.c, -O1
FAIL: gcc.c-torture/compile/20000606-1.c, -O2
FAIL: gcc.c-torture/compile/20000606-1.c, -O3 -fomit-frame-pointer
FAIL: gcc.c-torture/compile/20000606-1.c, -O3 -g
FAIL: gcc.c-torture/compile/20000606-1.c, -O3 -fssa
FAIL: gcc.c-torture/compile/20000606-1.c, -Os
FAIL: gcc.c-torture/execute/20001009-2.c execution, -O0
FAIL: gcc.c-torture/execute/20001009-2.c execution, -O1
FAIL: gcc.c-torture/execute/20001009-2.c execution, -O2
FAIL: gcc.c-torture/execute/20001009-2.c execution, -O3 -fomit-frame-pointer
FAIL: gcc.c-torture/execute/20001009-2.c execution, -O3 -fomit-frame-pointer -funroll-loops
FAIL: gcc.c-torture/execute/20001009-2.c execution, -O3 -fomit-frame-pointer -funroll-all-loops -finline-functions
FAIL: gcc.c-torture/execute/20001009-2.c execution, -O3 -g
FAIL: gcc.c-torture/execute/20001009-2.c execution, -O3 -fssa
FAIL: gcc.c-torture/execute/20001009-2.c execution, -Os
FAIL: gcc.c-torture/execute/20001011-1.c execution, -O0
FAIL: gcc.c-torture/execute/20001011-1.c execution, -O1
FAIL: gcc.c-torture/execute/20001011-1.c execution, -O2
FAIL: gcc.c-torture/execute/20001011-1.c execution, -O3 -fomit-frame-pointer
FAIL: gcc.c-torture/execute/20001011-1.c execution, -O3 -g
FAIL: gcc.c-torture/execute/20001011-1.c execution, -O3 -fssa
FAIL: gcc.c-torture/execute/20001011-1.c execution, -Os
FAIL: gcc.c-torture/execute/930622-2.c execution, -O0
FAIL: gcc.c-torture/execute/930622-2.c execution, -O1
FAIL: gcc.c-torture/execute/930622-2.c execution, -O2
FAIL: gcc.c-torture/execute/930622-2.c execution, -O3 -fomit-frame-pointer
FAIL: gcc.c-torture/execute/930622-2.c execution, -O3 -g
FAIL: gcc.c-torture/execute/930622-2.c execution, -O3 -fssa
FAIL: gcc.c-torture/execute/930622-2.c execution, -Os
FAIL: gcc.c-torture/execute/960215-1.c execution, -O1
FAIL: gcc.c-torture/execute/960513-1.c execution, -O1
FAIL: gcc.c-torture/execute/regstack-1.c execution, -O1
FAIL: gcc.c-torture/execute/va-arg-12.c execution, -O1
FAIL: gcc.c-torture/execute/va-arg-12.c execution, -O2
FAIL: gcc.c-torture/execute/va-arg-12.c execution, -O3 -fomit-frame-pointer
FAIL: gcc.c-torture/execute/va-arg-12.c execution, -O3 -g
FAIL: gcc.c-torture/execute/va-arg-12.c execution, -O3 -fssa
FAIL: gcc.c-torture/execute/va-arg-12.c execution, -Os
FAIL: gcc.c-torture/execute/va-arg-15.c execution, -O1
FAIL: gcc.c-torture/execute/va-arg-15.c execution, -O2
FAIL: gcc.c-torture/execute/va-arg-15.c execution, -O3 -fomit-frame-pointer
FAIL: gcc.c-torture/execute/va-arg-15.c execution, -O3 -fomit-frame-pointer -funroll-loops
FAIL: gcc.c-torture/execute/va-arg-15.c execution, -O3 -fomit-frame-pointer -funroll-all-loops -finline-functions
FAIL: gcc.c-torture/execute/va-arg-15.c execution, -O3 -g
FAIL: gcc.c-torture/execute/va-arg-15.c execution, -O3 -fssa
FAIL: gcc.c-torture/execute/va-arg-15.c execution, -Os
FAIL: gcc.c-torture/execute/va-arg-16.c execution, -O1
FAIL: gcc.c-torture/execute/va-arg-16.c execution, -O2
FAIL: gcc.c-torture/execute/va-arg-16.c execution, -O3 -fomit-frame-pointer
FAIL: gcc.c-torture/execute/va-arg-16.c execution, -O3 -g
FAIL: gcc.c-torture/execute/va-arg-16.c execution, -O3 -fssa
FAIL: gcc.c-torture/execute/va-arg-16.c execution, -Os
FAIL: gcc.c-torture/execute/va-arg-20.c execution, -O1
FAIL: gcc.c-torture/execute/va-arg-20.c execution, -O2
FAIL: gcc.c-torture/execute/va-arg-20.c execution, -O3 -fomit-frame-pointer
FAIL: gcc.c-torture/execute/va-arg-20.c execution, -O3 -g
FAIL: gcc.c-torture/execute/va-arg-20.c execution, -O3 -fssa
FAIL: gcc.c-torture/execute/va-arg-20.c execution, -Os
FAIL: gcc.dg/cpp/if-2.c wide charconst recognition (test for bogus messages, line 9)
FAIL: gcc.dg/20001013-1.c (test for excess errors)
FAIL: gcc.dg/c99-array-nonobj-1.c (test for excess errors)
FAIL: gcc.dg/format-va-1.c wrong type in format warning (test for bogus messages, line 11)
FAIL: gcc.dg/format-va-1.c format error (test for warnings, line 11)
FAIL: gcc.dg/sequence-pt-1.c bogus sequence point warning (test for bogus messages, line 49)
=== gcc Summary ===
# of expected passes 14137
# of unexpected failures 65
# of expected failures 79
# of unsupported tests 44
/tmp/egcs/gcc/xgcc version 2.97 20001023 (experimental)
=== ld tests ===
Running target unix
FAIL: cdtest
FAIL: cdtest with -Ur
FAIL: shared (non PIC, load offset)
=== ld Summary ===
# of expected passes 51
# of unexpected failures 3
# of expected failures 1
=== libg++ tests ===
Running target unix
FAIL: tBitString.cc compilation
FAIL: tFix.cc compilation
FAIL: tInteger.cc compilation
FAIL: tRational.cc compilation
FAIL: tString.cc compilation
=== libg++ Summary ===
# of expected passes 57
# of unexpected failures 5
# of expected failures 10
=== libio tests ===
Running target unix
FAIL: tFile.cc execution
FAIL: tFile.cc execution -b0
FAIL: tFile.cc execution -b3
FAIL: tfformat.c execution
=== libio Summary ===
# of expected passes 33
# of unexpected failures 4
# of expected failures 4
=== libstdc++ tests ===
Running target unix
=== libstdc++ Summary ===
# of expected passes 30
=== objc tests ===
Running target unix
FAIL: objc/execute/bf-1.m compilation, -O
FAIL: objc/execute/bf-10.m compilation, -O
FAIL: objc/execute/bf-11.m compilation, -O
FAIL: objc/execute/bf-12.m compilation, -O
FAIL: objc/execute/bf-13.m compilation, -O
FAIL: objc/execute/bf-14.m compilation, -O
FAIL: objc/execute/bf-15.m compilation, -O
FAIL: objc/execute/bf-16.m compilation, -O
FAIL: objc/execute/bf-17.m compilation, -O
FAIL: objc/execute/bf-18.m compilation, -O
FAIL: objc/execute/bf-19.m compilation, -O
FAIL: objc/execute/bf-2.m compilation, -O
FAIL: objc/execute/bf-20.m compilation, -O
FAIL: objc/execute/bf-3.m compilation, -O
FAIL: objc/execute/bf-4.m compilation, -O
FAIL: objc/execute/bf-5.m compilation, -O
FAIL: objc/execute/bf-6.m compilation, -O
FAIL: objc/execute/bf-7.m compilation, -O
FAIL: objc/execute/bf-8.m compilation, -O
FAIL: objc/execute/bf-9.m compilation, -O
FAIL: objc/execute/np-1.m compilation, -O
FAIL: objc/execute/np-2.m compilation, -O
FAIL: objc/execute/string1.m compilation, -O
FAIL: objc/execute/string2.m compilation, -O
=== objc Summary ===
# of unexpected failures 24
# of untested testcases 24
/tmp/egcs/gcc/xgcc version 2.97 20001023 (experimental)
Compiler version: 2.97 20001023 (experimental)
Platform: sparc-sun-solaris2.6
BOOT_CFLAGS: -g -O9 -W -Wall
Counting all warnings,
there are 114 warnings in stage3 of this bootstrap.
Number of warnings per file:
27 /home/phd/oliva/src/egcs/gcc/combine.c
15 /home/phd/oliva/src/egcs/gcc/expr.c
11 /home/phd/oliva/src/egcs/gcc/cse.c
6 /home/phd/oliva/src/egcs/gcc/libgcc2.c
6 /home/phd/oliva/src/egcs/gcc/frame-dwarf2.c
5 /home/phd/oliva/src/egcs/gcc/loop.c
5 /home/phd/oliva/src/egcs/gcc/cp/error.c
5 /home/phd/oliva/src/egcs/gcc/c-common.c
4 obstack.c
4 /home/phd/oliva/src/egcs/gcc/gcc.c
4 /home/phd/oliva/src/egcs/gcc/config/sparc/sparc.c
2 /home/phd/oliva/src/egcs/gcc/reload1.c
2 /home/phd/oliva/src/egcs/gcc/reload.c
2 /home/phd/oliva/src/egcs/gcc/function.c
2 /home/phd/oliva/src/egcs/gcc/fold-const.c
2 /home/phd/oliva/src/egcs/gcc/cpplex.c
2 /home/phd/oliva/src/egcs/gcc/alias.c
1 /home/phd/oliva/src/egcs/gcc/java/jvspec.c
1 /home/phd/oliva/src/egcs/gcc/haifa-sched.c
1 /home/phd/oliva/src/egcs/gcc/flow.c
1 /home/phd/oliva/src/egcs/gcc/final.c
1 /home/phd/oliva/src/egcs/gcc/f/lang-specs.h
1 /home/phd/oliva/src/egcs/gcc/expmed.c
1 /home/phd/oliva/src/egcs/gcc/dwarfout.c
1 /home/phd/oliva/src/egcs/gcc/dwarf2out.c
1 /home/phd/oliva/src/egcs/gcc/cp/search.c
1 /home/phd/oliva/src/egcs/gcc/cp/errfn.c
Number of warning types:
58 comparison between signed and unsigned
12 signed and unsigned type in conditional expression
11 `???' might be used uninitialized in this function
5 string length `???' is greater than the minimum length `???' ISO C89 is required to support
5 initialization from incompatible pointer type
5 (near initialization for `???')
4 large integer implicitly truncated to unsigned type
3 missing braces around initializer
2 traditional C rejects the 'u' suffix
2 missing initializer
2 function declaration isn't a prototype
1 value computed is not used
1 unused variable `???'
1 pointer targets in passing arg ??? of `???' differ in signedness
1 passing arg ??? of `???' discards qualifiers from pointer target type
1 implicit declaration of function `???'
More information about the Gcc-testresults
mailing list