Results for gcc 2.97 20001015 (experimental) on alphaev6-unknown-linux-gnu using --enable-libstdcxx-v3
Toon Moene
toon@moene.indiv.nluug.nl
Sun Oct 15 11:26:00 GMT 2000
Native configuration is alphaev6-unknown-linux-gnu
=== gcc tests ===
Running target unix
FAIL: gcc.c-torture/execute/20001009-2.c execution, -O0
FAIL: gcc.c-torture/execute/20001009-2.c execution, -O1
FAIL: gcc.c-torture/execute/20001009-2.c execution, -O2
FAIL: gcc.c-torture/execute/20001009-2.c execution, -O3 -fomit-frame-pointer
FAIL: gcc.c-torture/execute/20001009-2.c execution, -O3 -fomit-frame-pointer -funroll-loops
FAIL: gcc.c-torture/execute/20001009-2.c execution, -O3 -fomit-frame-pointer -funroll-all-loops -finline-functions
FAIL: gcc.c-torture/execute/20001009-2.c execution, -O3 -g
FAIL: gcc.c-torture/execute/20001009-2.c execution, -O3 -fssa
FAIL: gcc.c-torture/execute/20001009-2.c execution, -Os
FAIL: gcc.c-torture/execute/20001011-1.c execution, -O0
FAIL: gcc.c-torture/execute/20001011-1.c execution, -O1
FAIL: gcc.c-torture/execute/20001011-1.c execution, -O2
FAIL: gcc.c-torture/execute/20001011-1.c execution, -O3 -fomit-frame-pointer
FAIL: gcc.c-torture/execute/20001011-1.c execution, -O3 -g
FAIL: gcc.c-torture/execute/20001011-1.c execution, -O3 -fssa
FAIL: gcc.c-torture/execute/20001011-1.c execution, -Os
FAIL: gcc.c-torture/execute/ieee/20000320-1.c execution, -O0
FAIL: gcc.c-torture/execute/ieee/20000320-1.c execution, -O1
FAIL: gcc.c-torture/execute/ieee/20000320-1.c execution, -O2
FAIL: gcc.c-torture/execute/ieee/20000320-1.c execution, -O3 -fomit-frame-pointer
FAIL: gcc.c-torture/execute/ieee/20000320-1.c execution, -O3 -g
FAIL: gcc.c-torture/execute/ieee/20000320-1.c execution, -O3 -fssa
FAIL: gcc.c-torture/execute/ieee/20000320-1.c execution, -Os
FAIL: gcc.c-torture/execute/ieee/fp-cmp-2.c execution, -O0
FAIL: gcc.c-torture/execute/ieee/fp-cmp-2.c execution, -O1
FAIL: gcc.c-torture/execute/ieee/fp-cmp-2.c execution, -O2
FAIL: gcc.c-torture/execute/ieee/fp-cmp-2.c execution, -O3 -fomit-frame-pointer
FAIL: gcc.c-torture/execute/ieee/fp-cmp-2.c execution, -O3 -fomit-frame-pointer -funroll-loops
FAIL: gcc.c-torture/execute/ieee/fp-cmp-2.c execution, -O3 -fomit-frame-pointer -funroll-all-loops -finline-functions
FAIL: gcc.c-torture/execute/ieee/fp-cmp-2.c execution, -O3 -g
FAIL: gcc.c-torture/execute/ieee/fp-cmp-2.c execution, -O3 -fssa
FAIL: gcc.c-torture/execute/ieee/fp-cmp-2.c execution, -Os
FAIL: gcc.c-torture/execute/ieee/fp-cmp-4.c execution, -O0
FAIL: gcc.c-torture/execute/ieee/fp-cmp-4.c execution, -O1
FAIL: gcc.c-torture/execute/ieee/fp-cmp-4.c execution, -O2
FAIL: gcc.c-torture/execute/ieee/fp-cmp-4.c execution, -O3 -fomit-frame-pointer
FAIL: gcc.c-torture/execute/ieee/fp-cmp-4.c execution, -O3 -fomit-frame-pointer -funroll-loops
FAIL: gcc.c-torture/execute/ieee/fp-cmp-4.c execution, -O3 -fomit-frame-pointer -funroll-all-loops -finline-functions
FAIL: gcc.c-torture/execute/ieee/fp-cmp-4.c execution, -O3 -g
FAIL: gcc.c-torture/execute/ieee/fp-cmp-4.c execution, -O3 -fssa
FAIL: gcc.c-torture/execute/ieee/fp-cmp-4.c execution, -Os
FAIL: gcc.c-torture/execute/ieee/hugeval.c execution, -O0
FAIL: gcc.c-torture/execute/ieee/mzero2.c execution, -O0
FAIL: gcc.c-torture/execute/ieee/mzero2.c execution, -O1
FAIL: gcc.c-torture/execute/ieee/mzero2.c execution, -O2
FAIL: gcc.c-torture/execute/ieee/mzero2.c execution, -O3 -fomit-frame-pointer
FAIL: gcc.c-torture/execute/ieee/mzero2.c execution, -O3 -g
FAIL: gcc.c-torture/execute/ieee/mzero2.c execution, -O3 -fssa
FAIL: gcc.c-torture/execute/ieee/mzero2.c execution, -Os
XPASS: gcc.c-torture/execute/memcheck/blkarg.c execution, -O0
XPASS: gcc.c-torture/execute/memcheck/blkarg.c execution, -O1
XPASS: gcc.c-torture/execute/memcheck/blkarg.c execution, -O2
XPASS: gcc.c-torture/execute/memcheck/blkarg.c execution, -Os
FAIL: gcc.dg/c90-printf-2.c %hh in C90 (test for warnings, line 32)
FAIL: gcc.dg/c90-printf-2.c %ll in C90 (test for warnings, line 33)
FAIL: gcc.dg/c90-printf-2.c %j in C90 (test for warnings, line 34)
FAIL: gcc.dg/c90-printf-2.c %z in C90 (test for warnings, line 35)
FAIL: gcc.dg/c90-printf-2.c %t in C90 (test for warnings, line 36)
FAIL: gcc.dg/c90-printf-2.c %F in C90 (test for warnings, line 38)
FAIL: gcc.dg/c90-printf-2.c %a in C90 (test for warnings, line 39)
FAIL: gcc.dg/c90-printf-2.c %A in C90 (test for warnings, line 40)
FAIL: gcc.dg/c90-printf-2.c (test for excess errors)
FAIL: gcc.dg/c90-scanf-2.c %hh in C90 (test for warnings, line 33)
FAIL: gcc.dg/c90-scanf-2.c %ll in C90 (test for warnings, line 34)
FAIL: gcc.dg/c90-scanf-2.c %j in C90 (test for warnings, line 35)
FAIL: gcc.dg/c90-scanf-2.c %z in C90 (test for warnings, line 36)
FAIL: gcc.dg/c90-scanf-2.c %t in C90 (test for warnings, line 37)
FAIL: gcc.dg/c90-scanf-2.c %F in C90 (test for warnings, line 39)
FAIL: gcc.dg/c90-scanf-2.c %a in C90 (test for warnings, line 40)
FAIL: gcc.dg/c90-scanf-2.c %A in C90 (test for warnings, line 41)
FAIL: gcc.dg/c90-scanf-2.c (test for excess errors)
FAIL: gcc.dg/c99-array-nonobj-1.c func [] arg (test for errors, line 26)
FAIL: gcc.dg/c99-array-nonobj-1.c (test for excess errors)
FAIL: gcc.dg/sequence-pt-1.c (test for excess errors)
=== gcc Summary ===
# of expected passes 14025
# of unexpected failures 70
# of unexpected successes 4
# of expected failures 76
# of unsupported tests 46
/home/toon/compilers/snapshots/obj/gcc/xgcc version 2.97 20001015 (experimental)
=== g++ tests ===
Running target unix
=== g77 tests ===
Running target unix
=== g77 Summary ===
# of expected passes 992
=== objc tests ===
Running target unix
FAIL: objc/execute/np-1.m compilation, -O
FAIL: objc/execute/np-2.m compilation, -O
=== objc Summary ===
# of expected passes 44
# of unexpected failures 2
# of untested testcases 2
/home/toon/compilers/snapshots/obj/gcc/xgcc version 2.97 20001015 (experimental)
Compiler version: 2.97 20001015 (experimental)
Platform: alphaev6-unknown-linux-gnu
configure flags: --host=alphaev6-unknown-linux-gnu --prefix=/usr/snp --enable-libstdcxx-v3
More information about the Gcc-testresults
mailing list