Results for 2.97 20001011 (experimental) testsuite on sparc-sun-solaris2.8
lucier@math.purdue.edu
lucier@math.purdue.edu
Wed Oct 11 19:27:00 GMT 2000
Native configuration is sparc-sun-solaris2.8
=== libstdc++ tests ===
Running target unix
=== libstdc++ Summary ===
# of expected passes 30
=== gcc tests ===
Running target unix
FAIL: gcc.c-torture/compile/20000606-1.c, -O0
FAIL: gcc.c-torture/compile/20000606-1.c, -O1
FAIL: gcc.c-torture/compile/20000606-1.c, -O2
FAIL: gcc.c-torture/compile/20000606-1.c, -O3 -fomit-frame-pointer
FAIL: gcc.c-torture/compile/20000606-1.c, -O3 -g
FAIL: gcc.c-torture/compile/20000606-1.c, -O3 -fssa
FAIL: gcc.c-torture/compile/20000606-1.c, -Os
FAIL: gcc.c-torture/execute/20001009-2.c execution, -O0
FAIL: gcc.c-torture/execute/20001009-2.c execution, -O1
FAIL: gcc.c-torture/execute/20001009-2.c execution, -O2
FAIL: gcc.c-torture/execute/20001009-2.c execution, -O3 -fomit-frame-pointer
FAIL: gcc.c-torture/execute/20001009-2.c execution, -O3 -fomit-frame-pointer -funroll-loops
FAIL: gcc.c-torture/execute/20001009-2.c execution, -O3 -fomit-frame-pointer -funroll-all-loops -finline-functions
FAIL: gcc.c-torture/execute/20001009-2.c execution, -O3 -g
FAIL: gcc.c-torture/execute/20001009-2.c execution, -O3 -fssa
FAIL: gcc.c-torture/execute/20001009-2.c execution, -Os
FAIL: gcc.c-torture/execute/20001011-1.c execution, -O0
FAIL: gcc.c-torture/execute/20001011-1.c execution, -O1
FAIL: gcc.c-torture/execute/20001011-1.c execution, -O2
FAIL: gcc.c-torture/execute/20001011-1.c execution, -O3 -fomit-frame-pointer
FAIL: gcc.c-torture/execute/20001011-1.c execution, -O3 -g
FAIL: gcc.c-torture/execute/20001011-1.c execution, -O3 -fssa
FAIL: gcc.c-torture/execute/20001011-1.c execution, -Os
FAIL: gcc.c-torture/execute/930622-2.c execution, -O0
FAIL: gcc.c-torture/execute/930622-2.c execution, -O1
FAIL: gcc.c-torture/execute/930622-2.c execution, -O2
FAIL: gcc.c-torture/execute/930622-2.c execution, -Os
FAIL: gcc.c-torture/execute/960215-1.c execution, -O1
FAIL: gcc.c-torture/execute/960513-1.c execution, -O1
FAIL: gcc.c-torture/execute/regstack-1.c execution, -O1
FAIL: gcc.c-torture/execute/va-arg-12.c execution, -O1
FAIL: gcc.c-torture/execute/va-arg-12.c execution, -O2
FAIL: gcc.c-torture/execute/va-arg-12.c execution, -O3 -fomit-frame-pointer
FAIL: gcc.c-torture/execute/va-arg-12.c execution, -O3 -g
FAIL: gcc.c-torture/execute/va-arg-12.c execution, -O3 -fssa
FAIL: gcc.c-torture/execute/va-arg-12.c execution, -Os
FAIL: gcc.c-torture/execute/va-arg-15.c execution, -O1
FAIL: gcc.c-torture/execute/va-arg-15.c execution, -O2
FAIL: gcc.c-torture/execute/va-arg-15.c execution, -O3 -fomit-frame-pointer
FAIL: gcc.c-torture/execute/va-arg-15.c execution, -O3 -fomit-frame-pointer -funroll-loops
FAIL: gcc.c-torture/execute/va-arg-15.c execution, -O3 -fomit-frame-pointer -funroll-all-loops -finline-functions
FAIL: gcc.c-torture/execute/va-arg-15.c execution, -O3 -g
FAIL: gcc.c-torture/execute/va-arg-15.c execution, -O3 -fssa
FAIL: gcc.c-torture/execute/va-arg-15.c execution, -Os
FAIL: gcc.c-torture/execute/va-arg-16.c execution, -O1
FAIL: gcc.c-torture/execute/va-arg-16.c execution, -O2
FAIL: gcc.c-torture/execute/va-arg-16.c execution, -O3 -fomit-frame-pointer
FAIL: gcc.c-torture/execute/va-arg-16.c execution, -O3 -g
FAIL: gcc.c-torture/execute/va-arg-16.c execution, -O3 -fssa
FAIL: gcc.c-torture/execute/va-arg-16.c execution, -Os
FAIL: gcc.c-torture/execute/va-arg-20.c execution, -O1
FAIL: gcc.c-torture/execute/va-arg-20.c execution, -O2
FAIL: gcc.c-torture/execute/va-arg-20.c execution, -O3 -fomit-frame-pointer
FAIL: gcc.c-torture/execute/va-arg-20.c execution, -O3 -g
FAIL: gcc.c-torture/execute/va-arg-20.c execution, -O3 -fssa
FAIL: gcc.c-torture/execute/va-arg-20.c execution, -Os
FAIL: gcc.dg/cpp/if-2.c wide charconst recognition (test for bogus messages, line 9)
FAIL: gcc.dg/format-va-1.c wrong type in format warning (test for bogus messages, line 11)
FAIL: gcc.dg/format-va-1.c format error (test for warnings, line 11)
FAIL: gcc.dg/ultrasp2.c (test for excess errors)
=== gcc Summary ===
# of expected passes 13980
# of unexpected failures 60
# of expected failures 70
# of unresolved testcases 3
# of unsupported tests 45
/export/home/lucier/egcs/objdir/gcc/xgcc version 2.97 20001011 (experimental)
=== g++ tests ===
Running target unix
FAIL: g++.dg/special/conpr-1.C execution test
FAIL: g++.dg/special/conpr-2.C execution test
FAIL: g++.dg/special/conpr-3.C execution test
FAIL: g++.dg/special/conpr-3.C execution test
FAIL: g++.ext/initp1.C Execution test
FAIL: g++.ext/instantiate1.C not instantiated (test for errors, line 18)
FAIL: g++.ext/instantiate1.C not instantiated (test for errors, line 20)
FAIL: g++.ext/instantiate2.C not instantiated (test for errors, line 16)
FAIL: g++.ext/instantiate3.C not instantiated (test for errors, line 13)
FAIL: g++.other/crash18.C (test for excess errors)
FAIL: g++.other/loop2.C caused compiler crash
=== g++ Summary ===
# of expected passes 6019
# of unexpected failures 11
# of expected failures 92
# of untested testcases 16
/export/home/lucier/egcs/objdir/gcc/testsuite/../g++ version 2.97 20001011 (experimental)
=== g77 tests ===
Running target unix
=== g77 Summary ===
# of expected passes 992
=== objc tests ===
Running target unix
FAIL: objc/execute/bf-1.m compilation, -O
FAIL: objc/execute/bf-10.m compilation, -O
FAIL: objc/execute/bf-11.m compilation, -O
FAIL: objc/execute/bf-12.m compilation, -O
FAIL: objc/execute/bf-13.m compilation, -O
FAIL: objc/execute/bf-14.m compilation, -O
FAIL: objc/execute/bf-15.m compilation, -O
FAIL: objc/execute/bf-16.m compilation, -O
FAIL: objc/execute/bf-17.m compilation, -O
FAIL: objc/execute/bf-18.m compilation, -O
FAIL: objc/execute/bf-19.m compilation, -O
FAIL: objc/execute/bf-2.m compilation, -O
FAIL: objc/execute/bf-20.m compilation, -O
FAIL: objc/execute/bf-3.m compilation, -O
FAIL: objc/execute/bf-4.m compilation, -O
FAIL: objc/execute/bf-5.m compilation, -O
FAIL: objc/execute/bf-6.m compilation, -O
FAIL: objc/execute/bf-7.m compilation, -O
FAIL: objc/execute/bf-8.m compilation, -O
FAIL: objc/execute/bf-9.m compilation, -O
FAIL: objc/execute/np-1.m compilation, -O
FAIL: objc/execute/np-2.m compilation, -O
FAIL: objc/execute/string1.m compilation, -O
FAIL: objc/execute/string2.m compilation, -O
=== objc Summary ===
# of unexpected failures 24
# of untested testcases 24
/export/home/lucier/egcs/objdir/gcc/xgcc version 2.97 20001011 (experimental)
Compiler version: 2.97 20001011 (experimental)
Platform: sparc-sun-solaris2.8
configure flags: --host=sparc-sun-solaris2.8 --prefix=/pkgs/gcc-2.96 --enable-checking=no
Counting all warnings,
there are 151 warnings in stage3 of this bootstrap.
Number of warnings per file:
35 ../../../gcc/java/verify.c
32 ../../gcc/combine.c
15 ../../gcc/expr.c
11 ../../gcc/cse.c
6 ../../gcc/loop.c
6 ../../gcc/libgcc2.c
5 ../../../gcc/cp/error.c
4 ../../gcc/gcc.c
4 ../../gcc/config/sparc/sparc.c
4 ../../../gcc/java/jcf-reader.c
3 ../../gcc/final.c
2 ../../gcc/reload1.c
2 ../../gcc/reload.c
2 ../../gcc/function.c
2 ../../gcc/fold-const.c
2 ../../gcc/cpplex.c
2 ../../gcc/c-common.c
2 ../../gcc/alias.c
1 ../../gcc/print-rtl.c
1 ../../gcc/java/jvspec.c
1 ../../gcc/haifa-sched.c
1 ../../gcc/gcse.c
1 ../../gcc/flow.c
1 ../../gcc/f/lang-specs.h
1 ../../gcc/expmed.c
1 ../../gcc/dwarfout.c
1 ../../gcc/dwarf2out.c
1 ../../../gcc/java/jcf-parse.c
1 ../../../gcc/cp/search.c
1 ../../../gcc/cp/errfn.c
Number of warning types:
55 comparison between signed and unsigned
36 value computed is not used
16 signed and unsigned type in conditional expression
13 \`???' might be used uninitialized in this function
5 string length \`???' is greater than the minimum length \`???' ISO C89 is required to support
5 initialization from incompatible pointer type
4 \`???' defined but not used
3 assignment discards qualifiers from pointer target type
2 traditional C rejects the 'u' suffix
2 missing braces around initializer
2 function declaration isn't a prototype
2 (near initialization for \`???')
1 unused variable \`???'
1 unused parameter \`???'
1 pointer targets in passing arg ??? of \`???' differ in signedness
1 passing arg ??? of \`???' discards qualifiers from pointer target type
1 initialization discards qualifiers from pointer target type
1 implicit declaration of function \`???'
More information about the Gcc-testresults
mailing list