Results for 2.97 20001009 (experimental) testsuite on i686-pc-cygwin
Tim Prince
tprince@computer.org
Tue Oct 10 19:27:00 GMT 2000
Native configuration is i686-pc-cygwin
=== g++ tests ===
Running target unix
FAIL: g++.dg/special/conpr-1.C (test for excess errors)
FAIL: conpr-2a.o
FAIL: conpr-3a.o
FAIL: g++.benjamin/15071.C Execution test
FAIL: g++.brendan/copy9.C Execution test
FAIL: g++.brendan/ctors1.C Execution test
FAIL: g++.brendan/ctors2.C Execution test
FAIL: g++.brendan/ptolemy2.C Execution test
FAIL: g++.eh/badalloc1.C Execution test
FAIL: g++.eh/crash4.C caused compiler crash
FAIL: g++.ext/initp1.C caused compiler crash
FAIL: g++.ext/instantiate1.C not instantiated (test for errors, line 18)
FAIL: g++.ext/instantiate1.C not instantiated (test for errors, line 20)
FAIL: g++.ext/instantiate3.C not instantiated (test for errors, line 13)
XPASS: g++.ext/instantiate3.C (test for excess errors)
FAIL: g++.jason/2371.C Execution test
FAIL: g++.jason/const3.C Execution test
FAIL: g++.jason/init2.C Execution test
FAIL: g++.jason/init3.C Execution test
FAIL: g++.jason/new4.C Execution test
FAIL: g++.jason/return3.C Execution test
FAIL: g++.jason/template11.C Execution test
XPASS: g++.jason/template18.C (test for excess errors)
XPASS: g++.jason/template18.C Execution test
FAIL: g++.jason/template24.C Execution test
FAIL: g++.jason/template31.C Execution test
FAIL: g++.jason/thunk2.C (test for excess errors)
FAIL: g++.jason/typeid1.C Execution test
FAIL: g++.law/arg8.C Execution test
FAIL: g++.law/array1.C Execution test
FAIL: g++.law/code-gen5.C Execution test
FAIL: g++.law/ctors2.C Execution test
FAIL: g++.law/ctors8.C Execution test
FAIL: g++.law/cvt2.C Execution test
FAIL: g++.law/global-init1.C Execution test
FAIL: g++.law/init11.C Execution test
FAIL: g++.law/init14.C Execution test
FAIL: g++.law/profile1.C Execution test
FAIL: g++.law/virtual3.C Execution test
FAIL: g++.mike/dyncast2.C Execution test
FAIL: g++.mike/dyncast3.C Execution test
FAIL: g++.mike/dyncast9.C Execution test
FAIL: g++.mike/eh2.C Execution test
FAIL: g++.mike/eh30.C (test for excess errors)
FAIL: g++.mike/eh36.C Execution test
FAIL: g++.mike/eh37.C Execution test
FAIL: g++.mike/eh38.C Execution test
FAIL: g++.mike/leak1.C Execution test
FAIL: g++.mike/misc13.C Execution test
FAIL: g++.mike/net17.C Execution test
FAIL: g++.mike/net26.C Execution test
FAIL: g++.mike/net34.C Execution test
FAIL: g++.mike/net46.C Execution test
FAIL: g++.mike/offset1.C Execution test
FAIL: g++.mike/p10849a.C Execution test
FAIL: g++.mike/p2394.C Execution test
FAIL: g++.mike/p2736.C Execution test
FAIL: g++.mike/p4736a.C Execution test
FAIL: g++.mike/p4750.C (test for excess errors)
FAIL: g++.mike/p658.C Execution test
FAIL: g++.mike/p6927.C Execution test
FAIL: g++.mike/p783b.C Execution test
FAIL: g++.mike/p789.C Execution test
FAIL: g++.mike/p9732b.C Execution test
FAIL: g++.mike/pmf2.C Execution test
FAIL: g++.mike/pmf8.C Execution test
FAIL: g++.mike/ref1.C Execution test
FAIL: g++.mike/temp.C Execution test
FAIL: g++.mike/virt2.C Execution test
FAIL: g++.other/crash18.C (test for excess errors)
FAIL: g++.other/init1.C Execution test
FAIL: g++.other/init11.C Execution test
FAIL: g++.other/inline7.C Execution test
FAIL: g++.other/inline8.C Execution test
FAIL: g++.other/new3.C Execution test
=== g++ Summary ===
# of expected passes 4241
# of unexpected failures 72
# of unexpected successes 3
# of expected failures 62
# of untested testcases 11
gcc version 2.97 20001009 (experimental)
=== g77 tests ===
Running target unix
FAIL: g77.f-torture/execute/short.f execution, -Os
=== g77 Summary ===
# of expected passes 991
# of unexpected failures 1
=== gcc tests ===
Running target unix
FAIL: gcc.c-torture/execute/20000906-1.c execution, -Os
FAIL: gcc.c-torture/execute/loop-2b.c execution, -O2
FAIL: gcc.dg/cpp/19940712-1.c (test for errors, line 4)
FAIL: gcc.dg/cpp/19940712-1.c (test for errors, line 8)
FAIL: gcc.dg/cpp/19940712-1.c (test for errors, line 8)
FAIL: gcc.dg/cpp/19940712-1.c (test for errors, line 9)
FAIL: gcc.dg/cpp/19940712-1.c (test for excess errors)
FAIL: gcc.dg/cpp/if-2.c wide charconst recognition (test for bogus messages, line 9)
FAIL: gcc.dg/20000614-1.c execution test
FAIL: gcc.dg/20000614-2.c execution test
FAIL: gcc.dg/20000807-1.c (test for excess errors)
FAIL: gcc.dg/20000904-1.c (test for excess errors)
FAIL: gcc.dg/990213-2.c (test for excess errors)
FAIL: gcc.dg/990214-1.c (test for excess errors)
FAIL: gcc.dg/991214-1.c (test for excess errors)
FAIL: gcc.dg/c99-array-nonobj-1.c func [] arg (test for errors, line 26)
FAIL: gcc.dg/c99-array-nonobj-1.c (test for excess errors)
FAIL: gcc.dg/format-va-1.c wrong type in format warning (test for bogus messages, line 11)
FAIL: gcc.dg/format-va-1.c format error (test for warnings, line 11)
=== gcc Summary ===
# of expected passes 13712
# of unexpected failures 19
# of expected failures 78
gcc version 2.97 20001009 (experimental)
=== objc tests ===
Running target unix
FAIL: objc/execute/bf-1.m execution, -O
FAIL: objc/execute/bf-10.m execution, -O
FAIL: objc/execute/bf-11.m execution, -O
FAIL: objc/execute/bf-12.m execution, -O
FAIL: objc/execute/bf-13.m execution, -O
FAIL: objc/execute/bf-14.m execution, -O
FAIL: objc/execute/bf-15.m execution, -O
FAIL: objc/execute/bf-16.m execution, -O
FAIL: objc/execute/bf-17.m execution, -O
FAIL: objc/execute/bf-18.m execution, -O
FAIL: objc/execute/bf-19.m execution, -O
FAIL: objc/execute/bf-2.m execution, -O
FAIL: objc/execute/bf-20.m execution, -O
=== objc Summary ===
# of expected passes 13
# of unexpected failures 13
gcc version 2.97 20001009 (experimental)
=== libio tests ===
Running target unix
FAIL: hounddog.cc execution
FAIL: hounddog.cc execution -b0
FAIL: hounddog.cc execution -b2
FAIL: putbackdog.cc execution
FAIL: putbackdog.cc execution -b0
FAIL: putbackdog.cc execution -b2
FAIL: tFile.cc compilation
FAIL: tFile.cc compilation -b0
FAIL: tFile.cc compilation -b3
FAIL: tiomanip.cc execution
FAIL: tiomisc.cc execution
=== libio Summary ===
# of expected passes 15
# of unexpected failures 11
# of expected failures 14
=== libstdc++ tests ===
Running target unix
FAIL: tcomplex.cc execution
FAIL: tcomplex.cc -O execution
FAIL: tlist.cc execution
FAIL: tlist.cc -O execution
FAIL: tmap.cc execution
FAIL: tmap.cc -O execution
FAIL: tstring.cc compilation
FAIL: tstring.cc -O execution
FAIL: tvector.cc execution
FAIL: tvector.cc -O execution
=== libstdc++ Summary ===
# of expected passes 9
# of unexpected failures 10
# of expected failures 11
Compiler version: 2.97 20001009 (experimental)
Platform: i686-pc-cygwin
configure flags: --host=i686-pc-cygwin
More information about the Gcc-testresults
mailing list