Results for 2.97 20001010 (experimental) testsuite on i686-pc-linux-gnu
Theodore Papadopoulo
Theodore.Papadopoulo@sophia.inria.fr
Tue Oct 10 06:15:00 GMT 2000
Native configuration is i686-pc-linux-gnu
=== libio tests ===
Running target unix
=== libio Summary ===
# of expected passes 40
=== libstdc++ tests ===
Running target unix
=== libstdc++ Summary ===
# of expected passes 30
=== gcc tests ===
Running target unix
FAIL: gcc.c-torture/execute/20001009-1.c execution, -O1
FAIL: gcc.c-torture/execute/20001009-1.c execution, -O2
FAIL: gcc.c-torture/execute/20001009-1.c execution, -O3 -fomit-frame-pointer
FAIL: gcc.c-torture/execute/20001009-1.c execution, -O3 -g
FAIL: gcc.c-torture/execute/20001009-1.c execution, -O3 -fssa
FAIL: gcc.c-torture/execute/20001009-1.c execution, -Os
FAIL: gcc.c-torture/execute/20001009-2.c execution, -O0
FAIL: gcc.c-torture/execute/20001009-2.c execution, -O1
FAIL: gcc.c-torture/execute/20001009-2.c execution, -O2
FAIL: gcc.c-torture/execute/20001009-2.c execution, -O3 -fomit-frame-pointer
FAIL: gcc.c-torture/execute/20001009-2.c execution, -O3 -fomit-frame-pointer -funroll-loops
FAIL: gcc.c-torture/execute/20001009-2.c execution, -O3 -fomit-frame-pointer -funroll-all-loops -finline-functions
FAIL: gcc.c-torture/execute/20001009-2.c execution, -O3 -g
FAIL: gcc.c-torture/execute/20001009-2.c execution, -O3 -fssa
FAIL: gcc.c-torture/execute/20001009-2.c execution, -Os
FAIL: gcc.c-torture/execute/loop-2b.c execution, -O2
FAIL: gcc.dg/20000503-1.c (test for excess errors)
FAIL: gcc.dg/20000614-1.c execution test
FAIL: gcc.dg/20000614-2.c execution test
FAIL: gcc.dg/20000724-1.c execution test
FAIL: gcc.dg/991214-1.c (test for excess errors)
FAIL: gcc.dg/c99-array-nonobj-1.c func [] arg (test for errors, line 26)
FAIL: gcc.dg/c99-array-nonobj-1.c (test for excess errors)
FAIL: gcc.dg/format-va-1.c wrong type in format warning (test for bogus messages, line 11)
FAIL: gcc.dg/format-va-1.c format error (test for warnings, line 11)
=== gcc Summary ===
# of expected passes 14047
# of unexpected failures 25
# of expected failures 77
# of unsupported tests 18
/auto/atlantis/u/atlantis/1/egcs/egcs-linux/gcc/xgcc version 2.97 20001010 (experimental)
=== g++ tests ===
Running target unix
FAIL: g++.ext/instantiate1.C not instantiated (test for errors, line 18)
FAIL: g++.ext/instantiate1.C not instantiated (test for errors, line 20)
FAIL: g++.other/loop2.C caused compiler crash
=== g++ Summary ===
# of expected passes 6036
# of unexpected failures 3
# of expected failures 94
# of untested testcases 8
/auto/atlantis/u/atlantis/1/egcs/egcs-linux/gcc/testsuite/../g++ version 2.97 20001010 (experimental)
=== g77 tests ===
Running target unix
FAIL: g77.f-torture/execute/short.f execution, -Os
=== g77 Summary ===
# of expected passes 991
# of unexpected failures 1
=== objc tests ===
Running target unix
FAIL: objc/execute/np-1.m compilation, -O
FAIL: objc/execute/np-2.m compilation, -O
=== objc Summary ===
# of expected passes 44
# of unexpected failures 2
# of untested testcases 2
/auto/atlantis/u/atlantis/1/egcs/egcs-linux/gcc/xgcc version 2.97 20001010 (experimental)
Compiler version: 2.97 20001010 (experimental)
Platform: i686-pc-linux-gnu
configure flags: --host=i686-pc-linux-gnu --srcdir=../egcs --prefix=/net/home/robotvis/gnu/egcs --enable-threads=posix --with-gnu-as --with-gnu-ld --with-as=/net/home/robotvis/gnu/binutils/bin/as --with-ld=/net/home/robotvis/gnu/binutils/bin/ld
Counting all warnings,
there are 164 warnings in stage3 of this bootstrap.
Number of warnings per file:
35 ../../../egcs/gcc/java/verify.c
33 ../../egcs/gcc/combine.c
17 ../../egcs/gcc/expr.c
13 ../../egcs/gcc/config/i386/i386.c
10 ../../egcs/gcc/reg-stack.c
10 ../../egcs/gcc/cse.c
6 ../../egcs/gcc/loop.c
5 ../../../egcs/gcc/cp/error.c
4 ../../../egcs/gcc/java/jcf-reader.c
3 ../../egcs/gcc/gcc.c
3 ../../egcs/gcc/final.c
2 ../../egcs/gcc/reload.c
2 ../../egcs/gcc/libgcc2.c
2 ../../egcs/gcc/function.c
2 ../../egcs/gcc/fold-const.c
2 ../../egcs/gcc/cpplex.c
2 ../../egcs/gcc/c-common.c
2 ../../egcs/gcc/alias.c
1 ../../egcs/gcc/print-rtl.c
1 ../../egcs/gcc/java/jvspec.c
1 ../../egcs/gcc/haifa-sched.c
1 ../../egcs/gcc/gcse.c
1 ../../egcs/gcc/f/lang-specs.h
1 ../../egcs/gcc/expmed.c
1 ../../egcs/gcc/dwarfout.c
1 ../../egcs/gcc/c-lex.c
1 ../../../egcs/gcc/java/jcf-parse.c
1 ../../../egcs/gcc/cp/search.c
1 ../../../egcs/gcc/cp/errfn.c
Number of warning types:
73 comparison between signed and unsigned
36 value computed is not used
13 \`???' might be used uninitialized in this function
10 signed and unsigned type in conditional expression
5 initialization from incompatible pointer type
4 unused variable \`???'
4 string length \`???' is greater than the minimum length \`???' ISO C89 is required to support
4 \`???' defined but not used
3 function declaration isn't a prototype
3 assignment discards qualifiers from pointer target type
2 traditional C rejects the 'u' suffix
1 unused parameter \`???'
1 pointer targets in passing arg ??? of \`???' differ in signedness
1 passing arg ??? of \`???' discards qualifiers from pointer target type
1 no previous prototype for \`???'
1 label \`???' defined but not used
1 initialization discards qualifiers from pointer target type
1 function macro strcmp must be used with arguments in traditional C
More information about the Gcc-testresults
mailing list