Results for 2.97 20001007 (experimental) testsuite on i386-unknown-linux-gnu
Automatic Build System
build@netwinder.org
Sun Oct 8 01:32:00 GMT 2000
Native configuration is i386-unknown-linux-gnu
=== libio tests ===
Running target unix
=== libio Summary ===
# of expected passes 40
=== libstdc++ tests ===
Running target unix
=== libstdc++ Summary ===
# of expected passes 30
=== gcc tests ===
Running target unix
FAIL: gcc.c-torture/execute/loop-2b.c execution, -O2
FAIL: gcc.dg/20000503-1.c (test for excess errors)
FAIL: gcc.dg/20000614-1.c execution test
FAIL: gcc.dg/20000614-2.c execution test
FAIL: gcc.dg/20000724-1.c execution test
FAIL: gcc.dg/991209-1.c (test for excess errors)
FAIL: gcc.dg/991214-1.c (test for excess errors)
FAIL: gcc.dg/c99-array-nonobj-1.c func [] arg (test for errors, line 26)
FAIL: gcc.dg/c99-array-nonobj-1.c (test for excess errors)
FAIL: gcc.dg/format-va-1.c wrong type in format warning (test for bogus messages, line 11)
FAIL: gcc.dg/format-va-1.c format error (test for warnings, line 11)
FAIL: gcc.misc-tests/mg.c
=== gcc Summary ===
# of expected passes 14023
# of unexpected failures 12
# of expected failures 80
# of unsupported tests 17
/home/build-rpm/BUILD/obj-gcc-20001008/gcc/xgcc version 2.97 20001007 (experimental)
=== g++ tests ===
Running target unix
FAIL: g++.ext/instantiate1.C not instantiated (test for errors, line 18)
FAIL: g++.ext/instantiate1.C not instantiated (test for errors, line 20)
FAIL: g++.other/loop2.C caused compiler crash
=== g++ Summary ===
# of expected passes 6036
# of unexpected failures 3
# of expected failures 94
# of untested testcases 8
/home/build-rpm/BUILD/obj-gcc-20001008/gcc/testsuite/../g++ version 2.97 20001007 (experimental)
=== g77 tests ===
Running target unix
FAIL: g77.f-torture/execute/short.f execution, -Os
=== g77 Summary ===
# of expected passes 991
# of unexpected failures 1
=== objc tests ===
Running target unix
FAIL: objc/execute/np-1.m compilation, -O
FAIL: objc/execute/np-2.m compilation, -O
=== objc Summary ===
# of expected passes 44
# of unexpected failures 2
# of untested testcases 2
/home/build-rpm/BUILD/obj-gcc-20001008/gcc/xgcc version 2.97 20001007 (experimental)
Compiler version: 2.97 20001007 (experimental)
Platform: i386-unknown-linux-gnu
configure flags: --host=i386-unknown-linux-gnu --prefix=/usr/local --enable-checking --enable-shared --enable-threads=posix --without-cvs
More information about the Gcc-testresults
mailing list