Results for 2.97 20001003 (experimental) testsuite on mips-sgi-irix6.5
Billinghurst, David (CRTS)
David.Billinghurst@riotinto.com
Wed Oct 4 14:54:00 GMT 2000
Native configuration is mips-sgi-irix6.5
=== objc tests ===
Running target unix
=== objc Summary for unix ===
# of expected passes 44
Running target unix/-mabi=64
=== objc Summary for unix/-mabi=64 ===
# of expected passes 44
=== objc Summary ===
# of expected passes 88
/exd4/billingd/obj/gcc-parallel/gcc/xgcc version 2.97 20001003
(experimental)
=== gcc tests ===
Running target unix
FAIL: gcc.c-torture/execute/20000917-1.c compilation, -O3 -fssa
FAIL: gcc.c-torture/execute/va-arg-15.c execution, -O0
FAIL: gcc.c-torture/execute/va-arg-15.c execution, -O1
FAIL: gcc.c-torture/execute/va-arg-15.c execution, -O2
FAIL: gcc.c-torture/execute/va-arg-15.c execution, -O3 -fomit-frame-pointer
FAIL: gcc.c-torture/execute/va-arg-15.c execution, -O3 -fomit-frame-pointer
-funroll-loops
FAIL: gcc.c-torture/execute/va-arg-15.c execution, -O3 -fomit-frame-pointer
-funroll-all-loops -finline-functions
FAIL: gcc.c-torture/execute/va-arg-15.c execution, -O3 -g
FAIL: gcc.c-torture/execute/va-arg-15.c execution, -O3 -fssa
FAIL: gcc.c-torture/execute/va-arg-15.c execution, -Os
FAIL: gcc.c-torture/execute/va-arg-16.c execution, -O0
FAIL: gcc.c-torture/execute/va-arg-16.c execution, -O1
FAIL: gcc.c-torture/execute/va-arg-16.c execution, -O2
FAIL: gcc.c-torture/execute/va-arg-16.c execution, -O3 -fomit-frame-pointer
FAIL: gcc.c-torture/execute/va-arg-16.c execution, -O3 -g
FAIL: gcc.c-torture/execute/va-arg-16.c execution, -O3 -fssa
FAIL: gcc.c-torture/execute/va-arg-16.c execution, -Os
FAIL: gcc.c-torture/execute/va-arg-17.c execution, -O0
FAIL: gcc.c-torture/execute/va-arg-17.c execution, -O1
FAIL: gcc.c-torture/execute/va-arg-17.c execution, -O2
FAIL: gcc.c-torture/execute/va-arg-17.c execution, -O3 -fomit-frame-pointer
FAIL: gcc.c-torture/execute/va-arg-17.c execution, -O3 -g
FAIL: gcc.c-torture/execute/va-arg-17.c execution, -O3 -fssa
FAIL: gcc.c-torture/execute/va-arg-17.c execution, -Os
FAIL: gcc.c-torture/execute/ieee/20000320-1.c execution, -O0
FAIL: gcc.c-torture/execute/ieee/20000320-1.c execution, -O1
FAIL: gcc.c-torture/execute/ieee/20000320-1.c execution, -O2
FAIL: gcc.c-torture/execute/ieee/20000320-1.c execution, -O3
-fomit-frame-pointer
FAIL: gcc.c-torture/execute/ieee/20000320-1.c execution, -O3 -g
FAIL: gcc.c-torture/execute/ieee/20000320-1.c execution, -O3 -fssa
FAIL: gcc.c-torture/execute/ieee/20000320-1.c execution, -Os
FAIL: gcc.c-torture/execute/ieee/fp-cmp-4.c compilation, -O0
FAIL: gcc.c-torture/execute/ieee/fp-cmp-4.c compilation, -O1
FAIL: gcc.c-torture/execute/ieee/fp-cmp-4.c compilation, -O2
FAIL: gcc.c-torture/execute/ieee/fp-cmp-4.c compilation, -O3
-fomit-frame-pointer
FAIL: gcc.c-torture/execute/ieee/fp-cmp-4.c compilation, -O3
-fomit-frame-pointer -funroll-loops
FAIL: gcc.c-torture/execute/ieee/fp-cmp-4.c compilation, -O3
-fomit-frame-pointer -funroll-all-loops -finline-functions
FAIL: gcc.c-torture/execute/ieee/fp-cmp-4.c compilation, -O3 -g
FAIL: gcc.c-torture/execute/ieee/fp-cmp-4.c compilation, -O3 -fssa
FAIL: gcc.c-torture/execute/ieee/fp-cmp-4.c compilation, -Os
XPASS: gcc.c-torture/execute/memcheck/blkarg.c execution, -O0
XPASS: gcc.c-torture/execute/memcheck/blkarg.c execution, -O1
XPASS: gcc.c-torture/execute/memcheck/blkarg.c execution, -O2
XPASS: gcc.c-torture/execute/memcheck/blkarg.c execution, -Os
FAIL: gcc.c-torture/unsorted/loop386.c, -O3 -g
FAIL: gcc.dg/20000419-2.c (test for excess errors)
FAIL: gcc.dg/c99-array-nonobj-1.c func [] arg (test for errors, line 26)
FAIL: gcc.dg/c99-array-nonobj-1.c (test for excess errors)
FAIL: alias-1.c
FAIL: wkali-1.c
FAIL: wkali-2b.o
=== gcc Summary for unix ===
# of expected passes 13928
# of unexpected failures 47
# of unexpected successes 4
# of expected failures 69
# of unresolved testcases 10
# of unsupported tests 46
Running target unix/-mabi=64
FAIL: gcc.c-torture/compile/970214-1.c, -O0
FAIL: gcc.c-torture/compile/970214-1.c, -O1
FAIL: gcc.c-torture/compile/970214-1.c, -O2
FAIL: gcc.c-torture/compile/970214-1.c, -O3 -fomit-frame-pointer
FAIL: gcc.c-torture/compile/970214-1.c, -O3 -g
FAIL: gcc.c-torture/compile/970214-1.c, -O3 -fssa
FAIL: gcc.c-torture/compile/970214-1.c, -Os
FAIL: gcc.c-torture/execute/20000917-1.c compilation, -O3 -fssa
FAIL: gcc.c-torture/execute/970214-1.c compilation, -O0
FAIL: gcc.c-torture/execute/970214-1.c compilation, -O1
FAIL: gcc.c-torture/execute/970214-1.c compilation, -O2
FAIL: gcc.c-torture/execute/970214-1.c compilation, -O3
-fomit-frame-pointer
FAIL: gcc.c-torture/execute/970214-1.c compilation, -O3 -g
FAIL: gcc.c-torture/execute/970214-1.c compilation, -O3 -fssa
FAIL: gcc.c-torture/execute/970214-1.c compilation, -Os
FAIL: gcc.c-torture/execute/970214-2.c compilation, -O0
FAIL: gcc.c-torture/execute/970214-2.c compilation, -O1
FAIL: gcc.c-torture/execute/970214-2.c compilation, -O2
FAIL: gcc.c-torture/execute/970214-2.c compilation, -O3
-fomit-frame-pointer
FAIL: gcc.c-torture/execute/970214-2.c compilation, -O3 -g
FAIL: gcc.c-torture/execute/970214-2.c compilation, -O3 -fssa
FAIL: gcc.c-torture/execute/970214-2.c compilation, -Os
FAIL: gcc.c-torture/execute/991014-1.c compilation, -O0
FAIL: gcc.c-torture/execute/991014-1.c compilation, -O1
FAIL: gcc.c-torture/execute/991014-1.c compilation, -O2
FAIL: gcc.c-torture/execute/991014-1.c compilation, -O3
-fomit-frame-pointer
FAIL: gcc.c-torture/execute/991014-1.c compilation, -O3 -g
FAIL: gcc.c-torture/execute/991014-1.c compilation, -O3 -fssa
FAIL: gcc.c-torture/execute/991014-1.c compilation, -Os
FAIL: gcc.c-torture/execute/divconst-2.c execution, -O1
FAIL: gcc.c-torture/execute/divconst-2.c execution, -O2
FAIL: gcc.c-torture/execute/divconst-2.c execution, -Os
FAIL: gcc.c-torture/execute/va-arg-15.c execution, -O0
FAIL: gcc.c-torture/execute/va-arg-15.c execution, -O1
FAIL: gcc.c-torture/execute/va-arg-15.c execution, -O2
FAIL: gcc.c-torture/execute/va-arg-15.c execution, -O3 -fomit-frame-pointer
FAIL: gcc.c-torture/execute/va-arg-15.c execution, -O3 -fomit-frame-pointer
-funroll-loops
FAIL: gcc.c-torture/execute/va-arg-15.c execution, -O3 -fomit-frame-pointer
-funroll-all-loops -finline-functions
FAIL: gcc.c-torture/execute/va-arg-15.c execution, -O3 -g
FAIL: gcc.c-torture/execute/va-arg-15.c execution, -O3 -fssa
FAIL: gcc.c-torture/execute/va-arg-15.c execution, -Os
FAIL: gcc.c-torture/execute/va-arg-16.c execution, -O0
FAIL: gcc.c-torture/execute/va-arg-16.c execution, -O1
FAIL: gcc.c-torture/execute/va-arg-16.c execution, -O2
FAIL: gcc.c-torture/execute/va-arg-16.c execution, -O3 -fomit-frame-pointer
FAIL: gcc.c-torture/execute/va-arg-16.c execution, -O3 -g
FAIL: gcc.c-torture/execute/va-arg-16.c execution, -O3 -fssa
FAIL: gcc.c-torture/execute/va-arg-16.c execution, -Os
FAIL: gcc.c-torture/execute/va-arg-17.c execution, -O0
FAIL: gcc.c-torture/execute/va-arg-17.c execution, -O1
FAIL: gcc.c-torture/execute/va-arg-17.c execution, -O2
FAIL: gcc.c-torture/execute/va-arg-17.c execution, -O3 -fomit-frame-pointer
FAIL: gcc.c-torture/execute/va-arg-17.c execution, -O3 -g
FAIL: gcc.c-torture/execute/va-arg-17.c execution, -O3 -fssa
FAIL: gcc.c-torture/execute/va-arg-17.c execution, -Os
FAIL: gcc.c-torture/execute/widechar-1.c compilation, -O0
FAIL: gcc.c-torture/execute/widechar-1.c compilation, -O1
FAIL: gcc.c-torture/execute/widechar-1.c compilation, -O2
FAIL: gcc.c-torture/execute/widechar-1.c compilation, -O3
-fomit-frame-pointer
FAIL: gcc.c-torture/execute/widechar-1.c compilation, -O3 -g
FAIL: gcc.c-torture/execute/widechar-1.c compilation, -O3 -fssa
FAIL: gcc.c-torture/execute/widechar-1.c compilation, -Os
FAIL: gcc.c-torture/execute/widechar-2.c compilation, -O0
FAIL: gcc.c-torture/execute/widechar-2.c compilation, -O1
FAIL: gcc.c-torture/execute/widechar-2.c compilation, -O2
FAIL: gcc.c-torture/execute/widechar-2.c compilation, -O3
-fomit-frame-pointer
FAIL: gcc.c-torture/execute/widechar-2.c compilation, -O3 -g
FAIL: gcc.c-torture/execute/widechar-2.c compilation, -O3 -fssa
FAIL: gcc.c-torture/execute/widechar-2.c compilation, -Os
FAIL: gcc.c-torture/execute/ieee/20000320-1.c execution, -O0
FAIL: gcc.c-torture/execute/ieee/20000320-1.c execution, -O1
FAIL: gcc.c-torture/execute/ieee/20000320-1.c execution, -O2
FAIL: gcc.c-torture/execute/ieee/20000320-1.c execution, -O3
-fomit-frame-pointer
FAIL: gcc.c-torture/execute/ieee/20000320-1.c execution, -O3 -g
FAIL: gcc.c-torture/execute/ieee/20000320-1.c execution, -O3 -fssa
FAIL: gcc.c-torture/execute/ieee/20000320-1.c execution, -Os
FAIL: gcc.c-torture/execute/ieee/fp-cmp-4.c compilation, -O0
FAIL: gcc.c-torture/execute/ieee/fp-cmp-4.c compilation, -O1
FAIL: gcc.c-torture/execute/ieee/fp-cmp-4.c compilation, -O2
FAIL: gcc.c-torture/execute/ieee/fp-cmp-4.c compilation, -O3
-fomit-frame-pointer
FAIL: gcc.c-torture/execute/ieee/fp-cmp-4.c compilation, -O3
-fomit-frame-pointer -funroll-loops
FAIL: gcc.c-torture/execute/ieee/fp-cmp-4.c compilation, -O3
-fomit-frame-pointer -funroll-all-loops -finline-functions
FAIL: gcc.c-torture/execute/ieee/fp-cmp-4.c compilation, -O3 -g
FAIL: gcc.c-torture/execute/ieee/fp-cmp-4.c compilation, -O3 -fssa
FAIL: gcc.c-torture/execute/ieee/fp-cmp-4.c compilation, -Os
XPASS: gcc.c-torture/execute/memcheck/blkarg.c execution, -O0
XPASS: gcc.c-torture/execute/memcheck/blkarg.c execution, -O1
XPASS: gcc.c-torture/execute/memcheck/blkarg.c execution, -O2
XPASS: gcc.c-torture/execute/memcheck/blkarg.c execution, -Os
FAIL: gcc.c-torture/unsorted/loop386.c, -O3 -g
FAIL: gcc.dg/cpp/lexstrng.c (test for excess errors)
FAIL: gcc.dg/cpp/paste2.c (test for excess errors)
FAIL: gcc.dg/20000419-2.c (test for excess errors)
FAIL: gcc.dg/c99-array-nonobj-1.c func [] arg (test for errors, line 26)
FAIL: gcc.dg/c99-array-nonobj-1.c (test for excess errors)
FAIL: alias-1.c
FAIL: wkali-1.c
FAIL: wkali-2b.o
FAIL: linkage.c
=== gcc Summary for unix/-mabi=64 ===
# of expected passes 13843
# of unexpected failures 95
# of unexpected successes 4
# of expected failures 69
# of unresolved testcases 45
# of unsupported tests 46
=== gcc Summary ===
# of expected passes 27771
# of unexpected failures 142
# of unexpected successes 8
# of expected failures 138
# of unresolved testcases 55
# of unsupported tests 92
/exd4/billingd/obj/gcc-parallel/gcc/xgcc version 2.97 20001003
(experimental)
=== g77 tests ===
Running target unix
FAIL: g77.f-torture/execute/short.f execution, -Os
=== g77 Summary for unix ===
# of expected passes 991
# of unexpected failures 1
Running target unix/-mabi=64
FAIL: g77.f-torture/execute/short.f execution, -Os
=== g77 Summary for unix/-mabi=64 ===
# of expected passes 991
# of unexpected failures 1
=== g77 Summary ===
# of expected passes 1982
# of unexpected failures 2
=== g++ tests ===
Running target unix
FAIL: g++.dg/special/conpr-1.C execution test
FAIL: g++.dg/special/conpr-2.C execution test
FAIL: g++.dg/special/conpr-3.C execution test
FAIL: g++.dg/special/conpr-3.C execution test
FAIL: g++.ext/initp1.C Execution test
FAIL: g++.ext/instantiate1.C not instantiated (test for errors, line 18)
FAIL: g++.ext/instantiate1.C not instantiated (test for errors, line 20)
FAIL: g++.ext/instantiate2.C not instantiated (test for errors, line 16)
FAIL: g++.ext/instantiate3.C not instantiated (test for errors, line 13)
FAIL: g++.other/crash18.C (test for excess errors)
FAIL: g++.other/incomplete.C caused compiler crash
FAIL: g++.other/loop2.C caused compiler crash
FAIL: g++.other/new3.C Execution test
FAIL: g++.pt/crash9.C caused compiler crash
=== g++ Summary for unix ===
# of expected passes 5996
# of unexpected failures 14
# of expected failures 97
# of untested testcases 18
Running target unix/-mabi=64
FAIL: g++.dg/special/conpr-1.C execution test
FAIL: g++.dg/special/conpr-2.C execution test
FAIL: g++.dg/special/conpr-3.C execution test
FAIL: g++.dg/special/conpr-3.C execution test
FAIL: g++.eh/badalloc1.C Execution test
FAIL: g++.ext/initp1.C Execution test
FAIL: g++.ext/instantiate1.C not instantiated (test for errors, line 18)
FAIL: g++.ext/instantiate1.C not instantiated (test for errors, line 20)
FAIL: g++.ext/instantiate2.C not instantiated (test for errors, line 16)
FAIL: g++.ext/instantiate3.C not instantiated (test for errors, line 13)
FAIL: g++.other/crash18.C (test for excess errors)
FAIL: g++.other/incomplete.C caused compiler crash
FAIL: g++.other/loop2.C caused compiler crash
FAIL: g++.pt/crash9.C caused compiler crash
=== g++ Summary for unix/-mabi=64 ===
# of expected passes 5996
# of unexpected failures 14
# of expected failures 97
# of untested testcases 18
=== g++ Summary ===
# of expected passes 11992
# of unexpected failures 28
# of expected failures 194
# of untested testcases 36
/exd4/billingd/obj/gcc-parallel/gcc/testsuite/../g++ version 2.97 20001003
(experimental)
=== libstdc++ tests ===
Running target unix-mabi=64
=== libio tests ===
Running target unix-mabi=64
Compiler version: 2.97 20001003 (experimental)
Platform: mips-sgi-irix6.5
configure flags: --host=mips-sgi-irix6.5 --enable-shared --enable-haifa
--enable-pthreads --prefix=/exd4/billingd/tmp/gcc
Counting all warnings,
there are 0 warnings in stage3 of this bootstrap.
Number of warnings per file:
Number of warning types:
More information about the Gcc-testresults
mailing list