Results for 2.96 20000925 (experimental) testsuite on rs6000-ibm-aix4.2.0.0
RDBrown@mira.net
RDBrown@mira.net
Mon Oct 2 03:42:00 GMT 2000
Native configuration is rs6000-ibm-aix4.2.0.0
=== libstdc++ tests ===
Running target unix
=== libstdc++ Summary ===
# of expected passes 30
=== gcc tests ===
Running target unix
FAIL: gcc.c-torture/compile/960829-1.c, -O0
FAIL: gcc.c-torture/compile/960829-1.c, -O1
FAIL: gcc.c-torture/compile/960829-1.c, -O2
FAIL: gcc.c-torture/compile/960829-1.c, -O3 -fomit-frame-pointer
FAIL: gcc.c-torture/compile/960829-1.c, -O3 -g
FAIL: gcc.c-torture/compile/960829-1.c, -O3 -fssa
FAIL: gcc.c-torture/compile/960829-1.c, -Os
FAIL: gcc.c-torture/compile/981001-2.c, -O3 -fomit-frame-pointer
FAIL: gcc.c-torture/compile/981001-2.c, -O3 -g
FAIL: gcc.c-torture/compile/981001-2.c, -O3 -fssa
FAIL: gcc.c-torture/execute/20000225-1.c execution, -O2
FAIL: gcc.c-torture/execute/20000225-1.c execution, -O3 -fomit-frame-pointer
FAIL: gcc.c-torture/execute/20000225-1.c execution, -O3 -fomit-frame-pointer -funroll-loops
FAIL: gcc.c-torture/execute/20000225-1.c execution, -O3 -fomit-frame-pointer -funroll-all-loops -finline-functions
FAIL: gcc.c-torture/execute/20000225-1.c execution, -O3 -g
FAIL: gcc.c-torture/execute/20000225-1.c execution, -O3 -fssa
FAIL: gcc.c-torture/execute/20000225-1.c execution, -Os
FAIL: gcc.c-torture/execute/20000412-3.c execution, -O0
FAIL: gcc.c-torture/execute/20000412-3.c execution, -O1
FAIL: gcc.c-torture/execute/20000412-3.c execution, -O2
FAIL: gcc.c-torture/execute/20000412-3.c execution, -O3 -fomit-frame-pointer
FAIL: gcc.c-torture/execute/20000412-3.c execution, -O3 -g
FAIL: gcc.c-torture/execute/20000412-3.c execution, -O3 -fssa
FAIL: gcc.c-torture/execute/20000412-3.c execution, -Os
FAIL: gcc.c-torture/execute/eeprof-1.c execution, -O0
FAIL: gcc.c-torture/execute/eeprof-1.c execution, -O1
FAIL: gcc.c-torture/execute/eeprof-1.c execution, -O2
FAIL: gcc.c-torture/execute/eeprof-1.c execution, -O3 -fomit-frame-pointer
FAIL: gcc.c-torture/execute/eeprof-1.c execution, -O3 -g
FAIL: gcc.c-torture/execute/eeprof-1.c execution, -O3 -fssa
FAIL: gcc.c-torture/execute/eeprof-1.c execution, -Os
FAIL: gcc.c-torture/execute/memcpy-bi.c compilation, -O3 -fomit-frame-pointer
FAIL: gcc.c-torture/execute/memcpy-bi.c compilation, -O3 -fomit-frame-pointer -funroll-loops
FAIL: gcc.c-torture/execute/memcpy-bi.c compilation, -O3 -fomit-frame-pointer -funroll-all-loops -finline-functions
FAIL: gcc.c-torture/execute/memcpy-bi.c compilation, -O3 -g
FAIL: gcc.c-torture/execute/memcpy-bi.c compilation, -O3 -fssa
FAIL: gcc.c-torture/execute/va-arg-17.c compilation, -O0
FAIL: gcc.c-torture/execute/va-arg-17.c compilation, -O1
FAIL: gcc.c-torture/execute/va-arg-17.c compilation, -O2
FAIL: gcc.c-torture/execute/va-arg-17.c compilation, -O3 -fomit-frame-pointer
FAIL: gcc.c-torture/execute/va-arg-17.c compilation, -O3 -g
FAIL: gcc.c-torture/execute/va-arg-17.c compilation, -O3 -fssa
FAIL: gcc.c-torture/execute/va-arg-17.c compilation, -Os
FAIL: gcc.c-torture/execute/va-arg-5.c compilation, -O0
FAIL: gcc.c-torture/execute/va-arg-5.c compilation, -O1
FAIL: gcc.c-torture/execute/va-arg-5.c compilation, -O2
FAIL: gcc.c-torture/execute/va-arg-5.c compilation, -O3 -fomit-frame-pointer
FAIL: gcc.c-torture/execute/va-arg-5.c compilation, -O3 -g
FAIL: gcc.c-torture/execute/va-arg-5.c compilation, -O3 -fssa
FAIL: gcc.c-torture/execute/va-arg-5.c compilation, -Os
FAIL: gcc.c-torture/execute/va-arg-7.c compilation, -O0
FAIL: gcc.c-torture/execute/va-arg-7.c compilation, -O1
FAIL: gcc.c-torture/execute/va-arg-7.c compilation, -O2
FAIL: gcc.c-torture/execute/va-arg-7.c compilation, -O3 -fomit-frame-pointer
FAIL: gcc.c-torture/execute/va-arg-7.c compilation, -O3 -g
FAIL: gcc.c-torture/execute/va-arg-7.c compilation, -O3 -fssa
FAIL: gcc.c-torture/execute/va-arg-7.c compilation, -Os
XPASS: gcc.c-torture/execute/memcheck/blkarg.c execution, -O0
XPASS: gcc.c-torture/execute/memcheck/blkarg.c execution, -O1
XPASS: gcc.c-torture/execute/memcheck/blkarg.c execution, -O2
XPASS: gcc.c-torture/execute/memcheck/blkarg.c execution, -O3 -fomit-frame-pointer
XPASS: gcc.c-torture/execute/memcheck/blkarg.c execution, -O3 -g
XPASS: gcc.c-torture/execute/memcheck/blkarg.c execution, -O3 -fssa
XPASS: gcc.c-torture/execute/memcheck/blkarg.c execution, -Os
FAIL: gcc.dg/cpp/poison.c #if defined foo6 (test for errors, line 20)
FAIL: gcc.dg/cpp/poison.c use of foo6 (test for errors, line 23)
FAIL: gcc.dg/cpp/poison.c (test for excess errors)
FAIL: gcc.dg/cpp/redef2.c redef va (test for warnings, line 15)
FAIL: gcc.dg/cpp/redef2.c prev def va (test for warnings, line 14)
FAIL: gcc.dg/cpp/redef2.c anon varargs (test for warnings, line 15)
FAIL: gcc.dg/cpp/redef2.c (test for excess errors)
FAIL: gcc.dg/cpp/syshdr.c (test for excess errors)
FAIL: gcc.dg/cpp/tr-warn1.c extension warning (test for warnings, line 24)
FAIL: gcc.dg/cpp/tr-warn1.c extension warning (test for warnings, line 25)
FAIL: gcc.dg/cpp/tr-warn1.c (test for excess errors)
FAIL: gcc.dg/asm-names.c (test for excess errors)
FAIL: gcc.dg/c99-array-nonobj-1.c func [] arg (test for errors, line 26)
FAIL: gcc.dg/c99-array-nonobj-1.c (test for excess errors)
FAIL: gcc.dg/wtr-int-type-1.c decimal constant (test for warnings, line 40)
FAIL: alias-1.c
FAIL: wkali-1.c
=== gcc Summary ===
# of expected passes 13872
# of unexpected failures 74
# of unexpected successes 7
# of expected failures 66
# of unresolved testcases 29
# of unsupported tests 47
/devel/tmp/egcs-20000925.obj/gcc/xgcc version 2.96 20000925 (experimental)
=== g++ tests ===
Running target unix
FAIL: g++.benjamin/bool01.C (test for excess errors)
FAIL: g++.benjamin/p12475.C (test for warnings, line 14)
FAIL: g++.benjamin/p12475.C (test for excess errors)
FAIL: g++.benjamin/tem04.C .* (test for errors, line 173)
FAIL: g++.bugs/900428_02.C (test for errors, line 26)
FAIL: g++.bugs/900519_02.C (test for errors, line 29)
FAIL: g++.ext/attrib5.C (test for excess errors)
FAIL: g++.ext/instantiate1.C not instantiated (test for errors, line 18)
FAIL: g++.ext/instantiate1.C not instantiated (test for errors, line 20)
FAIL: g++.ext/instantiate2.C not instantiated (test for errors, line 16)
FAIL: g++.ext/instantiate3.C not instantiated (test for errors, line 13)
FAIL: g++.jason/rfg10.C enum overflow (test for errors, line 9)
FAIL: g++.jason/rfg10.C (test for excess errors)
FAIL: g++.jason/template31.C (test for excess errors)
FAIL: g++.jason/thunk2.C (test for excess errors)
FAIL: g++.martin/bitset1.C (test for excess errors)
FAIL: g++.mike/eh30.C (test for excess errors)
FAIL: g++.mike/p4750.C (test for excess errors)
FAIL: g++.ns/koenig9.C multiple overloaded count functions (test for errors, line 12)
FAIL: g++.ns/koenig9.C (test for excess errors)
FAIL: g++.ns/using4.C vector is not a namespace (test for errors, line 4)
FAIL: g++.ns/using4.C (test for excess errors)
FAIL: g++.ns/using6.C (test for excess errors)
FAIL: g++.other/crash18.C (test for excess errors)
FAIL: g++.other/decl6.C const cannot be mutable (test for errors, line 19)
FAIL: g++.other/decl6.C const cannot be mutable (test for errors, line 21)
FAIL: g++.other/decl6.C non-member cannot be mutable (test for errors, line 24)
FAIL: g++.other/decl6.C only ctor decls can be explicit (test for errors, line 25)
FAIL: g++.other/decl6.C (test for excess errors)
FAIL: g++.other/headers1.C (test for excess errors)
FAIL: g++.other/init9.C jump from here (test for errors, line 16)
FAIL: g++.other/init9.C jump crosses initialization (test for errors, line 17)
FAIL: g++.other/init9.C jump to here (test for errors, line 18)
FAIL: g++.other/init9.C jump from here (test for errors, line 27)
FAIL: g++.other/init9.C jump crosses initialization (test for errors, line 28)
FAIL: g++.other/init9.C jump to here (test for errors, line 29)
FAIL: g++.other/init9.C jump from here (test for errors, line 36)
FAIL: g++.other/init9.C jump crosses initialization (test for errors, line 37)
FAIL: g++.other/init9.C jump to here (test for errors, line 38)
FAIL: g++.other/init9.C (test for excess errors)
FAIL: g++.other/loop2.C caused compiler crash
FAIL: g++.other/ptrmem6.C (test for excess errors)
FAIL: g++.other/sizeof4.C cannot take size of function (test for errors, line 33)
FAIL: g++.other/sizeof4.C cannot take size of function (test for errors, line 34)
FAIL: g++.pt/crash36.C (test for excess errors)
XPASS: g++.pt/decl2.C ICE - (test for errors, line 8)
FAIL: g++.pt/static3.C (test for excess errors)
FAIL: g++.pt/static6.C (test for excess errors)
FAIL: g++.pt/static8.C (test for excess errors)
FAIL: g++.pt/ttp19.C (test for excess errors)
FAIL: g++.pt/ttp40.C (test for excess errors)
FAIL: g++.robertl/eb106.C (test for excess errors)
FAIL: g++.robertl/eb109.C candidates (test for errors, line 20)
FAIL: g++.robertl/eb109.C no size function (test for errors, line 42)
FAIL: g++.robertl/eb109.C no index operator (test for errors, line 44)
FAIL: g++.robertl/eb109.C no index operator (test for errors, line 48)
FAIL: g++.robertl/eb109.C no index operator (test for errors, line 49)
FAIL: g++.robertl/eb109.C no index operator (test for errors, line 54)
FAIL: g++.robertl/eb109.C no bool constructor (test for errors, line 65)
FAIL: g++.robertl/eb109.C (test for excess errors)
FAIL: g++.robertl/eb127.C should use this->* (test for errors, line 50)
FAIL: g++.robertl/eb127.C (test for excess errors)
FAIL: g++.robertl/eb129.C (test for errors, line 20)
FAIL: g++.robertl/eb129.C (test for excess errors)
FAIL: g++.robertl/eb129a.C (test for errors, line 19)
FAIL: g++.robertl/eb129a.C (test for excess errors)
FAIL: g++.robertl/eb21.C (test for excess errors)
FAIL: g++.robertl/eb28.C (test for excess errors)
FAIL: g++.robertl/eb29.C (test for excess errors)
FAIL: g++.robertl/eb36.C default arg for member template (test for errors, line 16)
FAIL: g++.robertl/eb36.C (test for excess errors)
FAIL: g++.robertl/eb43.C constructor is explicit (test for errors, line 27)
FAIL: g++.robertl/eb43.C (test for excess errors)
FAIL: g++.robertl/eb59.C (test for excess errors)
FAIL: g++.robertl/eb62.C (test for excess errors)
FAIL: g++.robertl/eb7.C (test for excess errors)
FAIL: g++.robertl/eb91.C (test for excess errors)
=== g++ Summary ===
# of expected passes 5929
# of unexpected failures 76
# of unexpected successes 1
# of expected failures 105
# of untested testcases 18
/devel/tmp/egcs-20000925.obj/gcc/testsuite/../g++ version 2.96 20000925 (experimental)
=== g77 tests ===
Running target unix
FAIL: g77.f-torture/execute/19990325-0.f execution, -O0
FAIL: g77.f-torture/execute/19990325-0.f execution, -O1
FAIL: g77.f-torture/execute/19990325-0.f execution, -O2
FAIL: g77.f-torture/execute/19990325-0.f execution, -O2 -fomit-frame-pointer -finline-functions
FAIL: g77.f-torture/execute/19990325-0.f execution, -O3 -g
FAIL: g77.f-torture/execute/19990325-0.f execution, -O3 -fssa
FAIL: g77.f-torture/execute/19990325-0.f execution, -Os
FAIL: g77.f-torture/execute/19990325-1.f execution, -O0
FAIL: g77.f-torture/execute/19990325-1.f execution, -O1
FAIL: g77.f-torture/execute/19990325-1.f execution, -O2
FAIL: g77.f-torture/execute/19990325-1.f execution, -O2 -fomit-frame-pointer -finline-functions
FAIL: g77.f-torture/execute/19990325-1.f execution, -O3 -g
FAIL: g77.f-torture/execute/19990325-1.f execution, -O3 -fssa
FAIL: g77.f-torture/execute/19990325-1.f execution, -Os
FAIL: g77.f-torture/execute/alpha2.f execution, -O0
FAIL: g77.f-torture/execute/alpha2.f execution, -O1
FAIL: g77.f-torture/execute/alpha2.f execution, -O2
FAIL: g77.f-torture/execute/alpha2.f execution, -O2 -fomit-frame-pointer -finline-functions
FAIL: g77.f-torture/execute/alpha2.f execution, -O3 -g
FAIL: g77.f-torture/execute/alpha2.f execution, -O3 -fssa
FAIL: g77.f-torture/execute/alpha2.f execution, -Os
FAIL: g77.f-torture/execute/erfc.f execution, -O3 -fssa
FAIL: g77.f-torture/execute/io0.f execution, -O0
FAIL: g77.f-torture/execute/io0.f execution, -O1
FAIL: g77.f-torture/execute/io0.f execution, -O2
FAIL: g77.f-torture/execute/io0.f execution, -O2 -fomit-frame-pointer -finline-functions
FAIL: g77.f-torture/execute/io0.f execution, -O3 -g
FAIL: g77.f-torture/execute/io0.f execution, -O3 -fssa
FAIL: g77.f-torture/execute/io0.f execution, -Os
FAIL: g77.f-torture/execute/u77-test.f execution, -O0
FAIL: g77.f-torture/execute/u77-test.f execution, -O1
FAIL: g77.f-torture/execute/u77-test.f execution, -O2
FAIL: g77.f-torture/execute/u77-test.f execution, -O2 -fomit-frame-pointer -finline-functions
FAIL: g77.f-torture/execute/u77-test.f execution, -O2 -fomit-frame-pointer -finline-functions -funroll-loops
FAIL: g77.f-torture/execute/u77-test.f execution, -O2 -fomit-frame-pointer -finline-functions -funroll-all-loops
FAIL: g77.f-torture/execute/u77-test.f execution, -O3 -g
FAIL: g77.f-torture/execute/u77-test.f execution, -O3 -fssa
FAIL: g77.f-torture/execute/u77-test.f execution, -Os
=== g77 Summary ===
# of expected passes 945
# of unexpected failures 38
=== objc tests ===
Running target unix
FAIL: objc/execute/bf-1.m compilation, -O
FAIL: objc/execute/bf-10.m compilation, -O
FAIL: objc/execute/bf-11.m compilation, -O
FAIL: objc/execute/bf-12.m compilation, -O
FAIL: objc/execute/bf-13.m compilation, -O
FAIL: objc/execute/bf-14.m compilation, -O
FAIL: objc/execute/bf-15.m compilation, -O
FAIL: objc/execute/bf-16.m compilation, -O
FAIL: objc/execute/bf-17.m compilation, -O
FAIL: objc/execute/bf-18.m compilation, -O
FAIL: objc/execute/bf-19.m compilation, -O
FAIL: objc/execute/bf-2.m compilation, -O
FAIL: objc/execute/bf-20.m compilation, -O
FAIL: objc/execute/bf-3.m compilation, -O
FAIL: objc/execute/bf-4.m compilation, -O
FAIL: objc/execute/bf-5.m compilation, -O
FAIL: objc/execute/bf-6.m compilation, -O
FAIL: objc/execute/bf-7.m compilation, -O
FAIL: objc/execute/bf-8.m compilation, -O
FAIL: objc/execute/bf-9.m compilation, -O
FAIL: objc/execute/string1.m compilation, -O
FAIL: objc/execute/string2.m compilation, -O
=== objc Summary ===
# of unexpected failures 22
# of untested testcases 22
/devel/tmp/egcs-20000925.obj/gcc/xgcc version 2.96 20000925 (experimental)
Compiler version: 2.96 20000925 (experimental)
Platform: rs6000-ibm-aix4.2.0.0
configure flags: --host=rs6000-ibm-aix4.2.0.0
Counting all warnings,
there are 206 warnings in stage3 of this bootstrap.
Number of warnings per file:
38 ../../egcs-20000925/gcc/libgcc2.c
35 ../../../egcs-20000925/gcc/java/verify.c
32 ../../egcs-20000925/gcc/combine.c
15 ../../egcs-20000925/gcc/expr.c
11 ../../egcs-20000925/gcc/cse.c
8 ../../egcs-20000925/gcc/loop.c
6 fp-bit.c
6 dp-bit.c
6 ../../egcs-20000925/gcc/varasm.c
5 ../../egcs-20000925/gcc/collect2.c
5 ../../../egcs-20000925/gcc/cp/error.c
4 ../../egcs-20000925/gcc/gcc.c
4 ../../../egcs-20000925/gcc/java/jcf-reader.c
3 ../../egcs-20000925/gcc/reload1.c
3 ../../egcs-20000925/gcc/final.c
3 ../../egcs-20000925/gcc/cpplex.c
2 ../../egcs-20000925/gcc/reload.c
2 ../../egcs-20000925/gcc/function.c
2 ../../egcs-20000925/gcc/fold-const.c
2 ../../egcs-20000925/gcc/alias.c
1 insn-emit.c
1 /usr/include/sys/param.h
1 ../../egcs-20000925/gcc/regmove.c
1 ../../egcs-20000925/gcc/print-rtl.c
1 ../../egcs-20000925/gcc/java/jvspec.c
1 ../../egcs-20000925/gcc/gcse.c
1 ../../egcs-20000925/gcc/flow.c
1 ../../egcs-20000925/gcc/f/lang-specs.h
1 ../../egcs-20000925/gcc/expmed.c
1 ../../egcs-20000925/gcc/c-pragma.c
1 ../../../egcs-20000925/gcc/java/jcf-parse.c
1 ../../../egcs-20000925/gcc/intl/localealias.c
1 ../../../egcs-20000925/gcc/cp/search.c
1 ../../../egcs-20000925/gcc/cp/errfn.c
Number of warning types:
58 comparison between signed and unsigned
36 value computed is not used
18 no previous prototype for \`???'
17 implicit declaration of function \`???'
16 function declaration isn't a prototype
13 \`???' might be used uninitialized in this function
10 signed and unsigned type in conditional expression
6 alignment of \`???' is greater than maximum object file alignment. Using 8.
5 string length \`???' is greater than the minimum length \`???' ISO C89 is required to support
5 initialization from incompatible pointer type
5 \`???' defined but not used
3 pointer of type \`???' used in arithmetic
3 assignment discards qualifiers from pointer target type
2 unused variable \`???'
2 unused parameter \`???'
2 traditional C rejects the 'u' suffix
2 initialization discards qualifiers from pointer target type
1 this is the location of the previous definition
1 pointer targets in passing arg ??? of \`???' differ in signedness
1 \`BAD' redefined
More information about the Gcc-testresults
mailing list