Results for 2.97 20001127 (experimental) testsuite on alpha-unknown-linux-gnu
Alexandre Oliva
oliva@lsd.ic.unicamp.br
Thu Nov 30 11:34:00 GMT 2000
Native configuration is alpha-unknown-linux-gnu
=== binutils tests ===
Running target unix
=== binutils Summary ===
# of expected passes 25
# of expected failures 1
=== g++ tests ===
Running target unix
FAIL: g++.eh/badalloc1.C Execution test
FAIL: g++.ext/instantiate1.C not instantiated (test for errors, line 18)
FAIL: g++.ext/instantiate1.C not instantiated (test for errors, line 20)
FAIL: g++.ext/instantiate2.C not instantiated (test for errors, line 16)
FAIL: g++.ext/instantiate3.C not instantiated (test for errors, line 13)
FAIL: g++.mike/dyncast5.C Execution test
FAIL: g++.mike/offset1.C Execution test
FAIL: g++.mike/p3041.C Execution test
FAIL: g++.mike/p3139.C Execution test
FAIL: g++.mike/p4736b.C Execution test
FAIL: g++.mike/p4736c.C Execution test
FAIL: g++.mike/p6610a.C Execution test
FAIL: g++.mike/p6610b.C Execution test
FAIL: g++.mike/virt2.C Execution test
FAIL: g++.mike/virt5.C Execution test
FAIL: g++.other/base1.C cv qualified (test for errors, line 19)
FAIL: g++.other/crash18.C (test for excess errors)
FAIL: g++.other/friend9.C in this context (test for errors, line 15)
FAIL: g++.other/friend9.C (test for excess errors)
FAIL: g++.other/loop2.C caused compiler crash
FAIL: g++.other/parse2.C caused compiler crash
FAIL: g++.pt/incomplete1.C caused compiler crash
=== g++ Summary ===
# of expected passes 6090
# of unexpected failures 22
# of expected failures 101
# of untested testcases 18
/l/tmp/egcs/gcc/testsuite/../g++ version 2.97 20001127 (experimental)
=== g77 tests ===
Running target unix
=== g77 Summary ===
# of expected passes 877
=== gas tests ===
Running target unix
FAIL: vtable inherit0
FAIL: vtable entry1
=== gas Summary ===
# of expected passes 62
# of unexpected failures 2
=== gcc tests ===
Running target unix
FAIL: gcc.c-torture/compile/20001116-1.c, -O0
FAIL: gcc.c-torture/compile/20001116-1.c, -O1
FAIL: gcc.c-torture/compile/20001116-1.c, -O2
FAIL: gcc.c-torture/compile/20001116-1.c, -O3 -fomit-frame-pointer
FAIL: gcc.c-torture/compile/20001116-1.c, -O3 -g
FAIL: gcc.c-torture/compile/20001116-1.c, -Os
FAIL: gcc.c-torture/execute/ieee/20000320-1.c execution, -O0
FAIL: gcc.c-torture/execute/ieee/20000320-1.c execution, -O1
FAIL: gcc.c-torture/execute/ieee/20000320-1.c execution, -O2
FAIL: gcc.c-torture/execute/ieee/20000320-1.c execution, -O3 -fomit-frame-pointer
FAIL: gcc.c-torture/execute/ieee/20000320-1.c execution, -O3 -g
FAIL: gcc.c-torture/execute/ieee/20000320-1.c execution, -Os
FAIL: gcc.c-torture/execute/ieee/fp-cmp-2.c execution, -O0
FAIL: gcc.c-torture/execute/ieee/fp-cmp-2.c execution, -O1
FAIL: gcc.c-torture/execute/ieee/fp-cmp-2.c execution, -O2
FAIL: gcc.c-torture/execute/ieee/fp-cmp-2.c execution, -O3 -fomit-frame-pointer
FAIL: gcc.c-torture/execute/ieee/fp-cmp-2.c execution, -O3 -fomit-frame-pointer -funroll-loops
FAIL: gcc.c-torture/execute/ieee/fp-cmp-2.c execution, -O3 -fomit-frame-pointer -funroll-all-loops -finline-functions
FAIL: gcc.c-torture/execute/ieee/fp-cmp-2.c execution, -O3 -g
FAIL: gcc.c-torture/execute/ieee/fp-cmp-2.c execution, -Os
FAIL: gcc.c-torture/execute/ieee/fp-cmp-4.c execution, -O0
FAIL: gcc.c-torture/execute/ieee/fp-cmp-4.c execution, -O1
FAIL: gcc.c-torture/execute/ieee/fp-cmp-4.c execution, -O2
FAIL: gcc.c-torture/execute/ieee/fp-cmp-4.c execution, -O3 -fomit-frame-pointer
FAIL: gcc.c-torture/execute/ieee/fp-cmp-4.c execution, -O3 -fomit-frame-pointer -funroll-loops
FAIL: gcc.c-torture/execute/ieee/fp-cmp-4.c execution, -O3 -fomit-frame-pointer -funroll-all-loops -finline-functions
FAIL: gcc.c-torture/execute/ieee/fp-cmp-4.c execution, -O3 -g
FAIL: gcc.c-torture/execute/ieee/fp-cmp-4.c execution, -Os
FAIL: gcc.c-torture/execute/ieee/hugeval.c execution, -O0
FAIL: gcc.c-torture/execute/ieee/mzero2.c execution, -O0
FAIL: gcc.c-torture/execute/ieee/mzero2.c execution, -O1
FAIL: gcc.c-torture/execute/ieee/mzero2.c execution, -O2
FAIL: gcc.c-torture/execute/ieee/mzero2.c execution, -O3 -fomit-frame-pointer
FAIL: gcc.c-torture/execute/ieee/mzero2.c execution, -O3 -g
FAIL: gcc.c-torture/execute/ieee/mzero2.c execution, -Os
XPASS: gcc.c-torture/execute/memcheck/blkarg.c execution, -O0
XPASS: gcc.c-torture/execute/memcheck/blkarg.c execution, -O1
XPASS: gcc.c-torture/execute/memcheck/blkarg.c execution, -O2
XPASS: gcc.c-torture/execute/memcheck/blkarg.c execution, -Os
FAIL: gcc.c-torture/unsorted/loop386.c, -O3 -g
FAIL: gcc.dg/20001117-1.c (test for excess errors)
FAIL: gcc.dg/c99-array-nonobj-1.c (test for excess errors)
FAIL: gcc.dg/sequence-pt-1.c sequence point warning (test for warnings, line 59)
=== gcc Summary ===
# of expected passes 13007
# of unexpected failures 39
# of unexpected successes 4
# of expected failures 75
# of unsupported tests 48
/l/tmp/egcs/gcc/xgcc version 2.97 20001127 (experimental)
=== ld tests ===
Running target unix
FAIL: cdtest
FAIL: cdtest with -Ur
FAIL: selective3
FAIL: undefined line
=== ld Summary ===
# of expected passes 36
# of unexpected failures 4
# of expected failures 2
# of unresolved testcases 1
# of untested testcases 5
=== objc tests ===
Running target unix
FAIL: objc/execute/fdecl.m compilation, -O
FAIL: objc/execute/np-1.m compilation, -O
FAIL: objc/execute/np-2.m compilation, -O
=== objc Summary ===
# of expected passes 46
# of unexpected failures 3
# of untested testcases 3
/l/tmp/egcs/gcc/xgcc version 2.97 20001127 (experimental)
Compiler version: 2.97 20001127 (experimental)
Platform: alpha-unknown-linux-gnu
BOOT_CFLAGS: -g -O9 -W -Wall
Counting all warnings,
there are 267 warnings in stage3 of this bootstrap.
Number of warnings per file:
41 genrtl.c
15 /home/lsd/oliva/src/egcs/gcc/reload1.c
13 /home/lsd/oliva/src/egcs/gcc/objc/objc-act.c
10 /home/lsd/oliva/src/egcs/gcc/loop.c
10 /home/lsd/oliva/src/egcs/gcc/combine.c
9 /home/lsd/oliva/src/egcs/gcc/genrecog.c
8 /home/lsd/oliva/src/egcs/gcc/gcse.c
7 /home/lsd/oliva/src/egcs/gcc/reload.c
7 /home/lsd/oliva/src/egcs/gcc/haifa-sched.c
7 /home/lsd/oliva/src/egcs/gcc/c-common.c
6 /home/lsd/oliva/src/egcs/gcc/tree.c
6 /home/lsd/oliva/src/egcs/gcc/gcc.c
6 /home/lsd/oliva/src/egcs/gcc/dwarf2out.c
5 /home/lsd/oliva/src/egcs/gcc/regclass.c
5 /home/lsd/oliva/src/egcs/gcc/fold-const.c
5 /home/lsd/oliva/src/egcs/gcc/flow.c
5 /home/lsd/oliva/src/egcs/gcc/cp/error.c
5 /home/lsd/oliva/src/egcs/gcc/config/alpha/alpha.c
5 /home/lsd/oliva/src/egcs/gcc/calls.c
4 /home/lsd/oliva/src/egcs/gcc/unroll.c
4 /home/lsd/oliva/src/egcs/gcc/local-alloc.c
4 /home/lsd/oliva/src/egcs/gcc/libgcc2.c
4 /home/lsd/oliva/src/egcs/gcc/genoutput.c
4 /home/lsd/oliva/src/egcs/gcc/emit-rtl.c
4 /home/lsd/oliva/src/egcs/gcc/dependence.c
3 cxxmain.c
3 /home/lsd/oliva/src/egcs/gcc/varasm.c
3 /home/lsd/oliva/src/egcs/gcc/global.c
3 /home/lsd/oliva/src/egcs/gcc/ggc-page.c
3 /home/lsd/oliva/src/egcs/gcc/gcov.c
3 /home/lsd/oliva/src/egcs/gcc/expr.c
3 /home/lsd/oliva/src/egcs/gcc/alias.c
2 insn-extract.c
2 /home/lsd/oliva/src/egcs/gcc/tradcpp.c
2 /home/lsd/oliva/src/egcs/gcc/ssa.c
2 /home/lsd/oliva/src/egcs/gcc/rtl.c
2 /home/lsd/oliva/src/egcs/gcc/java/jvspec.c
2 /home/lsd/oliva/src/egcs/gcc/integrate.c
2 /home/lsd/oliva/src/egcs/gcc/genextract.c
2 /home/lsd/oliva/src/egcs/gcc/diagnostic.c
2 /home/lsd/oliva/src/egcs/gcc/c-lex.c
1 hashtab.c
1 /home/lsd/oliva/src/egcs/gcc/varray.c
1 /home/lsd/oliva/src/egcs/gcc/timevar.c
1 /home/lsd/oliva/src/egcs/gcc/stmt.c
1 /home/lsd/oliva/src/egcs/gcc/simplify-rtx.c
1 /home/lsd/oliva/src/egcs/gcc/sdbout.c
1 /home/lsd/oliva/src/egcs/gcc/sbitmap.c
1 /home/lsd/oliva/src/egcs/gcc/recog.c
1 /home/lsd/oliva/src/egcs/gcc/print-tree.c
1 /home/lsd/oliva/src/egcs/gcc/objc/lang-specs.h
1 /home/lsd/oliva/src/egcs/gcc/mkdeps.c
1 /home/lsd/oliva/src/egcs/gcc/jump.c
1 /home/lsd/oliva/src/egcs/gcc/java/jcf-write.c
1 /home/lsd/oliva/src/egcs/gcc/hash.c
1 /home/lsd/oliva/src/egcs/gcc/ggc-common.c
1 /home/lsd/oliva/src/egcs/gcc/genattrtab.c
1 /home/lsd/oliva/src/egcs/gcc/function.c
1 /home/lsd/oliva/src/egcs/gcc/final.c
1 /home/lsd/oliva/src/egcs/gcc/f/lang-specs.h
1 /home/lsd/oliva/src/egcs/gcc/dbxout.c
1 /home/lsd/oliva/src/egcs/gcc/cse.c
1 /home/lsd/oliva/src/egcs/gcc/cppmain.c
1 /home/lsd/oliva/src/egcs/gcc/cpplib.c
1 /home/lsd/oliva/src/egcs/gcc/cppinit.c
1 /home/lsd/oliva/src/egcs/gcc/cppexp.c
1 /home/lsd/oliva/src/egcs/gcc/cp/lang-specs.h
1 /home/lsd/oliva/src/egcs/gcc/cp/errfn.c
1 /home/lsd/oliva/src/egcs/gcc/conflict.c
1 /home/lsd/oliva/src/egcs/gcc/collect2.c
Number of warning types:
216 value computed is not used
16 comparison between signed and unsigned
9 `???' might be used uninitialized in this function
6 string length `???' is greater than the minimum length `???' ISO C89 is required to support
5 initialization from incompatible pointer type
4 function declaration isn't a prototype
2 no previous prototype for `???'
2 assignment discards qualifiers from pointer target type
1 unused variable `???'
1 traditional C rejects string concatenation
1 pointer targets in passing arg ??? of `???' differ in signedness
1 function-like macro `strcmp' must be used with arguments in traditional C
1 field precision is not type int (arg ???)
1 cast from pointer to integer of different size
1 `long' switch expression not converted to `int' in ISO C
More information about the Gcc-testresults
mailing list