Results for 2.97 20001122 (experimental) testsuite on alpha-redhat-linux-gnu
Christian Iseli
chris@ludwig-alpha.unil.ch
Thu Nov 23 06:12:00 GMT 2000
Native configuration is alpha-redhat-linux-gnu
=== libstdc++ tests ===
+: pass, -b: build failure, -r: run failure, x: disabled
------------------------------------------------------------------------
static shared test
------------------------------------------------------------------------
+ + 17_intro/header_ciso646.cc
+ + 17_intro/header_fstream.cc
+ + 17_intro/header_iomanip.cc
+ + 17_intro/header_ios.cc
+ + 17_intro/header_iosfwd.cc
-r + 17_intro/header_iostream.cc
+ + 17_intro/header_istream.cc
+ + 17_intro/header_ostream.cc
-r + 17_intro/headers.cc
+ + 17_intro/header_sstream.cc
+ + 17_intro/header_streambuf.cc
+ + 18_support/numeric_limits.cc
-b -b 20_util/auto_ptr.cc
+ + 21_strings/append.cc
+ + 21_strings/capacity.cc
+ + 21_strings/char_traits.cc
+ + 21_strings/compare.cc
+ + 21_strings/ctor_copy_dtor.cc
+ + 21_strings/element_access.cc
+ + 21_strings/find.cc
+ + 21_strings/insert.cc
-r + 21_strings/inserters_extractors.cc
+ + 21_strings/invariants.cc
+ + 21_strings/nonmember.cc
+ + 21_strings/operations.cc
+ + 21_strings/replace.cc
+ + 21_strings/rfind.cc
+ + 21_strings/substr.cc
-r + 22_locale/codecvt_char_char.cc
+ + 22_locale/codecvt_unicode_char.cc
+ + 22_locale/codecvt_unicode_wchar_t.cc
-r -r 22_locale/codecvt_wchar_t_char.cc
+ + 22_locale/ctor_copy_dtor.cc
-r + 22_locale/ctype.cc
-r + 22_locale/ctype_char_members.cc
+ + 22_locale/ctype_wchar_t_members.cc
-r + 22_locale/facet.cc
-r + 22_locale/global_templates.cc
-r + 22_locale/operators.cc
-r + 22_locale/static_members.cc
-r + 23_containers/bitset_ctor.cc
-r + 23_containers/bitset_shift.cc
-b -b 23_containers/map_operators.cc
-r + 23_containers/multiset.cc
-b -b 23_containers/set_operators.cc
+ + 23_containers/vector_capacity.cc
-r + 23_containers/vector_ctor.cc
-r + 23_containers/vector_element_access.cc
+ + 23_containers/vector_modifiers.cc
-r + 24_iterators/istreambuf_iterator.cc
+ + 24_iterators/iterator.cc
+ + 25_algorithms/lower_bound.cc
+ + 25_algorithms/min_max.cc
-r + 26_numerics/binary_closure.cc
+ + 26_numerics/buggy_complex.cc
+ + 26_numerics/c_math.cc
-r + 26_numerics/complex_inserters_extractors.cc
+ + 26_numerics/complex_value.cc
+ + 26_numerics/valarray.cc
-r + 27_io/filebuf.cc
-r -r 27_io/filebuf_members.cc
+ + 27_io/fpos.cc
-r + 27_io/ifstream_members.cc
-r + 27_io/ios_base_callbacks.cc
-r + 27_io/ios_base_members_static.cc
-r + 27_io/ios_ctor.cc
-r + 27_io/ios_manip_basefield.cc
-r + 27_io/ios_manip_fmtflags.cc
-r + 27_io/ios_members.cc
+ + 27_io/istream.cc
-r + 27_io/istream_extractor_arith.cc
-r + 27_io/istream_extractor_char.cc
-r + 27_io/istream_extractor_other.cc
-r + 27_io/istream_manip.cc
-r + 27_io/istream_seeks.cc
-r + 27_io/istream_sentry.cc
-r + 27_io/istream_unformatted.cc
-r + 27_io/istringstream_members.cc
-r + 27_io/narrow_stream_objects.cc
-r + 27_io/ofstream_members.cc
+ + 27_io/ostream.cc
-r + 27_io/ostream_inserter_arith.cc
-r + 27_io/ostream_inserter_char.cc
-r + 27_io/ostream_inserter_other.cc
-r + 27_io/ostream_manip.cc
-r + 27_io/ostream_seeks.cc
-r + 27_io/ostream_unformatted.cc
-r + 27_io/streambuf.cc
-r + 27_io/stringbuf.cc
-r + 27_io/stringstream.cc
-r + 27_io/wide_stream_objects.cc
-r + ext/headers.cc
=== gcc tests ===
Running target unix
FAIL: gcc.c-torture/compile/20001116-1.c, -O0
FAIL: gcc.c-torture/compile/20001116-1.c, -O1
FAIL: gcc.c-torture/compile/20001116-1.c, -O2
FAIL: gcc.c-torture/compile/20001116-1.c, -O3 -fomit-frame-pointer
FAIL: gcc.c-torture/compile/20001116-1.c, -O3 -g
FAIL: gcc.c-torture/compile/20001116-1.c, -Os
FAIL: gcc.c-torture/execute/ieee/20000320-1.c execution, -O0
FAIL: gcc.c-torture/execute/ieee/20000320-1.c execution, -O1
FAIL: gcc.c-torture/execute/ieee/20000320-1.c execution, -O2
FAIL: gcc.c-torture/execute/ieee/20000320-1.c execution, -O3 -fomit-frame-pointer
FAIL: gcc.c-torture/execute/ieee/20000320-1.c execution, -O3 -g
FAIL: gcc.c-torture/execute/ieee/20000320-1.c execution, -Os
FAIL: gcc.c-torture/execute/ieee/fp-cmp-2.c execution, -O0
FAIL: gcc.c-torture/execute/ieee/fp-cmp-2.c execution, -O1
FAIL: gcc.c-torture/execute/ieee/fp-cmp-2.c execution, -O2
FAIL: gcc.c-torture/execute/ieee/fp-cmp-2.c execution, -O3 -fomit-frame-pointer
FAIL: gcc.c-torture/execute/ieee/fp-cmp-2.c execution, -O3 -fomit-frame-pointer -funroll-loops
FAIL: gcc.c-torture/execute/ieee/fp-cmp-2.c execution, -O3 -fomit-frame-pointer -funroll-all-loops -finline-functions
FAIL: gcc.c-torture/execute/ieee/fp-cmp-2.c execution, -O3 -g
FAIL: gcc.c-torture/execute/ieee/fp-cmp-2.c execution, -Os
FAIL: gcc.c-torture/execute/ieee/fp-cmp-4.c execution, -O0
FAIL: gcc.c-torture/execute/ieee/fp-cmp-4.c execution, -O1
FAIL: gcc.c-torture/execute/ieee/fp-cmp-4.c execution, -O2
FAIL: gcc.c-torture/execute/ieee/fp-cmp-4.c execution, -O3 -fomit-frame-pointer
FAIL: gcc.c-torture/execute/ieee/fp-cmp-4.c execution, -O3 -fomit-frame-pointer -funroll-loops
FAIL: gcc.c-torture/execute/ieee/fp-cmp-4.c execution, -O3 -fomit-frame-pointer -funroll-all-loops -finline-functions
FAIL: gcc.c-torture/execute/ieee/fp-cmp-4.c execution, -O3 -g
FAIL: gcc.c-torture/execute/ieee/fp-cmp-4.c execution, -Os
FAIL: gcc.c-torture/execute/ieee/hugeval.c execution, -O0
FAIL: gcc.c-torture/execute/ieee/mzero2.c execution, -O0
FAIL: gcc.c-torture/execute/ieee/mzero2.c execution, -O1
FAIL: gcc.c-torture/execute/ieee/mzero2.c execution, -O2
FAIL: gcc.c-torture/execute/ieee/mzero2.c execution, -O3 -fomit-frame-pointer
FAIL: gcc.c-torture/execute/ieee/mzero2.c execution, -O3 -g
FAIL: gcc.c-torture/execute/ieee/mzero2.c execution, -Os
XPASS: gcc.c-torture/execute/memcheck/blkarg.c execution, -O0
XPASS: gcc.c-torture/execute/memcheck/blkarg.c execution, -O1
XPASS: gcc.c-torture/execute/memcheck/blkarg.c execution, -O2
XPASS: gcc.c-torture/execute/memcheck/blkarg.c execution, -Os
FAIL: gcc.c-torture/unsorted/loop386.c, -O3 -g
FAIL: gcc.dg/20000926-1.c (test for warnings, line 25)
FAIL: gcc.dg/20001117-1.c (test for excess errors)
FAIL: gcc.dg/c99-array-nonobj-1.c (test for excess errors)
FAIL: gcc.dg/sequence-pt-1.c bogus sequence point warning (test for bogus messages, line 55)
FAIL: gcc.dg/sequence-pt-1.c bogus sequence point warning (test for bogus messages, line 65)
FAIL: gcc.dg/noncompile/940510-1.c (test for errors, line 1)
FAIL: gcc.dg/noncompile/940510-1.c (test for errors, line 1)
FAIL: gcc.dg/noncompile/940510-1.c (test for errors, line 1)
FAIL: gcc.dg/noncompile/940510-1.c (test for errors, line 1)
FAIL: gcc.dg/noncompile/940510-1.c (test for errors, line 1)
FAIL: gcc.dg/noncompile/940510-1.c (test for errors, line 1)
FAIL: gcc.misc-tests/mg.c
=== gcc Summary ===
# of expected passes 12919
# of unexpected failures 48
# of unexpected successes 4
# of expected failures 75
# of unsupported tests 47
/usr/src/redhat/BUILD/obj-alpha-linux/gcc/xgcc version 2.97 20001122 (experimental)
=== g++ tests ===
Running target unix
FAIL: g++.eh/badalloc1.C Execution test
FAIL: g++.ext/instantiate1.C not instantiated (test for errors, line 20)
FAIL: g++.ext/instantiate3.C not instantiated (test for errors, line 13)
FAIL: g++.mike/dyncast5.C Execution test
FAIL: g++.mike/offset1.C Execution test
FAIL: g++.mike/p3041.C Execution test
FAIL: g++.mike/p3139.C Execution test
FAIL: g++.mike/p4736b.C Execution test
FAIL: g++.mike/p4736c.C Execution test
FAIL: g++.mike/p6610a.C Execution test
FAIL: g++.mike/p6610b.C Execution test
FAIL: g++.mike/virt2.C Execution test
FAIL: g++.mike/virt5.C Execution test
FAIL: g++.other/crash18.C (test for excess errors)
FAIL: g++.other/loop2.C caused compiler crash
=== g++ Summary ===
# of expected passes 6074
# of unexpected failures 15
# of expected failures 102
# of untested testcases 18
/usr/src/redhat/BUILD/obj-alpha-linux/gcc/testsuite/../g++ version 2.97 20001122 (experimental)
=== g77 tests ===
Running target unix
=== g77 Summary ===
# of expected passes 877
=== objc tests ===
Running target unix
FAIL: objc/execute/fdecl.m compilation, -O
FAIL: objc/execute/np-1.m compilation, -O
FAIL: objc/execute/np-2.m compilation, -O
=== objc Summary ===
# of expected passes 46
# of unexpected failures 3
# of untested testcases 3
/usr/src/redhat/BUILD/obj-alpha-linux/gcc/xgcc version 2.97 20001122 (experimental)
Compiler version: 2.97 20001122 (experimental)
Platform: alpha-redhat-linux-gnu
configure flags: --host=alpha-redhat-linux --prefix=/usr --enable-shared --enable-threads
Counting all warnings,
there are 274 warnings in stage3 of this bootstrap.
Number of warnings per file:
41 genrtl.c
15 ../../gcc/gcc/reload1.c
13 ../../gcc/gcc/objc/objc-act.c
10 ../../gcc/gcc/loop.c
10 ../../gcc/gcc/combine.c
9 ../../gcc/gcc/genrecog.c
8 ../../gcc/gcc/gcse.c
7 ../../gcc/gcc/reload.c
7 ../../gcc/gcc/haifa-sched.c
7 ../../gcc/gcc/c-common.c
6 ../../gcc/gcc/tree.c
6 ../../gcc/gcc/gcc.c
6 ../../gcc/gcc/cse.c
5 ../../gcc/gcc/tradcpp.c
5 ../../gcc/gcc/regclass.c
5 ../../gcc/gcc/fold-const.c
5 ../../gcc/gcc/flow.c
5 ../../gcc/gcc/cp/error.c
5 ../../gcc/gcc/config/alpha/alpha.c
5 ../../gcc/gcc/calls.c
4 ../../gcc/gcc/unroll.c
4 ../../gcc/gcc/local-alloc.c
4 ../../gcc/gcc/libgcc2.c
4 ../../gcc/gcc/java/lex.c
4 ../../gcc/gcc/genoutput.c
4 ../../gcc/gcc/emit-rtl.c
4 ../../gcc/gcc/dependence.c
3 ../../gcc/gcc/varasm.c
3 ../../gcc/gcc/global.c
3 ../../gcc/gcc/ggc-page.c
3 ../../gcc/gcc/gcov.c
3 ../../gcc/gcc/expr.c
3 ../../gcc/gcc/alias.c
3 cxxmain.c
2 insn-extract.c
2 ../../gcc/gcc/ssa.c
2 ../../gcc/gcc/rtl.c
2 ../../gcc/gcc/java/jvspec.c
2 ../../gcc/gcc/integrate.c
2 ../../gcc/gcc/genextract.c
2 ../../gcc/gcc/dwarf2out.c
2 ../../gcc/gcc/diagnostic.c
2 ../../gcc/gcc/c-lex.c
1 hashtab.c
1 ../../gcc/gcc/varray.c
1 ../../gcc/gcc/timevar.c
1 ../../gcc/gcc/stmt.c
1 ../../gcc/gcc/simplify-rtx.c
1 ../../gcc/gcc/sdbout.c
1 ../../gcc/gcc/sbitmap.c
1 ../../gcc/gcc/recog.c
1 ../../gcc/gcc/print-tree.c
1 ../../gcc/gcc/objc/lang-specs.h
1 ../../gcc/gcc/mkdeps.c
1 ../../gcc/gcc/jump.c
1 ../../gcc/gcc/java/jcf-write.c
1 ../../gcc/gcc/hash.c
1 ../../gcc/gcc/ggc-common.c
1 ../../gcc/gcc/genattrtab.c
1 ../../gcc/gcc/function.c
1 ../../gcc/gcc/f/lang-specs.h
1 ../../gcc/gcc/final.c
1 ../../gcc/gcc/dbxout.c
1 ../../gcc/gcc/cpplib.c
1 ../../gcc/gcc/cppinit.c
1 ../../gcc/gcc/cppexp.c
1 ../../gcc/gcc/cp/lang-specs.h
1 ../../gcc/gcc/cp/errfn.c
1 ../../gcc/gcc/conflict.c
1 ../../gcc/gcc/collect2.c
Number of warning types:
218 value computed is not used
15 comparison between signed and unsigned
13 \`???' might be used uninitialized in this function
6 string length \`???' is greater than the minimum length \`???' ISO C89 is required to support
5 initialization from incompatible pointer type
4 passing arg ??? of \`???' from incompatible pointer type
3 function declaration isn't a prototype
2 no previous prototype for \`???'
2 assignment discards qualifiers from pointer target type
1 traditional C rejects string concatenation
1 pointer targets in passing arg ??? of \`???' differ in signedness
1 \`long' switch expression not converted to \`int' in ISO C
1 function-like macro \`strcmp' must be used with arguments in traditional C
1 field precision is not type int (arg ???)
1 cast from pointer to integer of different size
More information about the Gcc-testresults
mailing list