Results for 2.97 20001120 (experimental) testsuite on i686-pc-linux-gnuX-Mailer: VM 6.82 under Emacs 20.7.1
David Ronis
ronis@ronispc.chem.mcgill.ca
Tue Nov 21 11:09:00 GMT 2000
Native configuration is i686-pc-linux-gnu
=== libio tests ===
Running target unix
FAIL: hounddog.cc compilation
FAIL: hounddog.cc compilation -b0
FAIL: hounddog.cc compilation -b2
FAIL: putbackdog.cc compilation
FAIL: putbackdog.cc compilation -b0
FAIL: putbackdog.cc compilation -b2
FAIL: tFile.cc compilation
FAIL: tFile.cc compilation -b0
FAIL: tFile.cc compilation -b3
FAIL: tiomanip.cc compilation
FAIL: tiomisc.cc compilation
=== libio Summary ===
# of expected passes 7
# of unexpected failures 11
# of expected failures 22
=== libstdc++ tests ===
Running target unix
FAIL: tcomplex.cc compilation
FAIL: tcomplex.cc -O compilation
FAIL: tlist.cc compilation
FAIL: tlist.cc -O compilation
FAIL: tmap.cc compilation
FAIL: tmap.cc -O compilation
FAIL: tstring.cc compilation
FAIL: tstring.cc -O compilation
FAIL: tvector.cc compilation
FAIL: tvector.cc -O compilation
=== libstdc++ Summary ===
# of unexpected failures 10
# of expected failures 20
=== gcc tests ===
Running target unix
FAIL: gcc.c-torture/compile/20001116-1.c, -O0
FAIL: gcc.c-torture/compile/20001116-1.c, -O1
FAIL: gcc.c-torture/compile/20001116-1.c, -O2
FAIL: gcc.c-torture/compile/20001116-1.c, -O3 -fomit-frame-pointer
FAIL: gcc.c-torture/compile/20001116-1.c, -O3 -g
FAIL: gcc.c-torture/compile/20001116-1.c, -Os
FAIL: gcc.c-torture/execute/20001009-1.c execution, -O1
FAIL: gcc.c-torture/execute/20001009-1.c execution, -O2
FAIL: gcc.c-torture/execute/20001009-1.c execution, -O3 -fomit-frame-pointer
FAIL: gcc.c-torture/execute/20001009-1.c execution, -O3 -g
FAIL: gcc.c-torture/execute/20001009-1.c execution, -Os
FAIL: gcc.c-torture/execute/960608-1.c execution, -O3 -fomit-frame-pointer
FAIL: gcc.c-torture/execute/960608-1.c execution, -O3 -g
FAIL: gcc.c-torture/execute/loop-2b.c execution, -O2
FAIL: gcc.c-torture/execute/loop-7.c execution, -O2
FAIL: gcc.c-torture/execute/loop-7.c execution, -O3 -fomit-frame-pointer
FAIL: gcc.c-torture/execute/loop-7.c execution, -O3 -fomit-frame-pointer -funroll-loops
FAIL: gcc.c-torture/execute/loop-7.c execution, -O3 -fomit-frame-pointer -funroll-all-loops -finline-functions
FAIL: gcc.c-torture/execute/loop-7.c execution, -O3 -g
FAIL: gcc.c-torture/execute/loop-7.c execution, -Os
FAIL: gcc.dg/20000503-1.c (test for excess errors)
FAIL: gcc.dg/20000724-1.c execution test
FAIL: gcc.dg/20000926-1.c (test for warnings, line 25)
FAIL: gcc.dg/20001117-1.c (test for excess errors)
FAIL: gcc.dg/991214-1.c (test for excess errors)
FAIL: gcc.dg/c99-array-nonobj-1.c (test for excess errors)
FAIL: gcc.dg/sequence-pt-1.c bogus sequence point warning (test for bogus messages, line 55)
FAIL: gcc.dg/sequence-pt-1.c bogus sequence point warning (test for bogus messages, line 65)
FAIL: gcc.dg/noncompile/940510-1.c (test for errors, line 1)
FAIL: gcc.dg/noncompile/940510-1.c (test for errors, line 1)
FAIL: gcc.dg/noncompile/940510-1.c (test for errors, line 1)
FAIL: gcc.dg/noncompile/940510-1.c (test for errors, line 1)
FAIL: gcc.dg/noncompile/940510-1.c (test for errors, line 1)
FAIL: gcc.dg/noncompile/940510-1.c (test for errors, line 1)
=== gcc Summary ===
# of expected passes 12941
# of unexpected failures 34
# of expected failures 81
# of unsupported tests 21
/home/ronis/Project/notar/objdir/gcc/xgcc version 2.97 20001120 (experimental)
=== g++ tests ===
Running target unix
=== g77 tests ===
Running target unix
XPASS: g77.f-torture/execute/20001111.f execution, -O0
FAIL: g77.f-torture/execute/short.f execution, -Os
=== g77 Summary ===
# of expected passes 868
# of unexpected failures 1
# of unexpected successes 1
# of expected failures 7
=== objc tests ===
Running target unix
FAIL: objc/execute/np-1.m compilation, -O
FAIL: objc/execute/np-2.m compilation, -O
=== objc Summary ===
# of expected passes 46
# of unexpected failures 2
# of untested testcases 2
/home/ronis/Project/notar/objdir/gcc/xgcc version 2.97 20001120 (experimental)
Compiler version: 2.97 20001120 (experimental)
Platform: i686-pc-linux-gnu
configure flags: --host=i686-pc-linux-gnu --prefix=/usr --with-gnu-as --enable-shared --with-gnu-ld --enable-threads=posix
BOOT_CFLAGS=-O3 -march=i686 -funroll-loops -ffast-math -fomit-frame-pointer -fforce-mem -fforce-addr -malign-jumps=3 -malign-functions=3 -malign-loops=3 -mpreferred-stack-boundary=3
CFLAGS (set before configure)=-O3 -march=i686 -funroll-loops -ffast-math -fomit-frame-pointer -fforce-mem -fforce-addr -malign-jumps=3 -malign-functions=3 -malign-loops=3 -mpreferred-stack-boundary=3
CXXFLAGS (set before configure)=-O3 -march=i686 -funroll-loops -ffast-math -fomit-frame-pointer -fforce-mem -fforce-addr -malign-jumps=3 -malign-functions=3 -malign-loops=3 -mpreferred-stack-boundary=3
Counting all warnings,
there are 278 warnings in stage3 of this bootstrap.
Number of warnings per file:
41 genrtl.c
28 ../../gcc/gcc/combine.c
17 ../../gcc/gcc/real.c
17 ../../gcc/gcc/expr.c
13 ../../gcc/gcc/config/i386/i386.c
12 ../../gcc/gcc/reg-stack.c
12 ../../gcc/gcc/objc/objc-act.c
11 ../../gcc/gcc/cse.c
10 ../../gcc/gcc/reload1.c
8 ../../gcc/gcc/genrecog.c
7 ../../gcc/gcc/reload.c
6 ../../gcc/gcc/haifa-sched.c
6 ../../gcc/gcc/gcc.c
6 ../../gcc/gcc/fold-const.c
5 ../../gcc/gcc/loop.c
5 ../../gcc/gcc/flow.c
5 ../../gcc/gcc/cp/error.c
5 ../../gcc/gcc/c-common.c
4 ../../gcc/gcc/java/lex.c
4 ../../gcc/gcc/genoutput.c
4 ../../gcc/gcc/dependence.c
3 cxxmain.c
3 ../../gcc/gcc/tree.c
3 ../../gcc/gcc/regclass.c
3 ../../gcc/gcc/gcov.c
2 insn-extract.c
2 ../../gcc/gcc/varasm.c
2 ../../gcc/gcc/libgcc2.c
2 ../../gcc/gcc/java/jvspec.c
2 ../../gcc/gcc/global.c
2 ../../gcc/gcc/function.c
2 ../../gcc/gcc/diagnostic.c
2 ../../gcc/gcc/c-lex.c
2 ../../gcc/gcc/alias.c
1 ../../gcc/gcc/tradcpp.c
1 ../../gcc/gcc/timevar.c
1 ../../gcc/gcc/ssa.c
1 ../../gcc/gcc/simplify-rtx.c
1 ../../gcc/gcc/rtl.c
1 ../../gcc/gcc/recog.c
1 ../../gcc/gcc/print-tree.c
1 ../../gcc/gcc/objc/lang-specs.h
1 ../../gcc/gcc/mkdeps.c
1 ../../gcc/gcc/ggc-page.c
1 ../../gcc/gcc/genextract.c
1 ../../gcc/gcc/gcse.c
1 ../../gcc/gcc/final.c
1 ../../gcc/gcc/f/lang-specs.h
1 ../../gcc/gcc/expmed.c
1 ../../gcc/gcc/emit-rtl.c
1 ../../gcc/gcc/dwarfout.c
1 ../../gcc/gcc/cpplib.c
1 ../../gcc/gcc/cppinit.c
1 ../../gcc/gcc/cp/lang-specs.h
1 ../../gcc/gcc/cp/errfn.c
1 ../../gcc/gcc/collect2.c
Number of warning types:
156 value computed is not used
77 comparison between signed and unsigned
13 \`???' might be used uninitialized in this function
7 string length \`???' is greater than the minimum length \`???' ISO C89 is required to support
6 signed and unsigned type in conditional expression
5 initialization from incompatible pointer type
4 passing arg ??? of \`???' from incompatible pointer type
3 unused variable \`???'
2 function declaration isn't a prototype
1 pointer targets in passing arg ??? of \`???' differ in signedness
1 passing arg ??? of \`???' discards qualifiers from pointer target type
1 no previous prototype for \`???'
1 label \`???' defined but not used
1 function-like macro \`strcmp' must be used with arguments in traditional C
More information about the Gcc-testresults
mailing list