Results for 2.97 20001120 (experimental) testsuite on i586-pc-linux-gnu
Andris Pavenis
andris@hal.astr.lu.lv
Mon Nov 20 22:10:00 GMT 2000
Source: gcc mainline from CVS (last updated 2000 Nov 21 01:01 +0200)
System: Linux kernel 2.4.0-test10
glibc-2.2
binutils-2.10.0.33
Addons: libg++-2.8.1.3-20000914
Native configuration is i586-pc-linux-gnu
=== gcc tests ===
Running target unix
FAIL: gcc.c-torture/compile/20001116-1.c, -O0
FAIL: gcc.c-torture/compile/20001116-1.c, -O1
FAIL: gcc.c-torture/compile/20001116-1.c, -O2
FAIL: gcc.c-torture/compile/20001116-1.c, -O3 -fomit-frame-pointer
FAIL: gcc.c-torture/compile/20001116-1.c, -O3 -g
FAIL: gcc.c-torture/compile/20001116-1.c, -Os
FAIL: gcc.c-torture/execute/20001009-1.c execution, -O1
FAIL: gcc.c-torture/execute/20001009-1.c execution, -O2
FAIL: gcc.c-torture/execute/20001009-1.c execution, -O3 -fomit-frame-pointer
FAIL: gcc.c-torture/execute/20001009-1.c execution, -O3 -g
FAIL: gcc.c-torture/execute/20001009-1.c execution, -Os
FAIL: gcc.c-torture/execute/960608-1.c execution, -O3 -fomit-frame-pointer
FAIL: gcc.c-torture/execute/960608-1.c execution, -O3 -g
FAIL: gcc.c-torture/execute/loop-2b.c execution, -O2
FAIL: gcc.c-torture/execute/loop-7.c execution, -O2
FAIL: gcc.c-torture/execute/loop-7.c execution, -O3 -fomit-frame-pointer
FAIL: gcc.c-torture/execute/loop-7.c execution, -O3 -fomit-frame-pointer -funroll-loops
FAIL: gcc.c-torture/execute/loop-7.c execution, -O3 -fomit-frame-pointer -funroll-all-loops -finline-functions
FAIL: gcc.c-torture/execute/loop-7.c execution, -O3 -g
FAIL: gcc.c-torture/execute/loop-7.c execution, -Os
FAIL: gcc.dg/20000503-1.c (test for excess errors)
FAIL: gcc.dg/20000614-2.c execution test
FAIL: gcc.dg/20000724-1.c execution test
FAIL: gcc.dg/20000926-1.c (test for warnings, line 25)
FAIL: gcc.dg/20001117-1.c (test for excess errors)
FAIL: gcc.dg/991214-1.c (test for excess errors)
FAIL: gcc.dg/c90-scanf-1.c trailing % warning (test for warnings, line 124)
FAIL: gcc.dg/c90-scanf-1.c writing into NULL (test for warnings, line 125)
FAIL: gcc.dg/c90-scanf-1.c (test for excess errors)
FAIL: gcc.dg/c99-array-nonobj-1.c (test for excess errors)
FAIL: gcc.dg/sequence-pt-1.c bogus sequence point warning (test for bogus messages, line 55)
FAIL: gcc.dg/sequence-pt-1.c bogus sequence point warning (test for bogus messages, line 65)
FAIL: gcc.dg/sequence-pt-1.c (test for excess errors)
FAIL: gcc.dg/noncompile/940510-1.c (test for errors, line 1)
FAIL: gcc.dg/noncompile/940510-1.c (test for errors, line 1)
FAIL: gcc.dg/noncompile/940510-1.c (test for errors, line 1)
FAIL: gcc.dg/noncompile/940510-1.c (test for errors, line 1)
FAIL: gcc.dg/noncompile/940510-1.c (test for errors, line 1)
FAIL: gcc.dg/noncompile/940510-1.c (test for errors, line 1)
FAIL: gcc.misc-tests/mg.c
=== gcc Summary ===
# of expected passes 12935
# of unexpected failures 40
# of expected failures 81
# of unsupported tests 21
/disk2/cvs/egcs-curr/build/build.lnx/gcc/xgcc version 2.97 20001120 (experimental)
=== g++ tests ===
Running target unix
FAIL: g++.ext/instantiate1.C not instantiated (test for errors, line 18)
FAIL: g++.ext/instantiate1.C not instantiated (test for errors, line 20)
XPASS: g++.mike/p6610a.C Execution test
XPASS: g++.other/decl4.C - (test for bogus messages, line 8)
FAIL: g++.other/loop2.C caused compiler crash
XPASS: g++.robertl/eb55.C (test for excess errors)
FAIL: g++.warn/impint.C (test for excess errors)
=== g++ Summary ===
# of expected passes 6093
# of unexpected failures 4
# of unexpected successes 3
# of expected failures 102
# of untested testcases 9
/disk2/cvs/egcs-curr/build/build.lnx/gcc/testsuite/../g++ version 2.97 20001120 (experimental)
=== g77 tests ===
Running target unix
XPASS: g77.f-torture/execute/20001111.f execution, -O0
FAIL: g77.f-torture/execute/short.f execution, -Os
=== g77 Summary ===
# of expected passes 868
# of unexpected failures 1
# of unexpected successes 1
# of expected failures 7
=== objc tests ===
Running target unix
FAIL: objc/execute/np-1.m compilation, -O
FAIL: objc/execute/np-2.m compilation, -O
=== objc Summary ===
# of expected passes 44
# of unexpected failures 2
# of untested testcases 2
/disk2/cvs/egcs-curr/build/build.lnx/gcc/xgcc version 2.97 20001120 (experimental)
Compiler version: 2.97 20001120 (experimental)
Platform: i586-pc-linux-gnu
configure flags: --host=i586-pc-linux-gnu --enable-shared --with-gnu-ld --verbose --with-new-abi --enable-libstdcxx-v3 --enable-threads=posix
Counting all warnings,
there are 0 warnings in stage3 of this bootstrap.
Number of warnings per file:
Number of warning types:
More information about the Gcc-testresults
mailing list