Results for 2.97 20001119 (experimental) testsuite on sparc-sun-solaris2.8
lucier@math.purdue.edu
lucier@math.purdue.edu
Sun Nov 19 18:33:00 GMT 2000
Native configuration is sparc-sun-solaris2.8
=== gcc tests ===
Running target unix
FAIL: gcc.c-torture/compile/20001116-1.c, -O0
FAIL: gcc.c-torture/compile/20001116-1.c, -O1
FAIL: gcc.c-torture/compile/20001116-1.c, -O2
FAIL: gcc.c-torture/compile/20001116-1.c, -O3 -fomit-frame-pointer
FAIL: gcc.c-torture/compile/20001116-1.c, -O3 -g
FAIL: gcc.c-torture/compile/20001116-1.c, -Os
FAIL: gcc.c-torture/compile/920501-4.c, -O3 -fomit-frame-pointer
FAIL: gcc.c-torture/compile/920501-4.c, -O3 -fomit-frame-pointer -funroll-loops
FAIL: gcc.c-torture/compile/920501-4.c, -O3 -fomit-frame-pointer -funroll-all-loops -finline-functions
FAIL: gcc.c-torture/compile/920501-4.c, -O3 -g
FAIL: gcc.c-torture/compile/930603-1.c, -O3 -fomit-frame-pointer
FAIL: gcc.c-torture/compile/930603-1.c, -O3 -g
FAIL: gcc.c-torture/compile/941019-1.c, -O3 -fomit-frame-pointer
FAIL: gcc.c-torture/compile/941019-1.c, -O3 -g
FAIL: gcc.c-torture/compile/981007-1.c, -O3 -fomit-frame-pointer
FAIL: gcc.c-torture/compile/981007-1.c, -O3 -g
FAIL: gcc.c-torture/execute/920625-1.c compilation, -O3 -fomit-frame-pointer
FAIL: gcc.c-torture/execute/920625-1.c compilation, -O3 -fomit-frame-pointer -funroll-loops
FAIL: gcc.c-torture/execute/920625-1.c compilation, -O3 -fomit-frame-pointer -funroll-all-loops -finline-functions
FAIL: gcc.c-torture/execute/920625-1.c compilation, -O3 -g
FAIL: gcc.c-torture/execute/921112-1.c compilation, -O3 -fomit-frame-pointer
FAIL: gcc.c-torture/execute/921112-1.c compilation, -O3 -g
FAIL: gcc.c-torture/execute/930622-2.c execution, -O0
FAIL: gcc.c-torture/execute/930622-2.c execution, -O1
FAIL: gcc.c-torture/execute/930622-2.c execution, -O2
FAIL: gcc.c-torture/execute/930622-2.c compilation, -O3 -fomit-frame-pointer
FAIL: gcc.c-torture/execute/930622-2.c compilation, -O3 -g
FAIL: gcc.c-torture/execute/930622-2.c execution, -Os
FAIL: gcc.c-torture/execute/960215-1.c execution, -O1
FAIL: gcc.c-torture/execute/960215-1.c compilation, -O3 -fomit-frame-pointer
FAIL: gcc.c-torture/execute/960215-1.c compilation, -O3 -g
FAIL: gcc.c-torture/execute/960405-1.c compilation, -O3 -fomit-frame-pointer
FAIL: gcc.c-torture/execute/960405-1.c compilation, -O3 -g
FAIL: gcc.c-torture/execute/960513-1.c compilation, -O3 -fomit-frame-pointer
FAIL: gcc.c-torture/execute/960513-1.c compilation, -O3 -g
FAIL: gcc.c-torture/execute/991118-1.c compilation, -O3 -fomit-frame-pointer
FAIL: gcc.c-torture/execute/991118-1.c compilation, -O3 -g
FAIL: gcc.c-torture/execute/bf64-1.c compilation, -O3 -fomit-frame-pointer
FAIL: gcc.c-torture/execute/bf64-1.c compilation, -O3 -g
FAIL: gcc.c-torture/execute/loop-7.c execution, -O2
FAIL: gcc.c-torture/execute/loop-7.c execution, -O3 -fomit-frame-pointer
FAIL: gcc.c-torture/execute/loop-7.c execution, -O3 -fomit-frame-pointer -funroll-loops
FAIL: gcc.c-torture/execute/loop-7.c execution, -O3 -fomit-frame-pointer -funroll-all-loops -finline-functions
FAIL: gcc.c-torture/execute/loop-7.c execution, -O3 -g
FAIL: gcc.c-torture/execute/loop-7.c execution, -Os
FAIL: gcc.c-torture/execute/memcpy-bi.c compilation, -O3 -fomit-frame-pointer
FAIL: gcc.c-torture/execute/memcpy-bi.c compilation, -O3 -fomit-frame-pointer -funroll-loops
FAIL: gcc.c-torture/execute/memcpy-bi.c compilation, -O3 -fomit-frame-pointer -funroll-all-loops -finline-functions
FAIL: gcc.c-torture/execute/memcpy-bi.c compilation, -O3 -g
FAIL: gcc.c-torture/execute/regstack-1.c execution, -O1
FAIL: gcc.c-torture/execute/regstack-1.c compilation, -O3 -fomit-frame-pointer
FAIL: gcc.c-torture/execute/regstack-1.c compilation, -O3 -g
FAIL: gcc.c-torture/execute/struct-ret-1.c compilation, -O3 -fomit-frame-pointer
FAIL: gcc.c-torture/execute/struct-ret-1.c compilation, -O3 -g
FAIL: gcc.c-torture/execute/va-arg-5.c compilation, -O3 -fomit-frame-pointer
FAIL: gcc.c-torture/execute/va-arg-5.c compilation, -O3 -g
FAIL: gcc.c-torture/execute/va-arg-6.c compilation, -O3 -fomit-frame-pointer
FAIL: gcc.c-torture/execute/va-arg-6.c compilation, -O3 -g
FAIL: gcc.c-torture/execute/ieee/fp-cmp-3.c compilation, -O3 -fomit-frame-pointer
FAIL: gcc.c-torture/execute/ieee/fp-cmp-3.c compilation, -O3 -fomit-frame-pointer -funroll-loops
FAIL: gcc.c-torture/execute/ieee/fp-cmp-3.c compilation, -O3 -fomit-frame-pointer -funroll-all-loops -finline-functions
FAIL: gcc.c-torture/execute/ieee/fp-cmp-3.c compilation, -O3 -g
FAIL: gcc.c-torture/execute/memcheck/blkarg.c compilation, -O3 -fomit-frame-pointer
FAIL: gcc.c-torture/execute/memcheck/blkarg.c compilation, -O3 -g
FAIL: gcc.c-torture/unsorted/bcopy.c, -O3 -fomit-frame-pointer
FAIL: gcc.c-torture/unsorted/bcopy.c, -O3 -fomit-frame-pointer -funroll-loops
FAIL: gcc.c-torture/unsorted/bcopy.c, -O3 -fomit-frame-pointer -funroll-all-loops -finline-functions
FAIL: gcc.c-torture/unsorted/bcopy.c, -O3 -g
FAIL: gcc.c-torture/unsorted/dimove.c, -O3 -fomit-frame-pointer
FAIL: gcc.c-torture/unsorted/dimove.c, -O3 -g
FAIL: gcc.c-torture/unsorted/structret.c, -O3 -fomit-frame-pointer
FAIL: gcc.c-torture/unsorted/structret.c, -O3 -g
FAIL: gcc.c-torture/unsorted/s.c, -O3 -fomit-frame-pointer
FAIL: gcc.c-torture/unsorted/s.c, -O3 -g
FAIL: gcc.c-torture/unsorted/xdi.c, -O3 -fomit-frame-pointer
FAIL: gcc.c-torture/unsorted/xdi.c, -O3 -g
FAIL: gcc.dg/cpp/if-2.c wide charconst recognition (test for bogus messages, line 9)
FAIL: gcc.dg/20001013-1.c (test for excess errors)
XPASS: gcc.dg/c99-func-3.c execution test
FAIL: gcc.dg/sequence-pt-1.c bogus sequence point warning (test for bogus messages, line 55)
FAIL: gcc.dg/sequence-pt-1.c bogus sequence point warning (test for bogus messages, line 65)
FAIL: gcc.dg/ultrasp2.c (test for excess errors)
=== gcc Summary ===
# of expected passes 12806
# of unexpected failures 81
# of unexpected successes 1
# of expected failures 72
# of unresolved testcases 39
# of unsupported tests 47
/export/home/lucier/gcc/objdir/gcc/xgcc version 2.97 20001119 (experimental)
=== g++ tests ===
Running target unix
FAIL: g++.dg/special/conpr-1.C execution test
FAIL: g++.dg/special/conpr-2.C execution test
FAIL: g++.dg/special/conpr-3.C execution test
FAIL: g++.dg/special/conpr-3.C execution test
FAIL: g++.ext/initp1.C Execution test
FAIL: g++.ext/instantiate1.C not instantiated (test for errors, line 18)
FAIL: g++.ext/instantiate1.C not instantiated (test for errors, line 20)
FAIL: g++.ext/instantiate2.C not instantiated (test for errors, line 16)
FAIL: g++.ext/instantiate3.C not instantiated (test for errors, line 13)
FAIL: g++.other/crash18.C (test for excess errors)
FAIL: g++.other/crash24.C (test for excess errors)
XPASS: g++.other/decl4.C - (test for bogus messages, line 8)
FAIL: g++.other/loop2.C caused compiler crash
FAIL: g++.pt/static11.C Execution test
FAIL: g++.robertl/eb39.C (test for excess errors)
XPASS: g++.robertl/eb55.C (test for excess errors)
FAIL: g++.robertl/eb91.C (test for excess errors)
=== g++ Summary ===
# of expected passes 6072
# of unexpected failures 15
# of unexpected successes 2
# of expected failures 101
# of untested testcases 17
/export/home/lucier/gcc/objdir/gcc/testsuite/../g++ version 2.97 20001119 (experimental)
=== g77 tests ===
Running target unix
FAIL: g77.f-torture/compile/980310-3.f, -O3 -g
FAIL: g77.f-torture/compile/980310-4.f, -O3 -g
FAIL: g77.f-torture/execute/19990325-1.f compilation, -O3 -g
=== g77 Summary ===
# of expected passes 873
# of unexpected failures 3
# of untested testcases 1
=== objc tests ===
Running target unix
FAIL: objc/execute/bf-1.m compilation, -O
FAIL: objc/execute/bf-10.m compilation, -O
FAIL: objc/execute/bf-11.m compilation, -O
FAIL: objc/execute/bf-12.m compilation, -O
FAIL: objc/execute/bf-13.m compilation, -O
FAIL: objc/execute/bf-14.m compilation, -O
FAIL: objc/execute/bf-15.m compilation, -O
FAIL: objc/execute/bf-16.m compilation, -O
FAIL: objc/execute/bf-17.m compilation, -O
FAIL: objc/execute/bf-18.m compilation, -O
FAIL: objc/execute/bf-19.m compilation, -O
FAIL: objc/execute/bf-2.m compilation, -O
FAIL: objc/execute/bf-20.m compilation, -O
FAIL: objc/execute/bf-3.m compilation, -O
FAIL: objc/execute/bf-4.m compilation, -O
FAIL: objc/execute/bf-5.m compilation, -O
FAIL: objc/execute/bf-6.m compilation, -O
FAIL: objc/execute/bf-7.m compilation, -O
FAIL: objc/execute/bf-8.m compilation, -O
FAIL: objc/execute/bf-9.m compilation, -O
FAIL: objc/execute/np-1.m compilation, -O
FAIL: objc/execute/np-2.m compilation, -O
FAIL: objc/execute/string1.m compilation, -O
FAIL: objc/execute/string2.m compilation, -O
=== objc Summary ===
# of unexpected failures 24
# of untested testcases 24
/export/home/lucier/gcc/objdir/gcc/xgcc version 2.97 20001119 (experimental)
Compiler version: 2.97 20001119 (experimental)
Platform: sparc-sun-solaris2.8
configure flags: --host=sparc-sun-solaris2.8 --prefix=/pkgs/gcc-2.96 --enable-checking=no
Counting all warnings,
there are 106 warnings in stage3 of this bootstrap.
Number of warnings per file:
27 ../../gcc/combine.c
15 ../../gcc/expr.c
11 ../../gcc/cse.c
6 ../../gcc/libgcc2.c
5 ../../gcc/loop.c
5 ../../gcc/cp/error.c
5 ../../gcc/c-common.c
4 ../../gcc/reload.c
4 ../../gcc/gcc.c
4 ../../gcc/config/sparc/sparc.c
3 ../../gcc/reload1.c
2 ../../gcc/function.c
2 ../../gcc/fold-const.c
2 ../../gcc/alias.c
1 ../../gcc/objc/lang-specs.h
1 ../../gcc/java/jvspec.c
1 ../../gcc/haifa-sched.c
1 ../../gcc/flow.c
1 ../../gcc/final.c
1 ../../gcc/f/lang-specs.h
1 ../../gcc/expmed.c
1 ../../gcc/dwarfout.c
1 ../../gcc/dwarf2out.c
1 ../../gcc/cp/lang-specs.h
1 ../../gcc/cp/errfn.c
Number of warning types:
59 comparison between signed and unsigned
13 \`???' might be used uninitialized in this function
12 signed and unsigned type in conditional expression
8 string length \`???' is greater than the minimum length \`???' ISO C89 is required to support
5 initialization from incompatible pointer type
2 missing braces around initializer
2 function declaration isn't a prototype
2 (near initialization for \`???')
1 pointer targets in passing arg ??? of \`???' differ in signedness
1 passing arg ??? of \`???' discards qualifiers from pointer target type
1 implicit declaration of function \`???'
More information about the Gcc-testresults
mailing list