Results for 2.97 20001113 (experimental) testsuite on hppa2.0-hp-hpux10.20
RDBrown@mira.net
RDBrown@mira.net
Wed Nov 15 05:10:00 GMT 2000
Native configuration is hppa2.0-hp-hpux10.20
=== gcc tests ===
Running target unix
FAIL: gcc.c-torture/compile/941019-1.c, -O3 -fssa
FAIL: gcc.c-torture/compile/20000804-1.c, -O0
FAIL: gcc.c-torture/execute/20000726-1.c execution, -O3 -fomit-frame-pointer
FAIL: gcc.c-torture/execute/20000726-1.c execution, -O3 -g
FAIL: gcc.c-torture/execute/20000726-1.c execution, -O3 -fssa
FAIL: gcc.c-torture/execute/20001009-2.c execution, -O0
FAIL: gcc.c-torture/execute/20001009-2.c execution, -O1
FAIL: gcc.c-torture/execute/20001009-2.c execution, -O2
FAIL: gcc.c-torture/execute/20001009-2.c execution, -O3 -fomit-frame-pointer
FAIL: gcc.c-torture/execute/20001009-2.c execution, -O3 -fomit-frame-pointer -funroll-loops
FAIL: gcc.c-torture/execute/20001009-2.c execution, -O3 -fomit-frame-pointer -funroll-all-loops -finline-functions
FAIL: gcc.c-torture/execute/20001009-2.c execution, -O3 -g
FAIL: gcc.c-torture/execute/20001009-2.c execution, -O3 -fssa
FAIL: gcc.c-torture/execute/20001009-2.c execution, -Os
FAIL: gcc.c-torture/execute/920302-1.c execution, -O3 -fomit-frame-pointer
FAIL: gcc.c-torture/execute/920302-1.c execution, -O3 -fomit-frame-pointer -funroll-loops
FAIL: gcc.c-torture/execute/920302-1.c execution, -O3 -fomit-frame-pointer -funroll-all-loops -finline-functions
FAIL: gcc.c-torture/execute/920302-1.c execution, -O3 -g
FAIL: gcc.c-torture/execute/920302-1.c execution, -O3 -fssa
FAIL: gcc.c-torture/execute/920501-3.c execution, -O3 -fomit-frame-pointer
FAIL: gcc.c-torture/execute/920501-3.c execution, -O3 -fomit-frame-pointer -funroll-loops
FAIL: gcc.c-torture/execute/920501-3.c execution, -O3 -fomit-frame-pointer -funroll-all-loops -finline-functions
FAIL: gcc.c-torture/execute/920501-3.c execution, -O3 -g
FAIL: gcc.c-torture/execute/920501-3.c execution, -O3 -fssa
FAIL: gcc.c-torture/execute/930513-2.c compilation, -O3 -fssa
FAIL: gcc.c-torture/execute/930622-2.c compilation, -O3 -fssa
FAIL: gcc.c-torture/execute/960215-1.c execution, -O1
FAIL: gcc.c-torture/execute/960215-1.c compilation, -O3 -fssa
FAIL: gcc.c-torture/execute/960302-1.c execution, -O3 -fomit-frame-pointer
FAIL: gcc.c-torture/execute/960302-1.c execution, -O3 -g
FAIL: gcc.c-torture/execute/960302-1.c execution, -O3 -fssa
FAIL: gcc.c-torture/execute/960405-1.c compilation, -O3 -fssa
FAIL: gcc.c-torture/execute/960513-1.c compilation, -O3 -fssa
FAIL: gcc.c-torture/execute/980605-1.c execution, -O3 -fomit-frame-pointer
FAIL: gcc.c-torture/execute/980605-1.c execution, -O3 -g
FAIL: gcc.c-torture/execute/990128-1.c execution, -O3 -fomit-frame-pointer
FAIL: gcc.c-torture/execute/990128-1.c execution, -O3 -fomit-frame-pointer -funroll-loops
FAIL: gcc.c-torture/execute/990128-1.c execution, -O3 -fomit-frame-pointer -funroll-all-loops -finline-functions
FAIL: gcc.c-torture/execute/990128-1.c execution, -O3 -g
FAIL: gcc.c-torture/execute/990128-1.c execution, -O3 -fssa
FAIL: gcc.c-torture/execute/eeprof-1.c execution, -O3 -fomit-frame-pointer
FAIL: gcc.c-torture/execute/eeprof-1.c execution, -O3 -g
FAIL: gcc.c-torture/execute/eeprof-1.c execution, -O3 -fssa
FAIL: gcc.c-torture/execute/regstack-1.c execution, -O1
FAIL: gcc.c-torture/execute/regstack-1.c compilation, -O3 -fssa
FAIL: gcc.c-torture/execute/strct-stdarg-1.c execution, -O0
FAIL: gcc.c-torture/execute/strct-stdarg-1.c execution, -O1
FAIL: gcc.c-torture/execute/strct-stdarg-1.c execution, -O2
FAIL: gcc.c-torture/execute/strct-stdarg-1.c execution, -O3 -fomit-frame-pointer
FAIL: gcc.c-torture/execute/strct-stdarg-1.c execution, -O3 -fomit-frame-pointer -funroll-loops
FAIL: gcc.c-torture/execute/strct-stdarg-1.c execution, -O3 -fomit-frame-pointer -funroll-all-loops -finline-functions
FAIL: gcc.c-torture/execute/strct-stdarg-1.c execution, -O3 -g
FAIL: gcc.c-torture/execute/strct-stdarg-1.c execution, -O3 -fssa
FAIL: gcc.c-torture/execute/strct-stdarg-1.c execution, -Os
FAIL: gcc.c-torture/execute/va-arg-5.c compilation, -O3 -fssa
FAIL: gcc.c-torture/execute/va-arg-6.c compilation, -O3 -fssa
FAIL: gcc.c-torture/execute/ieee/fp-cmp-1.c execution, -O0
FAIL: gcc.c-torture/execute/ieee/fp-cmp-1.c execution, -O1
FAIL: gcc.c-torture/execute/ieee/fp-cmp-1.c execution, -O2
FAIL: gcc.c-torture/execute/ieee/fp-cmp-1.c execution, -O3 -fomit-frame-pointer
FAIL: gcc.c-torture/execute/ieee/fp-cmp-1.c execution, -O3 -fomit-frame-pointer -funroll-loops
FAIL: gcc.c-torture/execute/ieee/fp-cmp-1.c execution, -O3 -fomit-frame-pointer -funroll-all-loops -finline-functions
FAIL: gcc.c-torture/execute/ieee/fp-cmp-1.c execution, -O3 -g
FAIL: gcc.c-torture/execute/ieee/fp-cmp-1.c execution, -O3 -fssa
FAIL: gcc.c-torture/execute/ieee/fp-cmp-1.c execution, -Os
FAIL: gcc.c-torture/execute/ieee/fp-cmp-2.c execution, -O0
FAIL: gcc.c-torture/execute/ieee/fp-cmp-2.c execution, -O1
FAIL: gcc.c-torture/execute/ieee/fp-cmp-2.c execution, -O2
FAIL: gcc.c-torture/execute/ieee/fp-cmp-2.c execution, -O3 -fomit-frame-pointer
FAIL: gcc.c-torture/execute/ieee/fp-cmp-2.c execution, -O3 -fomit-frame-pointer -funroll-loops
FAIL: gcc.c-torture/execute/ieee/fp-cmp-2.c execution, -O3 -fomit-frame-pointer -funroll-all-loops -finline-functions
FAIL: gcc.c-torture/execute/ieee/fp-cmp-2.c execution, -O3 -g
FAIL: gcc.c-torture/execute/ieee/fp-cmp-2.c execution, -O3 -fssa
FAIL: gcc.c-torture/execute/ieee/fp-cmp-2.c execution, -Os
FAIL: gcc.c-torture/execute/ieee/fp-cmp-3.c compilation, -O3 -fssa
FAIL: gcc.c-torture/execute/ieee/fp-cmp-4.c compilation, -O0
FAIL: gcc.c-torture/execute/ieee/fp-cmp-4.c compilation, -O1
FAIL: gcc.c-torture/execute/ieee/fp-cmp-4.c compilation, -O2
FAIL: gcc.c-torture/execute/ieee/fp-cmp-4.c compilation, -O3 -fomit-frame-pointer
FAIL: gcc.c-torture/execute/ieee/fp-cmp-4.c compilation, -O3 -fomit-frame-pointer -funroll-loops
FAIL: gcc.c-torture/execute/ieee/fp-cmp-4.c compilation, -O3 -fomit-frame-pointer -funroll-all-loops -finline-functions
FAIL: gcc.c-torture/execute/ieee/fp-cmp-4.c compilation, -O3 -g
FAIL: gcc.c-torture/execute/ieee/fp-cmp-4.c compilation, -O3 -fssa
FAIL: gcc.c-torture/execute/ieee/fp-cmp-4.c compilation, -Os
FAIL: gcc.c-torture/execute/ieee/hugeval.c execution, -O0
FAIL: gcc.c-torture/execute/ieee/hugeval.c execution, -O1
FAIL: gcc.c-torture/execute/ieee/hugeval.c execution, -O2
FAIL: gcc.c-torture/execute/ieee/hugeval.c execution, -O3 -fomit-frame-pointer
FAIL: gcc.c-torture/execute/ieee/hugeval.c execution, -O3 -g
FAIL: gcc.c-torture/execute/ieee/hugeval.c execution, -O3 -fssa
FAIL: gcc.c-torture/execute/ieee/hugeval.c execution, -Os
FAIL: gcc.c-torture/execute/ieee/mzero2.c execution, -O1
FAIL: gcc.c-torture/execute/ieee/mzero2.c execution, -O2
FAIL: gcc.c-torture/execute/ieee/mzero2.c execution, -O3 -fomit-frame-pointer
FAIL: gcc.c-torture/execute/ieee/mzero2.c execution, -O3 -g
FAIL: gcc.c-torture/execute/ieee/mzero2.c execution, -O3 -fssa
FAIL: gcc.c-torture/execute/ieee/mzero2.c execution, -Os
FAIL: gcc.dg/cpp/assert1.c (test for excess errors)
FAIL: gcc.dg/cpp/cmdlne-dD.c (test for excess errors)
FAIL: gcc.dg/cpp/tr-warn3.c ^#ext (test for warnings, line 51)
FAIL: gcc.dg/cpp/tr-warn3.c ^# ext (test for warnings, line 52)
FAIL: gcc.dg/20000419-2.c (test for excess errors)
FAIL: gcc.dg/asm-fs-1.c scan-assembler-not
FAIL: gcc.dg/asm-fs-1.c scan-assembler-not
FAIL: gcc.dg/asm-names.c (test for excess errors)
FAIL: gcc.dg/c99-array-nonobj-1.c (test for excess errors)
XPASS: gcc.dg/c99-func-3.c execution test
FAIL: gcc.dg/c99-printf-1.c (test for excess errors)
FAIL: gcc.dg/c99-scanf-1.c (test for excess errors)
FAIL: gcc.dg/sequence-pt-1.c bogus sequence point warning (test for bogus messages, line 55)
FAIL: gcc.dg/sequence-pt-1.c bogus sequence point warning (test for bogus messages, line 65)
=== gcc Summary ===
# of expected passes 14382
# of unexpected failures 110
# of unexpected successes 1
# of expected failures 77
# of unresolved testcases 21
# of unsupported tests 53
/devel/span/rdb/src/gcc-20001113.obj/gcc/xgcc version 2.97 20001113 (experimental)
=== g++ tests ===
Running target unix
=== g77 tests ===
Running target unix
FAIL: g77.f-torture/execute/19990325-0.f execution, -O3 -g
FAIL: g77.f-torture/execute/19990325-0.f execution, -O3 -fssa
FAIL: g77.f-torture/execute/19990325-1.f execution, -O3 -g
FAIL: g77.f-torture/execute/19990325-1.f execution, -O3 -fssa
FAIL: g77.f-torture/execute/19990419-1.f execution, -O3 -g
FAIL: g77.f-torture/execute/19990419-1.f execution, -O3 -fssa
FAIL: g77.f-torture/execute/20000503-1.f execution, -O3 -g
FAIL: g77.f-torture/execute/20000503-1.f execution, -O3 -fssa
FAIL: g77.f-torture/execute/dnrm2.f execution, -O3 -g
=== g77 Summary ===
# of expected passes 1001
# of unexpected failures 9
=== objc tests ===
Running target unix
FAIL: objc/execute/np-1.m compilation, -O
FAIL: objc/execute/np-2.m compilation, -O
=== objc Summary ===
# of expected passes 44
# of unexpected failures 2
# of untested testcases 2
/devel/span/rdb/src/gcc-20001113.obj/gcc/xgcc version 2.97 20001113 (experimental)
Compiler version: 2.97 20001113 (experimental)
Platform: hppa2.0-hp-hpux10.20
configure flags: --host=hppa2.0-hp-hpux10.20 --with-gnu-as
Counting all warnings,
there are 205 warnings in stage3 of this bootstrap.
Number of warnings per file:
30 ../../gcc-20001113/gcc/expr.c
27 ../../gcc-20001113/gcc/combine.c
15 ../../gcc-20001113/gcc/config/pa/pa.c
11 ../../gcc-20001113/gcc/reload.c
11 ../../gcc-20001113/gcc/recog.c
11 ../../gcc-20001113/gcc/cse.c
11 ../../gcc-20001113/gcc/calls.c
9 ../../gcc-20001113/gcc/loop.c
8 quadlib.c
7 ../../gcc-20001113/gcc/varasm.c
7 ../../gcc-20001113/gcc/reload1.c
6 ../../gcc-20001113/gcc/function.c
5 ../../gcc-20001113/gcc/libgcc2.c
5 ../../gcc-20001113/gcc/cp/error.c
5 ../../gcc-20001113/gcc/c-common.c
4 obstack.c
4 ../../gcc-20001113/gcc/java/lex.c
4 ../../gcc-20001113/gcc/c-common.h
2 alloca.c
2 ../../gcc-20001113/gcc/gcc.c
2 ../../gcc-20001113/gcc/fold-const.c
2 ../../gcc-20001113/gcc/config/pa/pa.md
2 ../../gcc-20001113/gcc/alias.c
1 insn-output.c
1 ../../gcc-20001113/gcc/regmove.c
1 ../../gcc-20001113/gcc/regclass.c
1 ../../gcc-20001113/gcc/objc/lang-specs.h
1 ../../gcc-20001113/gcc/java/jvspec.c
1 ../../gcc-20001113/gcc/haifa-sched.c
1 ../../gcc-20001113/gcc/flow.c
1 ../../gcc-20001113/gcc/final.c
1 ../../gcc-20001113/gcc/f/lang-specs.h
1 ../../gcc-20001113/gcc/expmed.c
1 ../../gcc-20001113/gcc/cp/search.c
1 ../../gcc-20001113/gcc/cp/lang-specs.h
1 ../../gcc-20001113/gcc/cp/errfn.c
1 ../../gcc-20001113/gcc/collect2.c
1 ../../gcc-20001113/gcc/c-lex.c
Number of warning types:
74 comparison between signed and unsigned
39 integer constant larger than the maximum value of an unsigned long int
23 signed and unsigned type in conditional expression
15 \`???' might be used uninitialized in this function
9 no previous prototype for \`???'
8 function declaration isn't a prototype
6 string length \`???' is greater than the minimum length \`???' ISO C89 is required to support
5 initialization from incompatible pointer type
4 passing arg ??? of \`???' from incompatible pointer type
4 large integer implicitly truncated to unsigned type
4 ??? format, ??? arg (arg ???)
3 unused parameter \`???'
2 unused variable \`???'
2 pointer targets in passing arg ??? of \`???' differ in signedness
2 \`???' not in PREDICATE_CODES
1 value computed is not used
1 parameter has incomplete type
1 its scope is only this definition or declaration, which is probably not what you want.
1 \`???' declared inside parameter list
1 ISO C forbids forward references to \`???' types
More information about the Gcc-testresults
mailing list