Results for 2.97 20001030 (experimental) testsuite on mips-sgi-irix6.3
Oliva Alexandre
oliva@donald.dcc.unicamp.br
Fri Nov 3 19:46:00 GMT 2000
Native configuration is mips-sgi-irix6.3
=== binutils tests ===
Running target unix
=== binutils Summary ===
# of expected passes 2
# of unresolved testcases 2
=== g++ tests ===
Running target unix
FAIL: g++.dg/special/conpr-1.C execution test
FAIL: g++.dg/special/conpr-2.C execution test
FAIL: g++.dg/special/conpr-3.C execution test
FAIL: g++.dg/special/conpr-3.C execution test
FAIL: g++.ext/initp1.C Execution test
FAIL: g++.ext/instantiate1.C not instantiated (test for errors, line 18)
FAIL: g++.ext/instantiate1.C not instantiated (test for errors, line 20)
FAIL: g++.ext/instantiate2.C not instantiated (test for errors, line 16)
FAIL: g++.ext/instantiate3.C not instantiated (test for errors, line 13)
FAIL: g++.other/crash18.C (test for excess errors)
FAIL: g++.other/incomplete.C caused compiler crash
FAIL: g++.other/loop2.C caused compiler crash
FAIL: g++.other/new3.C Execution test
FAIL: g++.pt/crash9.C caused compiler crash
=== g++ Summary ===
# of expected passes 6024
# of unexpected failures 14
# of expected failures 97
# of untested testcases 18
/tmp_mnt/n/test/test/build-area/mips-sgi-irix6.3/egcs/gcc/testsuite/../g++ version 2.97 20001030 (experimental)
=== g77 tests ===
Running target unix
FAIL: g77.f-torture/compile/20000629-1.f, -O3 -g
FAIL: g77.f-torture/compile/20000511-2.f, -O3 -g
FAIL: g77.f-torture/compile/980310-3.f, -O3 -g
FAIL: g77.f-torture/compile/980310-4.f, -O3 -g
FAIL: g77.f-torture/compile/980310-7.f, -O3 -g
FAIL: g77.f-torture/execute/19981119-0.f compilation, -O3 -g
FAIL: g77.f-torture/execute/auto0.f compilation, -O3 -g
FAIL: g77.f-torture/execute/auto1.f compilation, -O3 -g
FAIL: g77.f-torture/execute/labug1.f compilation, -O3 -g
FAIL: g77.f-torture/execute/labug1.f compilation, -O3 -fssa
FAIL: g77.f-torture/execute/short.f execution, -Os
=== g77 Summary ===
# of expected passes 976
# of unexpected failures 11
# of untested testcases 5
=== gcc tests ===
Running target unix
FAIL: gcc.c-torture/compile/920723-1.c, -O3 -fomit-frame-pointer -funroll-all-loops -finline-functions
FAIL: gcc.c-torture/execute/20000917-1.c compilation, -O3 -fssa
FAIL: gcc.c-torture/execute/20001009-2.c execution, -O0
FAIL: gcc.c-torture/execute/20001009-2.c execution, -O1
FAIL: gcc.c-torture/execute/20001009-2.c execution, -O2
FAIL: gcc.c-torture/execute/20001009-2.c execution, -O3 -fomit-frame-pointer
FAIL: gcc.c-torture/execute/20001009-2.c execution, -O3 -fomit-frame-pointer -funroll-loops
FAIL: gcc.c-torture/execute/20001009-2.c execution, -O3 -fomit-frame-pointer -funroll-all-loops -finline-functions
FAIL: gcc.c-torture/execute/20001009-2.c execution, -O3 -g
FAIL: gcc.c-torture/execute/20001009-2.c execution, -O3 -fssa
FAIL: gcc.c-torture/execute/20001009-2.c execution, -Os
FAIL: gcc.c-torture/execute/920410-1.c compilation, -O3 -fomit-frame-pointer
FAIL: gcc.c-torture/execute/920410-1.c compilation, -O3 -g
FAIL: gcc.c-torture/execute/920410-1.c compilation, -O3 -fssa
FAIL: gcc.c-torture/execute/921113-1.c compilation, -O3 -fomit-frame-pointer
FAIL: gcc.c-torture/execute/921113-1.c compilation, -O3 -g
FAIL: gcc.c-torture/execute/921113-1.c compilation, -O3 -fssa
FAIL: gcc.c-torture/execute/921208-2.c compilation, -O3 -fomit-frame-pointer
FAIL: gcc.c-torture/execute/921208-2.c compilation, -O3 -fomit-frame-pointer -funroll-loops
FAIL: gcc.c-torture/execute/921208-2.c compilation, -O3 -fomit-frame-pointer -funroll-all-loops -finline-functions
FAIL: gcc.c-torture/execute/921208-2.c compilation, -O3 -g
FAIL: gcc.c-torture/execute/921208-2.c compilation, -O3 -fssa
FAIL: gcc.c-torture/execute/930106-1.c compilation, -O3 -fomit-frame-pointer
FAIL: gcc.c-torture/execute/930106-1.c compilation, -O3 -g
FAIL: gcc.c-torture/execute/930106-1.c compilation, -O3 -fssa
FAIL: gcc.c-torture/execute/memcpy-1.c compilation, -O3 -fomit-frame-pointer
FAIL: gcc.c-torture/execute/memcpy-1.c compilation, -O3 -fomit-frame-pointer -funroll-loops
FAIL: gcc.c-torture/execute/memcpy-1.c compilation, -O3 -fomit-frame-pointer -funroll-all-loops -finline-functions
FAIL: gcc.c-torture/execute/memcpy-1.c compilation, -O3 -g
FAIL: gcc.c-torture/execute/memcpy-1.c compilation, -O3 -fssa
FAIL: gcc.c-torture/execute/va-arg-15.c execution, -O0
FAIL: gcc.c-torture/execute/va-arg-15.c execution, -O1
FAIL: gcc.c-torture/execute/va-arg-15.c execution, -O2
FAIL: gcc.c-torture/execute/va-arg-15.c execution, -O3 -fomit-frame-pointer
FAIL: gcc.c-torture/execute/va-arg-15.c execution, -O3 -fomit-frame-pointer -funroll-loops
FAIL: gcc.c-torture/execute/va-arg-15.c execution, -O3 -fomit-frame-pointer -funroll-all-loops -finline-functions
FAIL: gcc.c-torture/execute/va-arg-15.c execution, -O3 -g
FAIL: gcc.c-torture/execute/va-arg-15.c execution, -O3 -fssa
FAIL: gcc.c-torture/execute/va-arg-15.c execution, -Os
FAIL: gcc.c-torture/execute/va-arg-16.c execution, -O0
FAIL: gcc.c-torture/execute/va-arg-16.c execution, -O1
FAIL: gcc.c-torture/execute/va-arg-16.c execution, -O2
FAIL: gcc.c-torture/execute/va-arg-16.c execution, -O3 -fomit-frame-pointer
FAIL: gcc.c-torture/execute/va-arg-16.c execution, -O3 -g
FAIL: gcc.c-torture/execute/va-arg-16.c execution, -O3 -fssa
FAIL: gcc.c-torture/execute/va-arg-16.c execution, -Os
FAIL: gcc.c-torture/execute/va-arg-17.c execution, -O0
FAIL: gcc.c-torture/execute/va-arg-17.c execution, -O1
FAIL: gcc.c-torture/execute/va-arg-17.c execution, -O2
FAIL: gcc.c-torture/execute/va-arg-17.c execution, -O3 -fomit-frame-pointer
FAIL: gcc.c-torture/execute/va-arg-17.c execution, -O3 -g
FAIL: gcc.c-torture/execute/va-arg-17.c execution, -O3 -fssa
FAIL: gcc.c-torture/execute/va-arg-17.c execution, -Os
FAIL: gcc.c-torture/execute/ieee/fp-cmp-4.c compilation, -O0
FAIL: gcc.c-torture/execute/ieee/fp-cmp-4.c compilation, -O1
FAIL: gcc.c-torture/execute/ieee/fp-cmp-4.c compilation, -O2
FAIL: gcc.c-torture/execute/ieee/fp-cmp-4.c compilation, -O3 -fomit-frame-pointer
FAIL: gcc.c-torture/execute/ieee/fp-cmp-4.c compilation, -O3 -fomit-frame-pointer -funroll-loops
FAIL: gcc.c-torture/execute/ieee/fp-cmp-4.c compilation, -O3 -fomit-frame-pointer -funroll-all-loops -finline-functions
FAIL: gcc.c-torture/execute/ieee/fp-cmp-4.c compilation, -O3 -g
FAIL: gcc.c-torture/execute/ieee/fp-cmp-4.c compilation, -O3 -fssa
FAIL: gcc.c-torture/execute/ieee/fp-cmp-4.c compilation, -Os
XPASS: gcc.c-torture/execute/memcheck/blkarg.c execution, -O0
XPASS: gcc.c-torture/execute/memcheck/blkarg.c execution, -O1
XPASS: gcc.c-torture/execute/memcheck/blkarg.c execution, -O2
XPASS: gcc.c-torture/execute/memcheck/blkarg.c execution, -Os
FAIL: gcc.c-torture/unsorted/loop386.c, -O3 -g
FAIL: gcc.c-torture/unsorted/memtst.c, -O3 -fomit-frame-pointer
FAIL: gcc.c-torture/unsorted/memtst.c, -O3 -fomit-frame-pointer -funroll-loops
FAIL: gcc.c-torture/unsorted/memtst.c, -O3 -fomit-frame-pointer -funroll-all-loops -finline-functions
FAIL: gcc.c-torture/unsorted/memtst.c, -O3 -g
FAIL: gcc.c-torture/unsorted/memtst.c, -O3 -fssa
FAIL: gcc.c-torture/unsorted/msp.c, -O3 -fomit-frame-pointer
FAIL: gcc.c-torture/unsorted/msp.c, -O3 -g
FAIL: gcc.c-torture/unsorted/msp.c, -O3 -fssa
FAIL: gcc.dg/20000419-2.c (test for excess errors)
FAIL: gcc.dg/c99-array-nonobj-1.c (test for excess errors)
FAIL: gcc.dg/sequence-pt-1.c bogus sequence point warning (test for bogus messages, line 49)
FAIL: alias-1.c
FAIL: wkali-1.c
FAIL: wkali-2b.o
FAIL: linkage.c
=== gcc Summary ===
# of expected passes 14171
# of unexpected failures 78
# of unexpected successes 4
# of expected failures 75
# of unresolved testcases 29
# of unsupported tests 51
/tmp_mnt/n/test/test/build-area/mips-sgi-irix6.3/egcs/gcc/xgcc version 2.97 20001030 (experimental)
=== libg++ tests ===
Running target unix
FAIL: tBitString.cc compilation
FAIL: tFix.cc compilation
FAIL: tInteger.cc compilation
FAIL: tRational.cc compilation
FAIL: tString.cc compilation
=== libg++ Summary ===
# of expected passes 57
# of unexpected failures 5
# of expected failures 10
=== libio tests ===
Running target unix
=== libio Summary ===
# of expected passes 40
=== libstdc++ tests ===
Running target unix
=== libstdc++ Summary ===
# of expected passes 30
=== objc tests ===
Running target unix
FAIL: objc/execute/np-1.m compilation, -O
FAIL: objc/execute/np-2.m compilation, -O
=== objc Summary ===
# of expected passes 44
# of unexpected failures 2
# of untested testcases 2
/tmp_mnt/n/test/test/build-area/mips-sgi-irix6.3/egcs/gcc/xgcc version 2.97 20001030 (experimental)
Compiler version: 2.97 20001030 (experimental)
Platform: mips-sgi-irix6.3
BOOT_CFLAGS: -g -O9 -W -Wall
Counting all warnings,
there are 77 warnings in stage3 of this bootstrap.
Number of warnings per file:
53 /home/lsd/oliva/src/egcs/include/getopt.h
6 /home/lsd/oliva/src/egcs/gcc/gcc.c
5 /home/lsd/oliva/src/egcs/gcc/cp/error.c
4 /home/lsd/oliva/src/egcs/gcc/java/lex.c
3 /home/lsd/oliva/src/egcs/gcc/crtstuff.c
2 /home/lsd/oliva/src/egcs/gcc/libgcc2.c
1 /home/lsd/oliva/src/egcs/gcc/java/jvspec.c
1 /home/lsd/oliva/src/egcs/gcc/f/lang-specs.h
1 /home/lsd/oliva/src/egcs/gcc/cp/search.c
1 /home/lsd/oliva/src/egcs/gcc/cp/errfn.c
Number of warning types:
55 function declaration isn't a prototype
7 string length `???' is greater than the minimum length `???' ISO C89 is required to support
5 initialization from incompatible pointer type
4 passing arg ??? of `???' from incompatible pointer type
3 no previous prototype for `???'
1 value computed is not used
1 unused variable `???'
1 alignment of `???' is greater than maximum object file alignment. Using 8.
Alexandre Oliva Enjoy Guarana', see http://www.ic.unicamp.br/~oliva/
Red Hat GCC Developer aoliva@{cygnus.com, redhat.com}
CS PhD student at IC-Unicamp oliva@{lsd.ic.unicamp.br, gnu.org}
Free Software Evangelist *Please* write to mailing lists, not to me
More information about the Gcc-testresults
mailing list