Results for haifa-enabled 2.96 20000530 (experimental) testsuite on mips-sgi-irix6.5

Billinghurst, David (CRTS) David.Billinghurst@riotinto.com.au
Wed May 31 16:17:00 GMT 2000


with libchill/memmove.c patch
http://gcc.gnu.org/ml/gcc-bugs/2000-05/msg00950.html
Since 200005015 a number of long standing g77 failures with -mabi=64 have
gone.  Remaining g77 failures are common with default abi.


Native configuration is mips-sgi-irix6.5

		=== objc tests ===


Running target unix/-mabi=64

		=== objc Summary ===

# of expected passes		40
/exd4/billingd/obj/egcs-20000530-parallel/gcc/xgcc version 2.96 20000530
(experimental)

		=== gcc tests ===


Running target unix/-mabi=64
FAIL: gcc.c-torture/execute/20000225-1.c execution,  -O2 
FAIL: gcc.c-torture/execute/20000225-1.c execution,  -O3
-fomit-frame-pointer 
FAIL: gcc.c-torture/execute/20000225-1.c execution,  -O3
-fomit-frame-pointer -funroll-loops 
FAIL: gcc.c-torture/execute/20000225-1.c execution,  -O3
-fomit-frame-pointer -funroll-all-loops -finline-functions 
FAIL: gcc.c-torture/execute/20000225-1.c execution,  -O3 -g 
FAIL: gcc.c-torture/execute/20000225-1.c execution,  -O3 -fssa 
FAIL: gcc.c-torture/execute/20000225-1.c execution,  -Os 
FAIL: gcc.c-torture/execute/20000412-2.c execution,  -O2 
FAIL: gcc.c-torture/execute/20000412-2.c execution,  -O3
-fomit-frame-pointer 
FAIL: gcc.c-torture/execute/20000412-2.c execution,  -O3 -g 
FAIL: gcc.c-torture/execute/20000412-2.c execution,  -O3 -fssa 
FAIL: gcc.c-torture/execute/20000412-2.c execution,  -Os 
FAIL: gcc.c-torture/execute/991014-1.c compilation,  -O0 
FAIL: gcc.c-torture/execute/991014-1.c compilation,  -O1 
FAIL: gcc.c-torture/execute/991014-1.c compilation,  -O2 
FAIL: gcc.c-torture/execute/991014-1.c compilation,  -O3
-fomit-frame-pointer 
FAIL: gcc.c-torture/execute/991014-1.c compilation,  -O3 -g 
FAIL: gcc.c-torture/execute/991014-1.c compilation,  -O3 -fssa 
FAIL: gcc.c-torture/execute/991014-1.c compilation,  -Os 
FAIL: gcc.c-torture/execute/divconst-2.c execution,  -O1 
FAIL: gcc.c-torture/execute/divconst-2.c execution,  -O2 
FAIL: gcc.c-torture/execute/divconst-2.c execution,  -Os 
FAIL: gcc.c-torture/execute/va-arg-15.c execution,  -O0 
FAIL: gcc.c-torture/execute/va-arg-15.c execution,  -O1 
FAIL: gcc.c-torture/execute/va-arg-15.c execution,  -O2 
FAIL: gcc.c-torture/execute/va-arg-15.c execution,  -O3 -fomit-frame-pointer

FAIL: gcc.c-torture/execute/va-arg-15.c execution,  -O3 -fomit-frame-pointer
-funroll-loops 
FAIL: gcc.c-torture/execute/va-arg-15.c execution,  -O3 -fomit-frame-pointer
-funroll-all-loops -finline-functions 
FAIL: gcc.c-torture/execute/va-arg-15.c execution,  -O3 -g 
FAIL: gcc.c-torture/execute/va-arg-15.c execution,  -O3 -fssa 
FAIL: gcc.c-torture/execute/va-arg-15.c execution,  -Os 
FAIL: gcc.c-torture/execute/va-arg-16.c execution,  -O0 
FAIL: gcc.c-torture/execute/va-arg-16.c execution,  -O1 
FAIL: gcc.c-torture/execute/va-arg-16.c execution,  -O2 
FAIL: gcc.c-torture/execute/va-arg-16.c execution,  -O3 -fomit-frame-pointer

FAIL: gcc.c-torture/execute/va-arg-16.c execution,  -O3 -g 
FAIL: gcc.c-torture/execute/va-arg-16.c execution,  -O3 -fssa 
FAIL: gcc.c-torture/execute/va-arg-16.c execution,  -Os 
FAIL: gcc.c-torture/execute/va-arg-17.c execution,  -O0 
FAIL: gcc.c-torture/execute/va-arg-17.c execution,  -O1 
FAIL: gcc.c-torture/execute/va-arg-17.c execution,  -O2 
FAIL: gcc.c-torture/execute/va-arg-17.c execution,  -O3 -fomit-frame-pointer

FAIL: gcc.c-torture/execute/va-arg-17.c execution,  -O3 -g 
FAIL: gcc.c-torture/execute/va-arg-17.c execution,  -O3 -fssa 
FAIL: gcc.c-torture/execute/va-arg-17.c execution,  -Os 
FAIL: gcc.c-torture/execute/ieee/20000320-1.c execution,  -O0 
FAIL: gcc.c-torture/execute/ieee/20000320-1.c execution,  -O1 
FAIL: gcc.c-torture/execute/ieee/20000320-1.c execution,  -O2 
FAIL: gcc.c-torture/execute/ieee/20000320-1.c execution,  -O3
-fomit-frame-pointer 
FAIL: gcc.c-torture/execute/ieee/20000320-1.c execution,  -O3 -g 
FAIL: gcc.c-torture/execute/ieee/20000320-1.c execution,  -O3 -fssa 
FAIL: gcc.c-torture/execute/ieee/20000320-1.c execution,  -Os 
FAIL: gcc.c-torture/execute/ieee/fp-cmp-4.c compilation,  -O0 
FAIL: gcc.c-torture/execute/ieee/fp-cmp-4.c compilation,  -O1 
FAIL: gcc.c-torture/execute/ieee/fp-cmp-4.c compilation,  -O2 
FAIL: gcc.c-torture/execute/ieee/fp-cmp-4.c compilation,  -O3
-fomit-frame-pointer 
FAIL: gcc.c-torture/execute/ieee/fp-cmp-4.c compilation,  -O3
-fomit-frame-pointer -funroll-loops 
FAIL: gcc.c-torture/execute/ieee/fp-cmp-4.c compilation,  -O3
-fomit-frame-pointer -funroll-all-loops -finline-functions 
FAIL: gcc.c-torture/execute/ieee/fp-cmp-4.c compilation,  -O3 -g 
FAIL: gcc.c-torture/execute/ieee/fp-cmp-4.c compilation,  -O3 -fssa 
FAIL: gcc.c-torture/execute/ieee/fp-cmp-4.c compilation,  -Os 
XPASS: gcc.c-torture/execute/memcheck/blkarg.c execution,  -O0 
XPASS: gcc.c-torture/execute/memcheck/blkarg.c execution,  -O1 
XPASS: gcc.c-torture/execute/memcheck/blkarg.c execution,  -O2 
XPASS: gcc.c-torture/execute/memcheck/blkarg.c execution,  -Os 
FAIL: gcc.dg/20000419-2.c (test for excess errors)
FAIL: gcc.dg/compare2.c case 10 (test for bogus messages, line 29)
FAIL: gcc.dg/compare2.c case 12 (test for bogus messages, line 33)
FAIL: gcc.dg/dwarf2-1.c (test for excess errors)
FAIL: alias-1.c
FAIL: wkali-1.c
FAIL: wkali-2b.o

		=== gcc Summary ===

# of expected passes		11343
# of unexpected failures	68
# of unexpected successes	4
# of expected failures		30
# of unresolved testcases	16
# of unsupported tests		34
/exd4/billingd/obj/egcs-20000530-parallel/gcc/xgcc version 2.96 20000530
(experimental)

		=== g77 tests ===


Running target unix/-mabi=64
FAIL: g77.f-torture/execute/20000503-1.f execution,  -O0 
FAIL: g77.f-torture/execute/20000503-1.f execution,  -O1 
FAIL: g77.f-torture/execute/20000503-1.f execution,  -O2 
FAIL: g77.f-torture/execute/20000503-1.f execution,  -O2
-fomit-frame-pointer -finline-functions 
FAIL: g77.f-torture/execute/20000503-1.f execution,  -O2
-fomit-frame-pointer -finline-functions -funroll-loops 
FAIL: g77.f-torture/execute/20000503-1.f execution,  -O2
-fomit-frame-pointer -finline-functions -funroll-all-loops 
FAIL: g77.f-torture/execute/20000503-1.f execution,  -O3 -g 
FAIL: g77.f-torture/execute/20000503-1.f execution,  -O3 -fssa 
FAIL: g77.f-torture/execute/20000503-1.f execution,  -Os 
FAIL: g77.f-torture/execute/short.f execution,  -Os 

		=== g77 Summary ===

# of expected passes		948
# of unexpected failures	10
		=== g++ tests ===


Running target unix/-mabi=64
FAIL: g++.dg/special/conpr-1.C execution test
FAIL: g++.dg/special/conpr-2.C execution test
FAIL: g++.dg/special/conpr-3.C execution test
FAIL: g++.dg/special/conpr-3.C execution test
FAIL: g++.ext/initp1.C  Execution test
FAIL: g++.law/refs4.C  Execution test
FAIL: g++.oliva/template7.C caused compiler crash
FAIL: g++.other/crash18.C (test for excess errors)
FAIL: g++.other/mangle2.C name clash (test for errors, line 26)
FAIL: g++.other/mangle2.C name clash (test for errors, line 29)
FAIL: g++.other/mangle2.C name clash (test for errors, line 30)
FAIL: g++.other/mangle2.C name clash (test for errors, line 33)
FAIL: g++.other/mangle2.C name clash (test for errors, line 34)
FAIL: g++.other/mangle2.C name clash (test for errors, line 37)
FAIL: g++.other/mangle2.C name clash (test for errors, line 38)
FAIL: g++.other/mangle2.C name clash (test for errors, line 41)
FAIL: g++.other/mangle2.C name clash (test for errors, line 42)

		=== g++ Summary ===

# of expected passes		5835
# of unexpected failures	17
# of expected failures		97
# of untested testcases		18
/exd4/billingd/obj/egcs-20000530-parallel/gcc/testsuite/../g++ version 2.96
20000530 (experimental)

		=== libstdc++ tests ===


Running target unix/-mabi=64

		=== libstdc++ Summary ===

# of expected passes		30
		=== libio tests ===


Running target unix/-mabi=64

		=== libio Summary ===

# of expected passes		40

Compiler version: haifa-enabled 2.96 20000530 (experimental) 
Platform: mips-sgi-irix6.5
configure flags:
--with-gcc-version-trigger=/exd4/billingd/src/egcs-20000530/gcc/version.c
--host=mips-sgi-irix6.5 --enable-shared --enable-haifa --enable-pthreads
--prefix=/exd4/billingd/tmp/egcs-20000530 --norecursion



More information about the Gcc-testresults mailing list