Results for 2.96 20000524 (experimental) testsuite on i686-unknown-freebsdelf3.4
Loren James Rittle
rittle@latour.rsch.comm.mot.com
Wed May 24 15:06:00 GMT 2000
[Note: configured to use libstdc++-v3, all posted testsuite patches applied.]
Native configuration is i686-unknown-freebsdelf3.4
=== gcc tests ===
Running target unix/-pthread -fpic
FAIL: gcc.c-torture/execute/20000225-1.c execution, -O2
FAIL: gcc.c-torture/execute/20000225-1.c execution, -O3 -fomit-frame-pointer
FAIL: gcc.c-torture/execute/20000225-1.c execution, -O3 -fomit-frame-pointer -funroll-loops
FAIL: gcc.c-torture/execute/20000225-1.c execution, -O3 -fomit-frame-pointer -funroll-all-loops -finline-functions
FAIL: gcc.c-torture/execute/20000225-1.c execution, -O3 -g
FAIL: gcc.c-torture/execute/20000225-1.c execution, -O3 -fssa
FAIL: gcc.c-torture/execute/20000225-1.c execution, -Os
FAIL: gcc.c-torture/execute/20000412-2.c execution, -O2
FAIL: gcc.c-torture/execute/20000412-2.c execution, -O3 -fomit-frame-pointer
FAIL: gcc.c-torture/execute/20000412-2.c execution, -O3 -g
FAIL: gcc.c-torture/execute/20000412-2.c execution, -O3 -fssa
FAIL: gcc.c-torture/execute/20000412-2.c execution, -Os
FAIL: gcc.c-torture/execute/conversion.c execution, -O3 -fomit-frame-pointer
FAIL: gcc.c-torture/execute/conversion.c execution, -O3 -g
FAIL: gcc.c-torture/execute/conversion.c execution, -O3 -fssa
FAIL: gcc.dg/991214-1.c (test for excess errors)
FAIL: gcc.dg/compare2.c case 10 (test for bogus messages, line 29)
FAIL: gcc.dg/compare2.c case 12 (test for bogus messages, line 33)
=== gcc Summary ===
# of expected passes 11410
# of unexpected failures 18
# of expected failures 48
# of unsupported tests 16
/usr/tmp/egcs-freebsdelf3.4/gcc/xgcc version 2.96 20000524 (experimental)
=== g++ tests ===
Running target unix/-pthread -fpic
FAIL: g++.brendan/template9.C (test for excess errors)
FAIL: g++.law/ctors10.C (test for excess errors)
FAIL: g++.law/virtual3.C (test for excess errors)
FAIL: g++.ns/new1.C (test for excess errors)
FAIL: g++.oliva/template7.C caused compiler crash
FAIL: g++.other/null2.C (test for excess errors)
FAIL: g++.robertl/eb124.C (test for excess errors)
FAIL: g++.robertl/eb28.C (test for excess errors)
FAIL: g++.robertl/eb29.C (test for excess errors)
FAIL: g++.robertl/eb44.C (test for excess errors)
XPASS: g++.robertl/eb55.C (test for excess errors)
FAIL: g++.robertl/eb77.C (test for excess errors)
=== g++ Summary ===
# of expected passes 5834
# of unexpected failures 11
# of unexpected successes 1
# of expected failures 96
# of untested testcases 14
/usr/tmp/egcs-freebsdelf3.4/gcc/testsuite/../g++ version 2.96 20000524 (experimental)
=== g77 tests ===
Running target unix/-pthread -fpic
FAIL: g77.f-torture/execute/20000503-1.f execution, -O0
FAIL: g77.f-torture/execute/20000503-1.f execution, -O1
FAIL: g77.f-torture/execute/20000503-1.f execution, -O2
FAIL: g77.f-torture/execute/20000503-1.f execution, -O2 -fomit-frame-pointer -finline-functions
FAIL: g77.f-torture/execute/20000503-1.f execution, -O2 -fomit-frame-pointer -finline-functions -funroll-loops
FAIL: g77.f-torture/execute/20000503-1.f execution, -O2 -fomit-frame-pointer -finline-functions -funroll-all-loops
FAIL: g77.f-torture/execute/20000503-1.f execution, -O3 -g
FAIL: g77.f-torture/execute/20000503-1.f execution, -O3 -fssa
FAIL: g77.f-torture/execute/20000503-1.f execution, -Os
=== g77 Summary ===
# of expected passes 949
# of unexpected failures 9
=== objc tests ===
Running target unix/-pthread -fpic
=== objc Summary ===
# of expected passes 40
/usr/tmp/egcs-freebsdelf3.4/gcc/xgcc version 2.96 20000524 (experimental)
Compiler version: 2.96 20000524 (experimental)
Platform: i686-unknown-freebsdelf3.4
configure flags: --with-gcc-version-trigger=/usr/users/rittle/outside-cvs-src/egcs/gcc/version.c --host=i686-unknown-freebsdelf3.4 --enable-shared --enable-threads=posix --enable-libstdcxx-v3 --prefix=/usr/local/beta-gcc --with-gnu-as --with-as=/usr/local/beta-gcc/bin/as --with-gnu-ld --with-ld=/usr/local/beta-gcc/bin/ld --norecursion
BOOT_CFLAGS=-g -O2
More information about the Gcc-testresults
mailing list