Results for 2.96 20000518 (experimental) testsuite on i586-pc-linux-gnu
Andris Pavenis
andris@hal.astr.lu.lv
Thu May 18 21:55:00 GMT 2000
Source: gcc mainline from CVS (last updated 2000 May 19 03:01 +0200)
System: Linux kernel 2.3.99-pre9-2
glibc-2.1.3
binutils-2.9.5.0.41
Addons: libg++-2.8.1.3-20000419
Native configuration is i586-pc-linux-gnu
=== libio tests ===
Running target unix
=== libio Summary ===
# of expected passes 40
=== libstdc++ tests ===
Running target unix
=== libstdc++ Summary ===
# of expected passes 30
=== libg++ tests ===
Running target unix
=== libg++ Summary ===
# of expected passes 72
=== gcc tests ===
Running target unix
FAIL: gcc.c-torture/execute/20000225-1.c execution, -O2
FAIL: gcc.c-torture/execute/20000225-1.c execution, -O3 -fomit-frame-pointer
FAIL: gcc.c-torture/execute/20000225-1.c execution, -O3 -fomit-frame-pointer -funroll-loops
FAIL: gcc.c-torture/execute/20000225-1.c execution, -O3 -fomit-frame-pointer -funroll-all-loops -finline-functions
FAIL: gcc.c-torture/execute/20000225-1.c execution, -O3 -g
FAIL: gcc.c-torture/execute/20000225-1.c execution, -Os
FAIL: gcc.c-torture/execute/20000412-2.c execution, -O2
FAIL: gcc.c-torture/execute/20000412-2.c execution, -O3 -fomit-frame-pointer
FAIL: gcc.c-torture/execute/20000412-2.c execution, -O3 -g
FAIL: gcc.c-torture/execute/20000412-2.c execution, -Os
FAIL: gcc.c-torture/execute/20000419-1.c execution, -O2
FAIL: gcc.c-torture/execute/20000419-1.c execution, -Os
FAIL: gcc.c-torture/execute/991221-1.c execution, -O1
FAIL: gcc.c-torture/execute/991221-1.c execution, -O2
FAIL: gcc.c-torture/execute/991221-1.c execution, -O3 -fomit-frame-pointer
FAIL: gcc.c-torture/execute/991221-1.c execution, -O3 -g
FAIL: gcc.c-torture/execute/991221-1.c execution, -Os
FAIL: gcc.dg/20000503-1.c (test for excess errors)
FAIL: gcc.dg/991214-1.c (test for excess errors)
FAIL: gcc.dg/compare2.c case 10 (test for bogus messages, line 29)
FAIL: gcc.dg/compare2.c case 12 (test for bogus messages, line 33)
FAIL: gcc.dg/cpp-tradpaste.c (test for excess errors)
FAIL: gcc.dg/noreturn-1.c this function should not get any warnings (test for bogus messages, line 50)
FAIL: gcc.dg/noreturn-1.c detect return from tail call (test for warnings, line 57)
FAIL: gcc.dg/noreturn-2.c (test for excess errors)
=== gcc Summary ===
# of expected passes 9909
# of unexpected failures 25
# of expected failures 31
# of unsupported tests 14
/disk2/cvs/egcs-curr/build/build.lnx/gcc/xgcc version 2.96 20000518 (experimental)
=== g++ tests ===
Running target unix
FAIL: g++.oliva/template7.C caused compiler crash
=== g++ Summary ===
# of expected passes 5854
# of unexpected failures 1
# of expected failures 92
# of untested testcases 8
/disk2/cvs/egcs-curr/build/build.lnx/gcc/testsuite/../g++ version 2.96 20000518 (experimental)
=== g77 tests ===
Running target unix
FAIL: g77.f-torture/compile/20000518.f, -O2
FAIL: g77.f-torture/compile/20000518.f, -O2 -fomit-frame-pointer -finline-functions
FAIL: g77.f-torture/compile/20000518.f, -O2 -fomit-frame-pointer -finline-functions -funroll-loops
FAIL: g77.f-torture/compile/20000518.f, -O2 -fomit-frame-pointer -finline-functions -funroll-all-loops
FAIL: g77.f-torture/compile/20000518.f, -Os
FAIL: g77.f-torture/execute/20000503-1.f execution, -O0
FAIL: g77.f-torture/execute/20000503-1.f execution, -O1
FAIL: g77.f-torture/execute/20000503-1.f execution, -O2
FAIL: g77.f-torture/execute/20000503-1.f execution, -O2 -fomit-frame-pointer -finline-functions
FAIL: g77.f-torture/execute/20000503-1.f execution, -O2 -fomit-frame-pointer -finline-functions -funroll-loops
FAIL: g77.f-torture/execute/20000503-1.f execution, -O2 -fomit-frame-pointer -finline-functions -funroll-all-loops
FAIL: g77.f-torture/execute/20000503-1.f execution, -Os
FAIL: g77.f-torture/execute/short.f execution, -Os
=== g77 Summary ===
# of expected passes 691
# of unexpected failures 13
=== objc tests ===
Running target unix
=== objc Summary ===
# of expected passes 40
/disk2/cvs/egcs-curr/build/build.lnx/gcc/xgcc version 2.96 20000518 (experimental)
Compiler version: 2.96 20000518 (experimental)
Platform: i586-pc-linux-gnu
configure flags: --with-gcc-version-trigger=/disk2/cvs/egcs-curr/build/egcs/gcc/version.c --host=i586-pc-linux-gnu --prefix=/usr --enable-shared --with-gnu-ld --verbose --norecursion
Counting all warnings,
there are 224 warnings in stage3 of this bootstrap.
Number of warnings per file:
90 ../../egcs/gcc/regclass.c
33 ../../egcs/gcc/reload1.c
28 ../../egcs/gcc/combine.c
11 ../../egcs/gcc/simplify-rtx.c
10 ../../egcs/gcc/reg-stack.c
8 ../../egcs/gcc/expr.c
6 ../../egcs/gcc/reload.c
5 ../../egcs/gcc/cse.c
3 ../../egcs/gcc/regrename.c
3 ../../egcs/gcc/cpplex.c
2 ../../egcs/gcc/regmove.c
2 ../../egcs/gcc/ifcvt.c
2 ../../egcs/gcc/function.c
2 ../../egcs/gcc/fold-const.c
2 ../../egcs/gcc/config/i386/i386.c
2 ../../egcs/gcc/calls.c
2 ../../egcs/gcc/alias.c
1 ./parse.y
1 ../../egcs/gcc/loop.c
1 ../../egcs/gcc/gensupport.c
1 ../../egcs/gcc/gcse.c
1 ../../egcs/gcc/final.c
1 ../../egcs/gcc/expmed.c
1 ../../egcs/gcc/dwarfout.c
1 ../../egcs/gcc/diagnostic.c
1 ../../egcs/gcc/bb-reorder.c
1 ../../../egcs/gcc/java/jcf-write.c
1 ../../../egcs/gcc/f/expr.c
1 ../../../egcs/gcc/cp/class.c
1 ../../../egcs/gcc/cp/cfns.h
Number of warning types:
136 signed and unsigned type in conditional expression
61 comparison between signed and unsigned
10 pointer targets in passing arg ??? of `???' differ in signedness
10 `???' might be used uninitialized in this function
2 trigraph ??/ ignored
1 unused parameter `???'
1 type defaults to `int' in declaration of `???'
1 trigraph ??= ignored
1 passing arg ??? of `???' discards qualifiers from pointer target type
1 assignment from incompatible pointer type
More information about the Gcc-testresults
mailing list