Results for 2.96 20000508 (experimental) testsuite on sparc-unknown-linux-gnu
Alexandre Oliva
oliva@lsd.ic.unicamp.br
Tue May 9 21:56:00 GMT 2000
Native configuration is sparc-unknown-linux-gnu
=== binutils tests ===
Running target unix
=== binutils Summary ===
# of expected passes 26
=== g++ tests ===
Running target unix
FAIL: g++.oliva/template7.C caused compiler crash
=== g++ Summary ===
# of expected passes 5830
# of unexpected failures 1
# of expected failures 93
# of untested testcases 17
/n/lsd.tmp/sparc-unknown-linux-gnu/egcs/gcc/testsuite/../g++ version 2.96 20000508 (experimental)
=== g77 tests ===
Running target unix
FAIL: g77.f-torture/execute/20000503-1.f execution, -O0
FAIL: g77.f-torture/execute/20000503-1.f execution, -O1
FAIL: g77.f-torture/execute/20000503-1.f execution, -O2
FAIL: g77.f-torture/execute/20000503-1.f execution, -O2 -fomit-frame-pointer -finline-functions
FAIL: g77.f-torture/execute/20000503-1.f execution, -O2 -fomit-frame-pointer -finline-functions -funroll-loops
FAIL: g77.f-torture/execute/20000503-1.f execution, -O2 -fomit-frame-pointer -finline-functions -funroll-all-loops
FAIL: g77.f-torture/execute/20000503-1.f execution, -Os
FAIL: g77.f-torture/execute/u77-test.f execution, -O0
FAIL: g77.f-torture/execute/u77-test.f execution, -O1
FAIL: g77.f-torture/execute/u77-test.f execution, -O2
FAIL: g77.f-torture/execute/u77-test.f execution, -O2 -fomit-frame-pointer -finline-functions
FAIL: g77.f-torture/execute/u77-test.f execution, -O2 -fomit-frame-pointer -finline-functions -funroll-loops
FAIL: g77.f-torture/execute/u77-test.f execution, -O2 -fomit-frame-pointer -finline-functions -funroll-all-loops
FAIL: g77.f-torture/execute/u77-test.f execution, -Os
=== g77 Summary ===
# of expected passes 669
# of unexpected failures 14
=== gas tests ===
Running target unix
=== gas Summary ===
# of expected passes 77
=== gcc tests ===
Running target unix
FAIL: gcc.c-torture/compile/20000405-3.c, -O0
FAIL: gcc.c-torture/compile/20000405-3.c, -O1
FAIL: gcc.c-torture/compile/20000405-3.c, -O2
FAIL: gcc.c-torture/compile/20000405-3.c, -O3 -fomit-frame-pointer
FAIL: gcc.c-torture/compile/20000405-3.c, -O3 -g
FAIL: gcc.c-torture/compile/20000405-3.c, -Os
FAIL: gcc.c-torture/execute/20000225-1.c execution, -O2
FAIL: gcc.c-torture/execute/20000225-1.c execution, -O3 -fomit-frame-pointer
FAIL: gcc.c-torture/execute/20000225-1.c execution, -O3 -fomit-frame-pointer -funroll-loops
FAIL: gcc.c-torture/execute/20000225-1.c execution, -O3 -fomit-frame-pointer -funroll-all-loops -finline-functions
FAIL: gcc.c-torture/execute/20000225-1.c execution, -O3 -g
FAIL: gcc.c-torture/execute/20000225-1.c execution, -Os
FAIL: gcc.c-torture/execute/20000412-2.c execution, -O2
FAIL: gcc.c-torture/execute/20000412-2.c execution, -O3 -fomit-frame-pointer
FAIL: gcc.c-torture/execute/20000412-2.c execution, -O3 -g
FAIL: gcc.c-torture/execute/20000412-2.c execution, -Os
FAIL: gcc.c-torture/execute/990324-1.c execution, -O3 -fomit-frame-pointer
FAIL: gcc.c-torture/execute/990324-1.c execution, -O3 -g
FAIL: gcc.c-torture/execute/991221-1.c execution, -O1
FAIL: gcc.c-torture/execute/991221-1.c execution, -O2
FAIL: gcc.c-torture/execute/991221-1.c execution, -O3 -fomit-frame-pointer
FAIL: gcc.c-torture/execute/991221-1.c execution, -O3 -g
FAIL: gcc.c-torture/execute/991221-1.c execution, -Os
FAIL: gcc.c-torture/execute/va-arg-20.c execution, -O1
FAIL: gcc.c-torture/execute/va-arg-20.c execution, -O2
FAIL: gcc.c-torture/execute/va-arg-20.c execution, -Os
FAIL: gcc.dg/compare2.c case 10 (test for bogus messages, line 29)
FAIL: gcc.dg/compare2.c case 12 (test for bogus messages, line 33)
FAIL: gcc.dg/cpp-tradpaste.c (test for excess errors)
FAIL: gcc.dg/noreturn-1.c this function should not get any warnings (test for bogus messages, line 50)
FAIL: gcc.dg/noreturn-1.c detect return from tail call (test for warnings, line 57)
FAIL: gcc.dg/noreturn-2.c (test for excess errors)
=== gcc Summary ===
# of expected passes 9820
# of unexpected failures 32
# of expected failures 31
# of unsupported tests 32
/n/lsd.tmp/sparc-unknown-linux-gnu/egcs/gcc/xgcc version 2.96 20000508 (experimental)
=== ld tests ===
Running target unix
=== ld Summary ===
# of expected passes 51
# of unresolved testcases 1
=== libg++ tests ===
Running target unix
=== libg++ Summary ===
# of expected passes 72
=== libio tests ===
Running target unix
=== libio Summary ===
# of expected passes 40
=== libstdc++ tests ===
Running target unix
=== libstdc++ Summary ===
# of expected passes 30
=== objc tests ===
Running target unix
FAIL: objc/execute/bf-1.m compilation, -O
FAIL: objc/execute/bf-10.m compilation, -O
FAIL: objc/execute/bf-11.m compilation, -O
FAIL: objc/execute/bf-12.m compilation, -O
FAIL: objc/execute/bf-13.m compilation, -O
FAIL: objc/execute/bf-14.m compilation, -O
FAIL: objc/execute/bf-15.m compilation, -O
FAIL: objc/execute/bf-16.m compilation, -O
FAIL: objc/execute/bf-17.m compilation, -O
FAIL: objc/execute/bf-18.m compilation, -O
FAIL: objc/execute/bf-19.m compilation, -O
FAIL: objc/execute/bf-2.m compilation, -O
FAIL: objc/execute/bf-20.m compilation, -O
FAIL: objc/execute/bf-3.m compilation, -O
FAIL: objc/execute/bf-4.m compilation, -O
FAIL: objc/execute/bf-5.m compilation, -O
FAIL: objc/execute/bf-6.m compilation, -O
FAIL: objc/execute/bf-7.m compilation, -O
FAIL: objc/execute/bf-8.m compilation, -O
FAIL: objc/execute/bf-9.m compilation, -O
=== objc Summary ===
# of unexpected failures 20
# of untested testcases 20
/n/lsd.tmp/sparc-unknown-linux-gnu/egcs/gcc/xgcc version 2.96 20000508 (experimental)
Compiler version: 2.96 20000508 (experimental)
Platform: sparc-unknown-linux-gnu
BOOT_CFLAGS: -g -O9 -W -Wall
Counting all warnings,
there are 160 warnings in stage3 of this bootstrap.
Number of warnings per file:
27 /home/lsd/oliva/src/egcs/gcc/combine.c
23 /home/lsd/oliva/src/egcs/gcc/genopinit.c
11 /home/lsd/oliva/src/egcs/gcc/simplify-rtx.c
11 /home/lsd/oliva/src/egcs/gcc/expr.c
10 /home/lsd/oliva/src/egcs/libiberty/pexecute.c
7 /home/lsd/oliva/src/egcs/gcc/dwarf2out.c
6 /home/lsd/oliva/src/egcs/gcc/cse.c
5 /home/lsd/oliva/src/egcs/gprof/vax.c
5 /home/lsd/oliva/src/egcs/gprof/tahoe.c
5 /home/lsd/oliva/src/egcs/gprof/i386.c
4 /home/lsd/oliva/src/egcs/libg++/src/AllocRing.cc
4 /home/lsd/oliva/src/egcs/gprof/sparc.c
4 /home/lsd/oliva/src/egcs/gprof/alpha.c
4 /home/lsd/oliva/src/egcs/gcc/config/sparc/sparc.c
3 /home/lsd/oliva/src/egcs/gcc/cpplex.c
2 /home/lsd/oliva/src/egcs/gcc/reload1.c
2 /home/lsd/oliva/src/egcs/gcc/regrename.c
2 /home/lsd/oliva/src/egcs/gcc/regmove.c
2 /home/lsd/oliva/src/egcs/gcc/ifcvt.c
2 /home/lsd/oliva/src/egcs/gcc/genrecog.c
2 /home/lsd/oliva/src/egcs/gcc/function.c
2 /home/lsd/oliva/src/egcs/gcc/fold-const.c
2 /home/lsd/oliva/src/egcs/gcc/calls.c
2 /home/lsd/oliva/src/egcs/gcc/alias.c
1 /home/lsd/oliva/src/egcs/libobjc/encoding.c
1 /home/lsd/oliva/src/egcs/gcc/loop.c
1 /home/lsd/oliva/src/egcs/gcc/java/jcf-write.c
1 /home/lsd/oliva/src/egcs/gcc/gensupport.c
1 /home/lsd/oliva/src/egcs/gcc/gcse.c
1 /home/lsd/oliva/src/egcs/gcc/flow.c
1 /home/lsd/oliva/src/egcs/gcc/f/expr.c
1 /home/lsd/oliva/src/egcs/gcc/expmed.c
1 /home/lsd/oliva/src/egcs/gcc/cp/class.c
1 /home/lsd/oliva/src/egcs/gcc/cp/cfns.h
1 /home/lsd/oliva/src/egcs/gcc/ch/grant.c
1 /home/lsd/oliva/src/egcs/gcc/bb-reorder.c
1 ./parse.y
Number of warning types:
53 comparison between signed and unsigned
23 unknown escape sequence `???'
16 cast from pointer to integer of different size
14 signed and unsigned type in conditional expression
11 `???' might be used uninitialized in this function
10 pointer targets in passing arg ??? of `???' differ in signedness
8 variable `???' might be clobbered by `longjmp' or `vfork'
7 cast to pointer from integer of different size
6 ??? format, ??? arg (arg ???)
4 `???' is not a pointer-to-object type
2 unused variable `???'
2 trigraph ??/ ignored
1 trigraph ??= ignored
1 static declaration for `???' follows non-static
1 assignment from incompatible pointer type
1 assignment discards qualifiers from pointer target type
More information about the Gcc-testresults
mailing list