Results for 2.96 20000501 (experimental) testsuite on i386-unknown-freebsdelf3.4
Alexandre Oliva
oliva@marker.cs.utah.edu
Tue May 9 09:21:00 GMT 2000
Native configuration is i386-unknown-freebsdelf3.4
=== binutils tests ===
Running target unix
FAIL: strip
=== binutils Summary ===
# of expected passes 25
# of unexpected failures 1
=== g++ tests ===
Running target unix
FAIL: g++.oliva/template7.C caused compiler crash
=== g++ Summary ===
# of expected passes 5833
# of unexpected failures 1
# of expected failures 93
# of untested testcases 14
/a/marker/q/oliva/build/plastic/egcs/gcc/testsuite/../g++ version 2.96 20000501 (experimental)
=== g77 tests ===
Running target unix
FAIL: g77.f-torture/execute/19990325-0.f compilation, -O0
FAIL: g77.f-torture/execute/19990325-0.f compilation, -O1
FAIL: g77.f-torture/execute/19990325-0.f compilation, -O2
FAIL: g77.f-torture/execute/19990325-0.f compilation, -O2 -fomit-frame-pointer -finline-functions
FAIL: g77.f-torture/execute/19990325-0.f compilation, -Os
FAIL: g77.f-torture/execute/19990325-1.f compilation, -O0
FAIL: g77.f-torture/execute/19990325-1.f compilation, -O1
FAIL: g77.f-torture/execute/19990325-1.f compilation, -O2
FAIL: g77.f-torture/execute/19990325-1.f compilation, -O2 -fomit-frame-pointer -finline-functions
FAIL: g77.f-torture/execute/19990325-1.f compilation, -Os
FAIL: g77.f-torture/execute/short.f execution, -Os
FAIL: g77.f-torture/execute/u77-test.f execution, -O0
FAIL: g77.f-torture/execute/u77-test.f execution, -O1
FAIL: g77.f-torture/execute/u77-test.f execution, -O2
FAIL: g77.f-torture/execute/u77-test.f execution, -O2 -fomit-frame-pointer -finline-functions
FAIL: g77.f-torture/execute/u77-test.f execution, -O2 -fomit-frame-pointer -finline-functions -funroll-loops
FAIL: g77.f-torture/execute/u77-test.f execution, -O2 -fomit-frame-pointer -finline-functions -funroll-all-loops
FAIL: g77.f-torture/execute/u77-test.f execution, -Os
=== g77 Summary ===
# of expected passes 641
# of unexpected failures 18
# of untested testcases 10
=== gas tests ===
Running target unix
=== gas Summary ===
# of expected passes 69
=== gcc tests ===
Running target unix
FAIL: gcc.c-torture/execute/20000225-1.c execution, -O2
FAIL: gcc.c-torture/execute/20000225-1.c execution, -O3 -fomit-frame-pointer
FAIL: gcc.c-torture/execute/20000225-1.c execution, -O3 -fomit-frame-pointer -funroll-loops
FAIL: gcc.c-torture/execute/20000225-1.c execution, -O3 -fomit-frame-pointer -funroll-all-loops -finline-functions
FAIL: gcc.c-torture/execute/20000225-1.c execution, -O3 -g
FAIL: gcc.c-torture/execute/20000225-1.c execution, -Os
FAIL: gcc.c-torture/execute/20000412-2.c execution, -O2
FAIL: gcc.c-torture/execute/20000412-2.c execution, -O3 -fomit-frame-pointer
FAIL: gcc.c-torture/execute/20000412-2.c execution, -O3 -g
FAIL: gcc.c-torture/execute/20000412-2.c execution, -Os
FAIL: gcc.c-torture/execute/20000419-1.c execution, -O2
FAIL: gcc.c-torture/execute/20000419-1.c execution, -Os
FAIL: gcc.c-torture/execute/991221-1.c execution, -O1
FAIL: gcc.c-torture/execute/991221-1.c execution, -O2
FAIL: gcc.c-torture/execute/991221-1.c execution, -O3 -fomit-frame-pointer
FAIL: gcc.c-torture/execute/991221-1.c execution, -O3 -g
FAIL: gcc.c-torture/execute/991221-1.c execution, -Os
XPASS: gcc.c-torture/execute/ieee/rbug.c execution, -O3 -fomit-frame-pointer
XPASS: gcc.c-torture/execute/ieee/rbug.c execution, -O3 -g
FAIL: gcc.dg/991209-1.c (test for excess errors)
FAIL: gcc.dg/991214-1.c (test for excess errors)
FAIL: gcc.dg/compare2.c case 10 (test for bogus messages, line 29)
FAIL: gcc.dg/compare2.c case 12 (test for bogus messages, line 33)
FAIL: gcc.dg/noreturn-1.c this function should not get any warnings (test for bogus messages, line 50)
FAIL: gcc.dg/noreturn-1.c detect return from tail call (test for warnings, line 57)
FAIL: gcc.dg/special/gcsec-1.c execution test
=== gcc Summary ===
# of expected passes 9820
# of unexpected failures 24
# of unexpected successes 2
# of expected failures 41
# of unsupported tests 13
/a/marker/q/oliva/build/plastic/egcs/gcc/xgcc version 2.96 20000501 (experimental)
=== ld tests ===
Running target unix
FAIL: bootstrap with --static
=== ld Summary ===
# of expected passes 21
# of unexpected failures 1
# of unresolved testcases 1
=== libg++ tests ===
Running target unix
=== libg++ Summary ===
# of expected passes 72
=== libio tests ===
Running target unix
=== libio Summary ===
# of expected passes 40
=== libstdc++ tests ===
Running target unix
=== libstdc++ Summary ===
# of expected passes 30
=== objc tests ===
Running target unix
FAIL: objc/execute/bf-1.m compilation, -O
FAIL: objc/execute/bf-10.m compilation, -O
FAIL: objc/execute/bf-11.m compilation, -O
FAIL: objc/execute/bf-12.m compilation, -O
FAIL: objc/execute/bf-13.m compilation, -O
FAIL: objc/execute/bf-14.m compilation, -O
FAIL: objc/execute/bf-15.m compilation, -O
FAIL: objc/execute/bf-16.m compilation, -O
FAIL: objc/execute/bf-17.m compilation, -O
FAIL: objc/execute/bf-18.m compilation, -O
FAIL: objc/execute/bf-19.m compilation, -O
FAIL: objc/execute/bf-2.m compilation, -O
FAIL: objc/execute/bf-20.m compilation, -O
FAIL: objc/execute/bf-3.m compilation, -O
FAIL: objc/execute/bf-4.m compilation, -O
FAIL: objc/execute/bf-5.m compilation, -O
FAIL: objc/execute/bf-6.m compilation, -O
FAIL: objc/execute/bf-7.m compilation, -O
FAIL: objc/execute/bf-8.m compilation, -O
FAIL: objc/execute/bf-9.m compilation, -O
=== objc Summary ===
# of unexpected failures 20
# of untested testcases 20
/a/marker/q/oliva/build/plastic/egcs/gcc/xgcc version 2.96 20000501 (experimental)
Compiler version: 2.96 20000501 (experimental)
Platform: i386-unknown-freebsdelf3.4
BOOT_CFLAGS: -g -O9 -W -Wall
Counting all warnings,
there are 346 warnings in stage3 of this bootstrap.
Number of warnings per file:
90 /home/css/guest/oliva/src/egcs/gcc/regclass.c
33 /home/css/guest/oliva/src/egcs/gcc/reload1.c
27 /home/css/guest/oliva/src/egcs/gcc/combine.c
20 /home/css/guest/oliva/src/egcs/gcc/f/global.c
10 /home/css/guest/oliva/src/egcs/libiberty/pexecute.c
10 /home/css/guest/oliva/src/egcs/gcc/reg-stack.c
10 /home/css/guest/oliva/src/egcs/gcc/f/storag.c
8 /home/css/guest/oliva/src/egcs/libg++/src/AllocRing.cc
8 /home/css/guest/oliva/src/egcs/gcc/f/lex.c
8 /home/css/guest/oliva/src/egcs/gcc/f/equiv.c
8 /home/css/guest/oliva/src/egcs/gcc/expr.c
6 /home/css/guest/oliva/src/egcs/libiberty/choose-temp.c
6 /home/css/guest/oliva/src/egcs/gcc/reload.c
6 /home/css/guest/oliva/src/egcs/gcc/f/expr.c
5 /home/css/guest/oliva/src/egcs/gcc/diagnostic.c
5 /home/css/guest/oliva/src/egcs/gcc/cse.c
4 /home/css/guest/oliva/src/egcs/librx/rx.c
4 /home/css/guest/oliva/src/egcs/libiberty/getopt.c
4 /home/css/guest/oliva/src/egcs/gcc/f/ste.c
3 cxxmain.c
3 /home/css/guest/oliva/src/egcs/gcc/cpplex.c
3 /home/css/guest/oliva/src/egcs/gcc/cp/pt.c
2 str-ot.j
2 str-1t.j
2 /home/css/guest/oliva/src/egcs/gcc/simplify-rtx.c
2 /home/css/guest/oliva/src/egcs/gcc/regrename.c
2 /home/css/guest/oliva/src/egcs/gcc/regmove.c
2 /home/css/guest/oliva/src/egcs/gcc/predict.c
2 /home/css/guest/oliva/src/egcs/gcc/java/jcf-parse.c
2 /home/css/guest/oliva/src/egcs/gcc/java/expr.c
2 /home/css/guest/oliva/src/egcs/gcc/ifcvt.c
2 /home/css/guest/oliva/src/egcs/gcc/gengenrtl.c
2 /home/css/guest/oliva/src/egcs/gcc/function.c
2 /home/css/guest/oliva/src/egcs/gcc/fold-const.c
2 /home/css/guest/oliva/src/egcs/gcc/f/symbol.c
2 /home/css/guest/oliva/src/egcs/gcc/f/std.c
2 /home/css/guest/oliva/src/egcs/gcc/f/com.c
2 /home/css/guest/oliva/src/egcs/gcc/f/bad.c
2 /home/css/guest/oliva/src/egcs/gcc/cp/decl.c
2 /home/css/guest/oliva/src/egcs/gcc/config/i386/i386.c
2 /home/css/guest/oliva/src/egcs/gcc/calls.c
2 /home/css/guest/oliva/src/egcs/gcc/alias.c
1 str-op.j
1 str-nq.j
1 str-io.j
1 str-fo.j
1 str-2t.j
1 /home/css/guest/oliva/src/egcs/libf2c/libI77/open.c
1 /home/css/guest/oliva/src/egcs/gcc/toplev.c
1 /home/css/guest/oliva/src/egcs/gcc/rtlanal.c
1 /home/css/guest/oliva/src/egcs/gcc/loop.c
1 /home/css/guest/oliva/src/egcs/gcc/java/jvgenmain.c
1 /home/css/guest/oliva/src/egcs/gcc/java/jcf-write.c
1 /home/css/guest/oliva/src/egcs/gcc/java/jcf-io.c
1 /home/css/guest/oliva/src/egcs/gcc/java/javaop.def
1 /home/css/guest/oliva/src/egcs/gcc/gcse.c
1 /home/css/guest/oliva/src/egcs/gcc/gcc.c
1 /home/css/guest/oliva/src/egcs/gcc/expmed.c
1 /home/css/guest/oliva/src/egcs/gcc/emit-rtl.c
1 /home/css/guest/oliva/src/egcs/gcc/cp/class.c
1 /home/css/guest/oliva/src/egcs/gcc/cp/cfns.h
1 /home/css/guest/oliva/src/egcs/gcc/collect2.c
1 /home/css/guest/oliva/src/egcs/gcc/ch/grant.c
1 /home/css/guest/oliva/src/egcs/gcc/ch/decl.c
1 /home/css/guest/oliva/src/egcs/gcc/bb-reorder.c
1 /home/css/guest/oliva/src/egcs/binutils/bucomm.c(.text+0x3b5)
1 ./parse.y
Number of warning types:
136 signed and unsigned type in conditional expression
61 comparison between signed and unsigned
58 Use of ANSI string concatenation
15 `???' might be used uninitialized in this function
14 `long' switch expression not converted to `int' in ANSI C
12 `noreturn' function does return
11 control reaches end of non-void function
8 variable `???' might be clobbered by `longjmp' or `vfork'
7 mktemp() possibly used unsafely; consider using mkstemp()
4 unused parameter `???'
4 type
4 comparison of distinct pointer types lacks a cast
4 `???' is not a pointer-to-object
2 trigraph ??/ ignored
1 unused variable `???'
1 trigraph ??= ignored
1 assignment makes pointer from integer without a cast
1 assignment discards qualifiers from pointer target type
1 `???' declared `static' but never defined
1 ??? format, ??? arg (arg ???)
More information about the Gcc-testresults
mailing list