Results for 2.96 20000501 (experimental) testsuite on mips-sgi-irix6.3
Alexandre Oliva
oliva@lsd.ic.unicamp.br
Tue May 9 07:34:00 GMT 2000
Native configuration is mips-sgi-irix6.3
=== binutils tests ===
Running target unix
=== binutils Summary ===
# of expected passes 2
# of unresolved testcases 2
=== g++ tests ===
Running target unix
FAIL: g++.dg/special/conpr-1.C execution test
FAIL: g++.dg/special/conpr-2.C execution test
FAIL: g++.dg/special/conpr-3.C execution test
FAIL: g++.dg/special/conpr-3.C execution test
FAIL: g++.ext/initp1.C Execution test
FAIL: g++.jason/template31.C caused compiler crash
=== g++ Summary ===
# of expected passes 2768
# of unexpected failures 6
# of expected failures 29
# of untested testcases 8
/tmp/egcs/gcc/testsuite/../g++ version 2.96 20000501 (experimental)
=== gcc tests ===
Running target unix
FAIL: gcc.c-torture/compile/920415-1.c, -O3 -g
FAIL: gcc.c-torture/compile/951116-1.c, -O3 -g
FAIL: gcc.c-torture/execute/20000225-1.c execution, -O2
FAIL: gcc.c-torture/execute/20000225-1.c execution, -O3 -fomit-frame-pointer
FAIL: gcc.c-torture/execute/20000225-1.c execution, -O3 -fomit-frame-pointer -funroll-loops
FAIL: gcc.c-torture/execute/20000225-1.c execution, -O3 -fomit-frame-pointer -funroll-all-loops -finline-functions
FAIL: gcc.c-torture/execute/20000225-1.c execution, -O3 -g
FAIL: gcc.c-torture/execute/20000225-1.c execution, -Os
FAIL: gcc.c-torture/execute/20000412-2.c execution, -O2
FAIL: gcc.c-torture/execute/20000412-2.c execution, -O3 -fomit-frame-pointer
FAIL: gcc.c-torture/execute/20000412-2.c execution, -O3 -g
FAIL: gcc.c-torture/execute/20000412-2.c execution, -Os
FAIL: gcc.c-torture/execute/920415-1.c compilation, -O3 -g
FAIL: gcc.c-torture/execute/920612-2.c compilation, -O3 -g
FAIL: gcc.c-torture/execute/920721-4.c compilation, -O3 -g
FAIL: gcc.c-torture/execute/921017-1.c compilation, -O3 -g
FAIL: gcc.c-torture/execute/931002-1.c compilation, -O3 -g
FAIL: gcc.c-torture/execute/991221-1.c execution, -O1
FAIL: gcc.c-torture/execute/991221-1.c execution, -O2
FAIL: gcc.c-torture/execute/991221-1.c execution, -O3 -fomit-frame-pointer
FAIL: gcc.c-torture/execute/991221-1.c execution, -O3 -g
FAIL: gcc.c-torture/execute/991221-1.c execution, -Os
FAIL: gcc.c-torture/execute/memcpy-bi.c compilation, -O3 -fomit-frame-pointer
FAIL: gcc.c-torture/execute/memcpy-bi.c compilation, -O3 -fomit-frame-pointer -funroll-loops
FAIL: gcc.c-torture/execute/memcpy-bi.c compilation, -O3 -fomit-frame-pointer -funroll-all-loops -finline-functions
FAIL: gcc.c-torture/execute/memcpy-bi.c compilation, -O3 -g
FAIL: gcc.c-torture/execute/va-arg-10.c compilation, -O3 -fomit-frame-pointer -funroll-all-loops -finline-functions
FAIL: gcc.c-torture/execute/va-arg-15.c execution, -O0
FAIL: gcc.c-torture/execute/va-arg-15.c execution, -O1
FAIL: gcc.c-torture/execute/va-arg-15.c execution, -O2
FAIL: gcc.c-torture/execute/va-arg-15.c execution, -O3 -fomit-frame-pointer
FAIL: gcc.c-torture/execute/va-arg-15.c execution, -O3 -fomit-frame-pointer -funroll-loops
FAIL: gcc.c-torture/execute/va-arg-15.c execution, -O3 -fomit-frame-pointer -funroll-all-loops -finline-functions
FAIL: gcc.c-torture/execute/va-arg-15.c execution, -O3 -g
FAIL: gcc.c-torture/execute/va-arg-15.c execution, -Os
FAIL: gcc.c-torture/execute/va-arg-16.c execution, -O0
FAIL: gcc.c-torture/execute/va-arg-16.c execution, -O1
FAIL: gcc.c-torture/execute/va-arg-16.c execution, -O2
FAIL: gcc.c-torture/execute/va-arg-16.c execution, -O3 -fomit-frame-pointer
FAIL: gcc.c-torture/execute/va-arg-16.c execution, -O3 -g
FAIL: gcc.c-torture/execute/va-arg-16.c execution, -Os
FAIL: gcc.c-torture/execute/va-arg-17.c execution, -O0
FAIL: gcc.c-torture/execute/va-arg-17.c execution, -O1
FAIL: gcc.c-torture/execute/va-arg-17.c execution, -O2
FAIL: gcc.c-torture/execute/va-arg-17.c execution, -O3 -fomit-frame-pointer
FAIL: gcc.c-torture/execute/va-arg-17.c execution, -O3 -g
FAIL: gcc.c-torture/execute/va-arg-17.c execution, -Os
FAIL: gcc.c-torture/execute/ieee/fp-cmp-4.c compilation, -O0
FAIL: gcc.c-torture/execute/ieee/fp-cmp-4.c compilation, -O1
FAIL: gcc.c-torture/execute/ieee/fp-cmp-4.c compilation, -O2
FAIL: gcc.c-torture/execute/ieee/fp-cmp-4.c compilation, -O3 -fomit-frame-pointer
FAIL: gcc.c-torture/execute/ieee/fp-cmp-4.c compilation, -O3 -fomit-frame-pointer -funroll-loops
FAIL: gcc.c-torture/execute/ieee/fp-cmp-4.c compilation, -O3 -fomit-frame-pointer -funroll-all-loops -finline-functions
FAIL: gcc.c-torture/execute/ieee/fp-cmp-4.c compilation, -O3 -g
FAIL: gcc.c-torture/execute/ieee/fp-cmp-4.c compilation, -Os
XPASS: gcc.c-torture/execute/memcheck/blkarg.c execution, -O0
XPASS: gcc.c-torture/execute/memcheck/blkarg.c execution, -O1
XPASS: gcc.c-torture/execute/memcheck/blkarg.c execution, -O2
XPASS: gcc.c-torture/execute/memcheck/blkarg.c execution, -Os
FAIL: gcc.dg/20000419-2.c (test for excess errors)
FAIL: gcc.dg/compare2.c case 10 (test for bogus messages, line 29)
FAIL: gcc.dg/compare2.c case 12 (test for bogus messages, line 33)
FAIL: alias-1.c
FAIL: wkali-1.c
FAIL: wkali-2b.o
=== gcc Summary ===
# of expected passes 9737
# of unexpected failures 61
# of unexpected successes 4
# of expected failures 27
# of unresolved testcases 18
# of unsupported tests 33
/tmp/egcs/gcc/xgcc version 2.96 20000501 (experimental)
=== libg++ tests ===
Running target unix
=== libg++ Summary ===
# of expected passes 72
=== libio tests ===
Running target unix
FAIL: tFile.cc compilation
FAIL: tFile.cc compilation -b0
FAIL: tFile.cc compilation -b3
FAIL: tfformat.c compilation
FAIL: tiformat.c compilation
FAIL: tiomisc.cc compilation
=== libio Summary ===
# of expected passes 24
# of unexpected failures 6
# of expected failures 10
=== libstdc++ tests ===
Running target unix
FAIL: tcomplex.cc -O compilation
FAIL: tlist.cc compilation
FAIL: tlist.cc -O compilation
FAIL: tmap.cc compilation
FAIL: tmap.cc -O compilation
FAIL: tstring.cc compilation
FAIL: tstring.cc -O compilation
FAIL: tvector.cc -O compilation
=== libstdc++ Summary ===
# of expected passes 6
# of unexpected failures 8
# of expected failures 16
Compiler version: 2.96 20000501 (experimental)
Platform: mips-sgi-irix6.3
BOOT_CFLAGS: -g -O9 -W -Wall
Counting all warnings,
there are 200 warnings in stage3 of this bootstrap.
Number of warnings per file:
26 /home/lsd/oliva/src/egcs/gcc/combine.c
14 /home/lsd/oliva/src/egcs/gcc/f/global.c
14 /home/lsd/oliva/src/egcs/gcc/config/mips/mips.c
11 /home/lsd/oliva/src/egcs/gcc/expr.c
10 /home/lsd/oliva/src/egcs/gcc/f/storag.c
10 /home/lsd/oliva/src/egcs/gcc/config/mips/mips.md
8 /home/lsd/oliva/src/egcs/libiberty/cplus-dem.c
8 /home/lsd/oliva/src/egcs/gcc/f/lex.c
8 /home/lsd/oliva/src/egcs/gcc/f/equiv.c
6 /home/lsd/oliva/src/egcs/gcc/f/expr.c
6 /home/lsd/oliva/src/egcs/gcc/cse.c
4 cxxmain.c
4 /home/lsd/oliva/src/egcs/librx/rx.c
4 /home/lsd/oliva/src/egcs/libiberty/getopt.c
4 /home/lsd/oliva/src/egcs/libg++/src/AllocRing.cc
4 /home/lsd/oliva/src/egcs/gcc/f/ste.c
3 /home/lsd/oliva/src/egcs/gcc/cpplex.c
3 /home/lsd/oliva/src/egcs/gcc/cp/pt.c
2 str-ot.j
2 str-1t.j
2 /home/lsd/oliva/src/egcs/libiberty/vfork.c
2 /home/lsd/oliva/src/egcs/libiberty/setenv.c
2 /home/lsd/oliva/src/egcs/libiberty/pexecute.c
2 /home/lsd/oliva/src/egcs/gcc/simplify-rtx.c
2 /home/lsd/oliva/src/egcs/gcc/regrename.c
2 /home/lsd/oliva/src/egcs/gcc/regmove.c
2 /home/lsd/oliva/src/egcs/gcc/predict.c
2 /home/lsd/oliva/src/egcs/gcc/ifcvt.c
2 /home/lsd/oliva/src/egcs/gcc/function.c
2 /home/lsd/oliva/src/egcs/gcc/fold-const.c
2 /home/lsd/oliva/src/egcs/gcc/f/symbol.c
2 /home/lsd/oliva/src/egcs/gcc/f/std.c
2 /home/lsd/oliva/src/egcs/gcc/f/com.c
2 /home/lsd/oliva/src/egcs/gcc/f/bad.c
2 /home/lsd/oliva/src/egcs/gcc/calls.c
2 /home/lsd/oliva/src/egcs/gcc/alias.c
1 str-op.j
1 str-nq.j
1 str-io.j
1 str-fo.j
1 str-2t.j
1 /home/lsd/oliva/src/egcs/gcc/rtlanal.c
1 /home/lsd/oliva/src/egcs/gcc/reload1.c
1 /home/lsd/oliva/src/egcs/gcc/loop.c
1 /home/lsd/oliva/src/egcs/gcc/java/jcf-write.c
1 /home/lsd/oliva/src/egcs/gcc/java/javaop.def
1 /home/lsd/oliva/src/egcs/gcc/gcse.c
1 /home/lsd/oliva/src/egcs/gcc/expmed.c
1 /home/lsd/oliva/src/egcs/gcc/dwarf2out.c
1 /home/lsd/oliva/src/egcs/gcc/cp/cfns.h
1 /home/lsd/oliva/src/egcs/gcc/ch/grant.c
1 /home/lsd/oliva/src/egcs/gcc/bb-reorder.c
1 ./parse.y
Number of warning types:
56 comparison between signed and unsigned
52 Use of ANSI string concatenation
17 `???' might be used uninitialized in this function
16 signed and unsigned type in conditional expression
14 `long' switch expression not converted to `int' in ANSI C
12 subscript has type `char'
6 operand 1 missing mode?
4 unused parameter `???'
4 operand 0 missing mode?
4 comparison of distinct pointer types lacks a cast
4 `???' is not a pointer-to-object type
2 trigraph ??/ ignored
2 suggest explicit braces to avoid ambiguous `else'
2 implicit declaration of function `???'
1 unused variable `???'
1 trigraph ??= ignored
1 assignment discards qualifiers from pointer target type
1 `???' declared `static' but never defined
1 ??? format, ??? arg (arg ???)
More information about the Gcc-testresults
mailing list