Results for 2.96 20000501 (experimental) testsuite on alpha-redhat-linux-gnu
Christian Iseli
chris@ludwig-alpha.unil.ch
Mon May 8 00:08:00 GMT 2000
Native configuration is alpha-redhat-linux-gnu
=== libio tests ===
Running target unix
=== libio Summary ===
# of expected passes 40
=== libstdc++ tests ===
Running target unix
=== libstdc++ Summary ===
# of expected passes 30
=== gcc tests ===
Running target unix
FAIL: gcc.c-torture/execute/930529-1.c execution, -O3 -fomit-frame-pointer
FAIL: gcc.c-torture/execute/930529-1.c execution, -O3 -fomit-frame-pointer -funroll-loops
FAIL: gcc.c-torture/execute/930529-1.c execution, -O3 -fomit-frame-pointer -funroll-all-loops -finline-functions
FAIL: gcc.c-torture/execute/930529-1.c execution, -O3 -g
FAIL: gcc.c-torture/execute/990811-1.c execution, -O3 -fomit-frame-pointer
FAIL: gcc.c-torture/execute/990811-1.c execution, -O3 -fomit-frame-pointer -funroll-loops
FAIL: gcc.c-torture/execute/990811-1.c execution, -O3 -fomit-frame-pointer -funroll-all-loops -finline-functions
FAIL: gcc.c-torture/execute/990811-1.c execution, -O3 -g
FAIL: gcc.c-torture/execute/ieee/20000320-1.c execution, -O0
FAIL: gcc.c-torture/execute/ieee/20000320-1.c execution, -O1
FAIL: gcc.c-torture/execute/ieee/20000320-1.c execution, -O2
FAIL: gcc.c-torture/execute/ieee/20000320-1.c execution, -O3 -fomit-frame-pointer
FAIL: gcc.c-torture/execute/ieee/20000320-1.c execution, -O3 -g
FAIL: gcc.c-torture/execute/ieee/20000320-1.c execution, -Os
FAIL: gcc.c-torture/execute/ieee/fp-cmp-2.c execution, -O0
FAIL: gcc.c-torture/execute/ieee/fp-cmp-2.c execution, -O1
FAIL: gcc.c-torture/execute/ieee/fp-cmp-2.c execution, -O2
FAIL: gcc.c-torture/execute/ieee/fp-cmp-2.c execution, -O3 -fomit-frame-pointer
FAIL: gcc.c-torture/execute/ieee/fp-cmp-2.c execution, -O3 -fomit-frame-pointer -funroll-loops
FAIL: gcc.c-torture/execute/ieee/fp-cmp-2.c execution, -O3 -fomit-frame-pointer -funroll-all-loops -finline-functions
FAIL: gcc.c-torture/execute/ieee/fp-cmp-2.c execution, -O3 -g
FAIL: gcc.c-torture/execute/ieee/fp-cmp-2.c execution, -Os
FAIL: gcc.c-torture/execute/ieee/fp-cmp-4.c execution, -O0
FAIL: gcc.c-torture/execute/ieee/fp-cmp-4.c execution, -O1
FAIL: gcc.c-torture/execute/ieee/fp-cmp-4.c execution, -O2
FAIL: gcc.c-torture/execute/ieee/fp-cmp-4.c execution, -O3 -fomit-frame-pointer
FAIL: gcc.c-torture/execute/ieee/fp-cmp-4.c execution, -O3 -fomit-frame-pointer -funroll-loops
FAIL: gcc.c-torture/execute/ieee/fp-cmp-4.c execution, -O3 -fomit-frame-pointer -funroll-all-loops -finline-functions
FAIL: gcc.c-torture/execute/ieee/fp-cmp-4.c execution, -O3 -g
FAIL: gcc.c-torture/execute/ieee/fp-cmp-4.c execution, -Os
FAIL: gcc.c-torture/execute/ieee/mzero2.c execution, -O0
FAIL: gcc.c-torture/execute/ieee/mzero2.c execution, -O1
FAIL: gcc.c-torture/execute/ieee/mzero2.c execution, -O2
FAIL: gcc.c-torture/execute/ieee/mzero2.c execution, -O3 -fomit-frame-pointer
FAIL: gcc.c-torture/execute/ieee/mzero2.c execution, -O3 -g
FAIL: gcc.c-torture/execute/ieee/mzero2.c execution, -Os
XPASS: gcc.c-torture/execute/memcheck/blkarg.c execution, -O0
XPASS: gcc.c-torture/execute/memcheck/blkarg.c execution, -O1
XPASS: gcc.c-torture/execute/memcheck/blkarg.c execution, -O2
XPASS: gcc.c-torture/execute/memcheck/blkarg.c execution, -Os
FAIL: gcc.dg/compare2.c case 10 (test for bogus messages, line 29)
FAIL: gcc.dg/compare2.c case 12 (test for bogus messages, line 33)
FAIL: gcc.dg/noreturn-1.c this function should not get any warnings (test for bogus messages, line 50)
FAIL: gcc.dg/noreturn-1.c detect return from tail call (test for warnings, line 57)
FAIL: gcc.misc-tests/mg.c
=== gcc Summary ===
# of expected passes 9780
# of unexpected failures 41
# of unexpected successes 4
# of expected failures 27
# of unsupported tests 31
/usr/src/redhat/BUILD/obj-alpha-linux/gcc/xgcc version 2.96 20000501 (experimental)
=== g++ tests ===
Running target unix
FAIL: g++.brendan/code-gen2.C (test for excess errors)
FAIL: g++.mike/warn1.C (test for excess errors)
FAIL: g++.oliva/template7.C caused compiler crash
FAIL: g++.pt/local1.C (test for excess errors)
FAIL: g++.pt/local7.C (test for excess errors)
FAIL: g++.pt/spec16.C (test for excess errors)
FAIL: g++.robertl/eb101.C (test for excess errors)
=== g++ Summary ===
# of expected passes 5822
# of unexpected failures 7
# of expected failures 92
# of untested testcases 18
/usr/src/redhat/BUILD/obj-alpha-linux/gcc/testsuite/../g++ version 2.96 20000501 (experimental)
=== g77 tests ===
Running target unix
FAIL: g77.f-torture/execute/19990325-0.f compilation, -O0
FAIL: g77.f-torture/execute/19990325-0.f compilation, -O1
FAIL: g77.f-torture/execute/19990325-0.f compilation, -O2
FAIL: g77.f-torture/execute/19990325-0.f compilation, -O2 -fomit-frame-pointer -finline-functions
FAIL: g77.f-torture/execute/19990325-0.f compilation, -Os
FAIL: g77.f-torture/execute/19990325-1.f compilation, -O0
FAIL: g77.f-torture/execute/19990325-1.f compilation, -O1
FAIL: g77.f-torture/execute/19990325-1.f compilation, -O2
FAIL: g77.f-torture/execute/19990325-1.f compilation, -O2 -fomit-frame-pointer -finline-functions
FAIL: g77.f-torture/execute/19990325-1.f compilation, -Os
FAIL: g77.f-torture/execute/970816-3.f execution, -O0
FAIL: g77.f-torture/execute/970816-3.f execution, -O1
FAIL: g77.f-torture/execute/970816-3.f execution, -O2
FAIL: g77.f-torture/execute/970816-3.f execution, -O2 -fomit-frame-pointer -finline-functions
FAIL: g77.f-torture/execute/970816-3.f execution, -Os
FAIL: g77.f-torture/execute/io0.f execution, -O0
FAIL: g77.f-torture/execute/io0.f execution, -O1
FAIL: g77.f-torture/execute/io0.f execution, -O2
FAIL: g77.f-torture/execute/io0.f execution, -O2 -fomit-frame-pointer -finline-functions
FAIL: g77.f-torture/execute/io0.f execution, -Os
FAIL: g77.f-torture/execute/io1.f execution, -O0
FAIL: g77.f-torture/execute/io1.f execution, -O1
FAIL: g77.f-torture/execute/io1.f execution, -O2
FAIL: g77.f-torture/execute/io1.f execution, -O2 -fomit-frame-pointer -finline-functions
FAIL: g77.f-torture/execute/io1.f execution, -Os
FAIL: g77.f-torture/execute/u77-test.f execution, -O0
FAIL: g77.f-torture/execute/u77-test.f execution, -O1
FAIL: g77.f-torture/execute/u77-test.f execution, -O2
FAIL: g77.f-torture/execute/u77-test.f execution, -O2 -fomit-frame-pointer -finline-functions
FAIL: g77.f-torture/execute/u77-test.f execution, -O2 -fomit-frame-pointer -finline-functions -funroll-loops
FAIL: g77.f-torture/execute/u77-test.f execution, -O2 -fomit-frame-pointer -finline-functions -funroll-all-loops
FAIL: g77.f-torture/execute/u77-test.f execution, -Os
=== g77 Summary ===
# of expected passes 627
# of unexpected failures 32
# of untested testcases 10
=== objc tests ===
Running target unix
FAIL: objc/execute/bf-1.m compilation, -O
FAIL: objc/execute/bf-10.m compilation, -O
FAIL: objc/execute/bf-11.m compilation, -O
FAIL: objc/execute/bf-12.m compilation, -O
FAIL: objc/execute/bf-13.m compilation, -O
FAIL: objc/execute/bf-14.m compilation, -O
FAIL: objc/execute/bf-15.m compilation, -O
FAIL: objc/execute/bf-16.m compilation, -O
FAIL: objc/execute/bf-17.m compilation, -O
FAIL: objc/execute/bf-18.m compilation, -O
FAIL: objc/execute/bf-19.m compilation, -O
FAIL: objc/execute/bf-2.m compilation, -O
FAIL: objc/execute/bf-20.m compilation, -O
FAIL: objc/execute/bf-3.m compilation, -O
FAIL: objc/execute/bf-4.m compilation, -O
FAIL: objc/execute/bf-5.m compilation, -O
FAIL: objc/execute/bf-6.m compilation, -O
FAIL: objc/execute/bf-7.m compilation, -O
FAIL: objc/execute/bf-8.m compilation, -O
FAIL: objc/execute/bf-9.m compilation, -O
=== objc Summary ===
# of unexpected failures 20
# of untested testcases 20
/usr/src/redhat/BUILD/obj-alpha-linux/gcc/xgcc version 2.96 20000501 (experimental)
Compiler version: 2.96 20000501 (experimental)
Platform: alpha-redhat-linux-gnu
configure flags: --with-gcc-version-trigger=/usr/src/redhat/BUILD/gcc/gcc/version.c --host=alpha-redhat-linux --prefix=/usr --enable-shared --enable-threads --norecursion
Counting all warnings,
there are 165 warnings in stage3 of this bootstrap.
Number of warnings per file:
14 ../../../gcc/gcc/f/global.c
10 ../../../gcc/gcc/f/storag.c
8 ../../../gcc/libiberty/pexecute.c
8 ../../../../gcc/libiberty/pexecute.c
8 ../../../gcc/gcc/f/lex.c
8 ../../../gcc/gcc/f/equiv.c
6 ../../../gcc/gcc/f/expr.c
4 ../../../gcc/libiberty/hashtab.c
4 ../../../../gcc/libiberty/hashtab.c
4 ../../../gcc/gcc/f/ste.c
3 ../../../gcc/gcc/cp/pt.c
3 ../../gcc/gcc/cpplex.c
2 str-ot.j
2 str-1t.j
2 ../../../gcc/libobjc/selector.c
2 ../../../../gcc/libobjc/selector.c
2 ../../../gcc/libobjc/objects.c
2 ../../../../gcc/libobjc/objects.c
2 ../../../gcc/libobjc/archive.c
2 ../../../../gcc/libobjc/archive.c
2 ../../../gcc/libiberty/xmemdup.c
2 ../../../../gcc/libiberty/xmemdup.c
2 ../../../gcc/libiberty/sort.c
2 ../../../../gcc/libiberty/sort.c
2 ../../../gcc/libiberty/partition.c
2 ../../../../gcc/libiberty/partition.c
2 ../../../gcc/libchill/waitbuffer.c
2 ../../../../gcc/libchill/waitbuffer.c
2 ../../../gcc/libchill/sendbuffer.c
2 ../../../../gcc/libchill/sendbuffer.c
2 ../../../gcc/libchill/delaycase.c
2 ../../../../gcc/libchill/delaycase.c
2 ../../../gcc/libchill/concatstr.c
2 ../../../../gcc/libchill/concatstr.c
2 ../../gcc/gcc/regrename.c
2 ../../gcc/gcc/predict.c
2 ../../gcc/gcc/ifcvt.c
2 ../../../gcc/gcc/f/symbol.c
2 ../../../gcc/gcc/f/std.c
2 ../../../gcc/gcc/f/com.c
2 ../../../gcc/gcc/f/bad.c
2 ../../gcc/gcc/expr.c
2 ../../gcc/gcc/calls.c
1 str-op.j
1 str-nq.j
1 str-io.j
1 str-fo.j
1 str-2t.j
1 ./parse.y
1 ../../../gcc/libchill/printevent.c
1 ../../../../gcc/libchill/printevent.c
1 ../../../gcc/libchill/printbuffer.c
1 ../../../../gcc/libchill/printbuffer.c
1 ../../../gcc/libchill/memmove.c
1 ../../../../gcc/libchill/memmove.c
1 ../../gcc/gcc/rtlanal.c
1 ../../gcc/gcc/loop.c
1 ../../../gcc/gcc/java/jcf-write.c
1 ../../../gcc/gcc/java/javaop.def
1 ../../gcc/gcc/gcse.c
1 ../../gcc/gcc/gcc.c
1 ../../gcc/gcc/fold-const.c
1 ../../gcc/gcc/final.c
1 ../../../gcc/gcc/cp/cfns.h
1 ../../../gcc/gcc/ch/grant.c
1 ../../gcc/gcc/bb-reorder.c
Number of warning types:
53 Use of ANSI string concatenation
50 type mismatch in implicit declaration for built-in function `???'
16 `???' might be used uninitialized in this function
14 `long' switch expression not converted to `int' in ANSI C
12 variable `???' might be clobbered by `longjmp' or `vfork'
5 comparison between signed and unsigned
4 cast from pointer to integer of different size
3 signed and unsigned type in conditional expression
2 trigraph ??/ ignored
1 unused variable `???'
1 trigraph ??= ignored
1 implicit declaration of function `???'
1 ??? format, ??? arg (arg ???)
1 `???' declared `static' but never defined
1 assignment discards qualifiers from pointer target type
More information about the Gcc-testresults
mailing list