Results for 2.96 20000507 (experimental) testsuite on i586-redhat6-linux-gnu
Manfred Hollstein
manfredh@cygnus.com
Sun May 7 12:01:00 GMT 2000
Compiler version: 2.96 20000507 (experimental)
Platform: i586-redhat6-linux-gnu
Sources: - gcc mainline from CVS last updated at
2000/05/07 11:42:32 +0200
- libg++-2.8.1.3
- libg++-2.8.1.3-20000312.diff.gz
- libg++-2.8.1.3-20000419.diff.gz
Patches: None.
Environment: - autoconf-20000507 via anonymous CVS from
subversions.gnu.org
- automake-20000507 via anonymous CVS from
anoncvs.cygnus.com
- binutils-20000507 via anonymous CVS from
anoncvs.cygnus.com
- dejagnu-19990614
- Red Hat Linux 6.2
+ recommended updates as of today
- Kernel 2.2.14-12 (compiled by "gcc version
egcs-2.91.66 19990314/Linux (egcs-1.1.2 release)")
- glibc-2.1.3-15
- glibc-devel-2.1.3-15
Remarks: None.
configure flags: --with-gcc-version-trigger=/home/gnu/work/GNU/egcs-20000507/gcc/version.c --host=i586-redhat6-linux-gnu --srcdir=../egcs-20000507 --prefix=/opt/gnu --exec-prefix=/opt/gnu/H-ia32-linux --with-gnu-as --with-gnu-ld --enable-shared --enable-version-specific-runtime-libs --enable-java-gc=boehm --enable-fast-character --enable-threads=yes --with-local-prefix=/opt/gnu --enable-nls --verbose --norecursion
BOOT_CC: gcc version 2.95.3 19991030 (prerelease)
BOOT_CFLAGS: -O2 -g $(WARN_CFLAGS)
CFLAGS: -O2 -g
CXXFLAGS: -O2 -g
Native configuration is i586-redhat6-linux-gnu
=== libio tests ===
Running target unix
=== libio Summary ===
# of expected passes 40
=== libstdc++ tests ===
Running target unix
=== libstdc++ Summary ===
# of expected passes 30
=== libg++ tests ===
Running target unix
=== libg++ Summary ===
# of expected passes 72
=== gcc tests ===
Running target unix
FAIL: gcc.c-torture/execute/20000225-1.c execution, -O2
FAIL: gcc.c-torture/execute/20000225-1.c execution, -O3 -fomit-frame-pointer
FAIL: gcc.c-torture/execute/20000225-1.c execution, -O3 -fomit-frame-pointer -funroll-loops
FAIL: gcc.c-torture/execute/20000225-1.c execution, -O3 -fomit-frame-pointer -funroll-all-loops -finline-functions
FAIL: gcc.c-torture/execute/20000225-1.c execution, -O3 -g
FAIL: gcc.c-torture/execute/20000225-1.c execution, -Os
FAIL: gcc.c-torture/execute/20000412-2.c execution, -O2
FAIL: gcc.c-torture/execute/20000412-2.c execution, -O3 -fomit-frame-pointer
FAIL: gcc.c-torture/execute/20000412-2.c execution, -O3 -g
FAIL: gcc.c-torture/execute/20000412-2.c execution, -Os
FAIL: gcc.c-torture/execute/20000419-1.c execution, -O2
FAIL: gcc.c-torture/execute/20000419-1.c execution, -Os
FAIL: gcc.c-torture/execute/991221-1.c execution, -O1
FAIL: gcc.c-torture/execute/991221-1.c execution, -O2
FAIL: gcc.c-torture/execute/991221-1.c execution, -O3 -fomit-frame-pointer
FAIL: gcc.c-torture/execute/991221-1.c execution, -O3 -g
FAIL: gcc.c-torture/execute/991221-1.c execution, -Os
FAIL: gcc.dg/20000503-1.c (test for excess errors)
FAIL: gcc.dg/991214-1.c (test for excess errors)
FAIL: gcc.dg/compare2.c case 10 (test for bogus messages, line 29)
FAIL: gcc.dg/compare2.c case 12 (test for bogus messages, line 33)
FAIL: gcc.dg/cpp-tradpaste.c (test for excess errors)
FAIL: gcc.dg/noreturn-1.c this function should not get any warnings (test for bogus messages, line 50)
FAIL: gcc.dg/noreturn-1.c detect return from tail call (test for warnings, line 57)
FAIL: gcc.dg/noreturn-2.c (test for excess errors)
=== gcc Summary ===
# of expected passes 9860
# of unexpected failures 25
# of expected failures 31
# of unsupported tests 14
/home/gnu/work/GNU/egcs-20000507-i586-redhat6-linux-gnu/gcc/xgcc version 2.96 20000507 (experimental)
=== g++ tests ===
Running target unix
FAIL: g++.oliva/template7.C caused compiler crash
=== g++ Summary ===
# of expected passes 5795
# of unexpected failures 1
# of expected failures 93
# of untested testcases 7
/home/gnu/work/GNU/egcs-20000507-i586-redhat6-linux-gnu/gcc/testsuite/../g++ version 2.96 20000507 (experimental)
=== g77 tests ===
Running target unix
FAIL: g77.f-torture/execute/20000503-1.f execution, -O0
FAIL: g77.f-torture/execute/20000503-1.f execution, -O1
FAIL: g77.f-torture/execute/20000503-1.f execution, -O2
FAIL: g77.f-torture/execute/20000503-1.f execution, -O2 -fomit-frame-pointer -finline-functions
FAIL: g77.f-torture/execute/20000503-1.f execution, -O2 -fomit-frame-pointer -finline-functions -funroll-loops
FAIL: g77.f-torture/execute/20000503-1.f execution, -O2 -fomit-frame-pointer -finline-functions -funroll-all-loops
FAIL: g77.f-torture/execute/20000503-1.f execution, -Os
FAIL: g77.f-torture/execute/short.f execution, -Os
=== g77 Summary ===
# of expected passes 675
# of unexpected failures 8
=== objc tests ===
Running target unix
FAIL: objc/execute/bf-1.m compilation, -O
FAIL: objc/execute/bf-10.m compilation, -O
FAIL: objc/execute/bf-11.m compilation, -O
FAIL: objc/execute/bf-12.m compilation, -O
FAIL: objc/execute/bf-13.m compilation, -O
FAIL: objc/execute/bf-14.m compilation, -O
FAIL: objc/execute/bf-15.m compilation, -O
FAIL: objc/execute/bf-16.m compilation, -O
FAIL: objc/execute/bf-17.m compilation, -O
FAIL: objc/execute/bf-18.m compilation, -O
FAIL: objc/execute/bf-19.m compilation, -O
FAIL: objc/execute/bf-2.m compilation, -O
FAIL: objc/execute/bf-20.m compilation, -O
FAIL: objc/execute/bf-3.m compilation, -O
FAIL: objc/execute/bf-4.m compilation, -O
FAIL: objc/execute/bf-5.m compilation, -O
FAIL: objc/execute/bf-6.m compilation, -O
FAIL: objc/execute/bf-7.m compilation, -O
FAIL: objc/execute/bf-8.m compilation, -O
FAIL: objc/execute/bf-9.m compilation, -O
=== objc Summary ===
# of unexpected failures 20
# of untested testcases 20
/home/gnu/work/GNU/egcs-20000507-i586-redhat6-linux-gnu/gcc/xgcc version 2.96 20000507 (experimental)
Counting all warnings,
there are 261 warnings in stage3 of this bootstrap.
Number of warnings per file:
90 ../../egcs-20000507/gcc/regclass.c
33 ../../egcs-20000507/gcc/reload1.c
28 ../../egcs-20000507/gcc/combine.c
23 ../../egcs-20000507/gcc/genopinit.c
11 ../../egcs-20000507/gcc/simplify-rtx.c
10 ../../egcs-20000507/gcc/reg-stack.c
10 ../../../egcs-20000507/libiberty/pexecute.c
8 ../../egcs-20000507/gcc/expr.c
6 ../../egcs-20000507/gcc/reload.c
5 ../../egcs-20000507/gcc/cse.c
4 ../../../../egcs-20000507/libg++/src/AllocRing.cc
3 ../../egcs-20000507/gcc/cpplex.c
2 cc1plus
2 ../../egcs-20000507/gcc/regrename.c
2 ../../egcs-20000507/gcc/regmove.c
2 ../../egcs-20000507/gcc/ifcvt.c
2 ../../egcs-20000507/gcc/genrecog.c
2 ../../egcs-20000507/gcc/function.c
2 ../../egcs-20000507/gcc/fold-const.c
2 ../../egcs-20000507/gcc/config/i386/i386.c
2 ../../egcs-20000507/gcc/calls.c
2 ../../egcs-20000507/gcc/alias.c
1 ./parse.y
1 ../../egcs-20000507/gcc/loop.c
1 ../../egcs-20000507/gcc/gcse.c
1 ../../egcs-20000507/gcc/expmed.c
1 ../../egcs-20000507/gcc/bb-reorder.c
1 ../../../egcs-20000507/gcc/java/jcf-write.c
1 ../../../egcs-20000507/gcc/f/expr.c
1 ../../../egcs-20000507/gcc/cp/class.c
1 ../../../egcs-20000507/gcc/cp/cfns.h
1 ../../../egcs-20000507/gcc/ch/grant.c
Number of warning types:
136 signed and unsigned type in conditional expression
61 comparison between signed and unsigned
23 unknown escape sequence `???'
11 `???' might be used uninitialized in this function
10 pointer targets in passing arg ??? of `???' differ in signedness
8 variable `???' might be clobbered by `longjmp' or `vfork'
4 `???' is not a pointer-to-object type
2 unused variable `???'
2 trigraph ??/ ignored
2 -fthis-is-variable is no longer supported
1 trigraph ??= ignored
1 assignment discards qualifiers from pointer target type
More information about the Gcc-testresults
mailing list